{"id":617,"date":"2013-10-14T14:17:35","date_gmt":"2013-10-14T14:17:35","guid":{"rendered":"https:\/\/www.ablakkarter.hu\/nyilaszaro-szallitasi-es-tarolasi-utasitas\/"},"modified":"2021-12-13T15:34:04","modified_gmt":"2021-12-13T15:34:04","slug":"nyilaszaro-szallitasi-es-tarolasi-utasitas","status":"publish","type":"page","link":"https:\/\/www.ablakkarter.hu\/?page_id=617","title":{"rendered":"Ny\u00edl\u00e1sz\u00e1r\u00f3 sz\u00e1ll\u00edt\u00e1si \u00e9s t\u00e1rol\u00e1si utas\u00edt\u00e1s"},"content":{"rendered":"<p style=\"text-align: center;\">\n<ul>\n<li><span style=\"font-size: 14px;\"><span style=\"font-family: verdana,geneva,sans-serif;\">A Karter Ablak Kft. ablak \u00e9s ajt\u00f3 szerkezetei, valamint kieg\u00e9sz\u00edt\u0151 profil elemei v\u00e9d\u0151f\u00f3li\u00e1val bevonva ker\u00fclnek forgalomba.<\/span><\/span><\/li>\n<li><span style=\"font-size: 14px;\"><span style=\"font-family: verdana,geneva,sans-serif;\">A term\u00e9kek sz\u00e1ll\u00edt\u00e1sa minden esetben f\u00fcgg\u0151leges helyzetben \u00e1ll\u00edtva t\u00f6rt\u00e9njen!<\/span><\/span><\/li>\n<li><span style=\"font-size: 14px;\"><span style=\"font-family: verdana,geneva,sans-serif;\">A sz\u00e1ll\u00edt\u00e1si s\u00e9r\u00fcl\u00e9sek elker\u00fcl\u00e9se \u00e9rdek\u00e9ben a ny\u00edl\u00e1sz\u00e1r\u00f3kat minden esetben z\u00e1r\u00f3 profillal szerelj\u00fck fel. A megrendel\u00e9sn\u00e9l a z\u00e1r\u00f3 profil vagy m\u00e1s n\u00e9ven p\u00e1rk\u00e1nyfogad\u00f3 k\u00e9rhet\u0151 m\u00e9reten bel\u00fcl \u00e9s m\u00e9reten fel\u00fcl is!<\/span><\/span><\/li>\n<li><span style=\"font-size: 14px;\"><span style=\"font-family: verdana,geneva,sans-serif;\">A ny\u00edl\u00e1sz\u00e1r\u00f3kat \u00f3vjuk az eld\u0151l\u00e9st\u0151l \u00e9s az egy\u00e9b mechanikai s\u00e9r\u00fcl\u00e9sekt\u0151l.<\/span><\/span><\/li>\n<li><span style=\"font-size: 14px;\"><span style=\"font-family: verdana,geneva,sans-serif;\">A be\u00e9p\u00edt\u00e9s megkezd\u00e9s\u00e9ig a term\u00e9keket fedett, k\u00f6zvetlen napsug\u00e1rz\u00e1st\u00f3l v\u00e9dett helyen, kalod\u00e1kban f\u00fcgg\u0151leges \u00e1ll\u00edtva t\u00e1roljuk.<\/span><\/span><\/li>\n<\/ul>\n","protected":false},"excerpt":{"rendered":"<p style=\"text-align: center;\"><img decoding=\"async\" alt=\"\" src=\"http:\/\/www.ablakkarter.hu\/sites\/default\/files\/dok\/ablakkarter.jpg\" style=\"width: 250px; height: 227px;\" \/><\/p>\n<ul>\n<li><span style=\"font-size:14px;\"><span style=\"font-family: verdana,geneva,sans-serif;\">A Karter Ablak Kft ablak \u00e9s ajt\u00f3 szerkezetei, valamint kieg\u00e9sz\u00edt\u0151 profil elemei v\u00e9d\u0151f\u00f3li\u00e1val bevonva ker\u00fclnek forgalomba.<\/span><\/span><\/li>\n<li><span style=\"font-size:14px;\"><span style=\"font-family: verdana,geneva,sans-serif;\">A term\u00e9kek sz\u00e1ll\u00edt\u00e1sa minden esetben f\u00fcgg\u0151leges helyzetben \u00e1ll\u00edtva t\u00f6rt\u00e9njen!<\/span><\/span><\/li>\n<li><span style=\"font-size:14px;\"><span style=\"font-family: verdana,geneva,sans-serif;\">A sz\u00e1ll\u00edt\u00e1si s\u00e9r\u00fcl\u00e9sek elker\u00fcl\u00e9se \u00e9rdek\u00e9ben a ny\u00edl\u00e1sz\u00e1r\u00f3kat minden esetben z\u00e1r\u00f3 profillal szerelj\u00fck fel. A megrendel\u00e9sn\u00e9l a z\u00e1r\u00f3 profil vagy m\u00e1s n\u00e9ven p\u00e1rk\u00e1nyfogad\u00f3 k\u00e9rhet\u0151 m\u00e9reten bel\u00fcl \u00e9s m\u00e9reten fel\u00fcl is!<\/span><\/span><\/li>\n<li><span style=\"font-size:14px;\"><span style=\"font-family: verdana,geneva,sans-serif;\">A ny\u00edl\u00e1sz\u00e1r\u00f3kat \u00f3vjuk az eld\u0151l\u00e9st\u0151l \u00e9s az egy\u00e9b mechanikai s\u00e9r\u00fcl\u00e9sekt\u0151l.<\/span><\/span><\/li>\n<li><span style=\"font-size:14px;\"><span style=\"font-family: verdana,geneva,sans-serif;\">A be\u00e9p\u00edt\u00e9s megkezd\u00e9s\u00e9ig a term\u00e9keket fedett, k\u00f6zvetlen napsug\u00e1rz\u00e1st\u00f3l v\u00e9dett helyen, kalod\u00e1kban f\u00fcgg\u0151leges \u00e1ll\u00edtva t\u00e1roljuk.<\/span><\/span><\/li>\n<\/ul>\n","protected":false},"author":1,"featured_media":1120,"parent":0,"menu_order":0,"comment_status":"closed","ping_status":"closed","template":"","meta":{"footnotes":""},"class_list":["post-617","page","type-page","status-publish","has-post-thumbnail","hentry"],"_links":{"self":[{"href":"https:\/\/www.ablakkarter.hu\/index.php?rest_route=\/wp\/v2\/pages\/617","targetHints":{"allow":["GET"]}}],"collection":[{"href":"https:\/\/www.ablakkarter.hu\/index.php?rest_route=\/wp\/v2\/pages"}],"about":[{"href":"https:\/\/www.ablakkarter.hu\/index.php?rest_route=\/wp\/v2\/types\/page"}],"author":[{"embeddable":true,"href":"https:\/\/www.ablakkarter.hu\/index.php?rest_route=\/wp\/v2\/users\/1"}],"replies":[{"embeddable":true,"href":"https:\/\/www.ablakkarter.hu\/index.php?rest_route=%2Fwp%2Fv2%2Fcomments&post=617"}],"version-history":[{"count":2,"href":"https:\/\/www.ablakkarter.hu\/index.php?rest_route=\/wp\/v2\/pages\/617\/revisions"}],"predecessor-version":[{"id":1197,"href":"https:\/\/www.ablakkarter.hu\/index.php?rest_route=\/wp\/v2\/pages\/617\/revisions\/1197"}],"wp:featuredmedia":[{"embeddable":true,"href":"https:\/\/www.ablakkarter.hu\/index.php?rest_route=\/wp\/v2\/media\/1120"}],"wp:attachment":[{"href":"https:\/\/www.ablakkarter.hu\/index.php?rest_route=%2Fwp%2Fv2%2Fmedia&parent=617"}],"curies":[{"name":"wp","href":"https:\/\/api.w.org\/{rel}","templated":true}]}}