{"id":610,"date":"2013-10-14T12:48:11","date_gmt":"2013-10-14T12:48:11","guid":{"rendered":"https:\/\/www.ablakkarter.hu\/dokumentumok\/"},"modified":"2026-03-09T10:04:57","modified_gmt":"2026-03-09T10:04:57","slug":"dokumentumok","status":"publish","type":"page","link":"https:\/\/www.ablakkarter.hu\/?page_id=610","title":{"rendered":"Dokumentumok"},"content":{"rendered":"<h2><a href=\"\/nyilaszaro-kezelesi-es-karbantartasi-utasitas\"><span style=\"color: #ffff00;\"><span style=\"font-size: 14px;\"><span style=\"font-family: verdana,geneva,sans-serif;\"><span style=\"color: #000000;\">Ny\u00edl\u00e1sz\u00e1r\u00f3 kezel\u00e9si \u00e9s karbantart\u00e1si utas\u00edt\u00e1s<\/span><\/span><\/span><\/span><\/a><\/h2>\n<h2><a href=\"\/nyilaszaro-szallitasi-es-tarolasi-utasitas\"><span style=\"color: #ffff00;\"><span style=\"font-size: 14px;\"><span style=\"font-family: verdana,geneva,sans-serif;\"><span style=\"color: #000000;\">Ny\u00edl\u00e1sz\u00e1r\u00f3 sz\u00e1ll\u00edt\u00e1si \u00e9s t\u00e1rol\u00e1si utas\u00edt\u00e1s<\/span><\/span><\/span><\/span><\/a><\/h2>\n<h2><span style=\"color: #000000;\"><a style=\"color: #000000;\" href=\"\/szabvanymeretu-ablakok\"><span style=\"font-size: 14px;\"><span style=\"font-family: verdana,geneva,sans-serif;\">Szabv\u00e1nym\u00e9ret\u0171 ablakok<\/span><\/span><\/a><\/span><\/h2>\n<h2><span style=\"color: #000000;\"><a style=\"color: #000000;\" href=\"\/penzmegtakaritas-ablakcserevel\"><span style=\"font-size: 14px;\"><span style=\"font-family: verdana,geneva,sans-serif;\">P\u00e9nzmegtakar\u00edt\u00e1s ablakcser\u00e9vel<\/span><\/span><\/a><\/span><\/h2>\n<h2><a href=\"\/muanyag-ablakok-elonyei\"><span style=\"color: #ffff00;\"><span style=\"font-size: 14px;\"><span style=\"font-family: verdana,geneva,sans-serif;\"><span style=\"color: #000000;\">A m\u0171anyag ablakok el\u0151nyei<\/span><\/span><\/span><\/span><\/a><\/h2>\n<h2><a href=\"\/ablakcsere-gyakorlatban\"><span style=\"color: #ffff00;\"><span style=\"font-size: 14px;\"><span style=\"font-family: verdana,geneva,sans-serif;\"><span style=\"color: #000000;\">Ablakcsere a gyakorlatban<\/span><\/span><\/span><\/span><\/a><\/h2>\n<h2><a href=\"\/ablakpakany-vasarlas\"><span style=\"color: #ffff00;\"><span style=\"font-size: 14px;\"><span style=\"font-family: verdana,geneva,sans-serif;\"><span style=\"color: #000000;\">Ablakp\u00e1rk\u00e1ny v\u00e1s\u00e1rl\u00e1s<\/span><\/span><\/span><\/span><\/a><\/h2>\n<h2><span style=\"color: #000000;\"><span style=\"font-size: 14px;\"><span style=\"font-family: verdana,geneva,sans-serif;\"><a style=\"color: #000000;\" href=\"\/feluletkezelt-fa-ajtok-fa-ablakok-es-paralecsapodas\">Fel\u00fcletkezelt fa ajt\u00f3, fa ablak \u00e9s a p\u00e1ralecsap\u00f3d\u00e1s<\/a><\/span><\/span><\/span><\/h2>\n<h2><a href=\"\/karter-ablak-kft-altalanos-szerzodesi-feltetelek\"><span style=\"color: #ffff00;\"><span style=\"font-size: 14px;\"><span style=\"font-family: verdana,geneva,sans-serif;\"><span style=\"color: #000000;\">Karter Ablak Kft &#8211; \u00c1ltal\u00e1nos Szerz\u0151d\u00e9si Felt\u00e9telek<\/span><\/span><\/span><\/span><\/a><\/h2>\n<h2><span style=\"color: #000000;\"><a style=\"color: #000000;\" href=\"\/pvc-takaroprofil\"><span style=\"font-size: 14px;\"><span style=\"font-family: verdana,geneva,sans-serif;\">PVC takar\u00f3profil<\/span><\/span><\/a><\/span><\/h2>\n<p>\u00a0<\/p>\n\n\n<p><\/p>\n","protected":false},"excerpt":{"rendered":"<p><strong><a href=\"\/nyilaszaro-kezelesi-es-karbantartasi-utasitas\"><span style=\"color:#ffff00;\"><span style=\"font-size: 14px;\"><span style=\"font-family: verdana,geneva,sans-serif;\">Ny\u00edl\u00e1sz\u00e1r\u00f3 kezel\u00e9si \u00e9s karbantart\u00e1si utas\u00edt\u00e1s<\/span><\/span><\/span><\/a><\/strong><\/p>\n<p><strong><a href=\"\/nyilaszaro-szallitasi-es-tarolasi-utasitas\"><span style=\"color:#ffff00;\"><span style=\"font-size: 14px;\"><span style=\"font-family: verdana,geneva,sans-serif;\">Ny\u00edl\u00e1sz\u00e1r\u00f3 sz\u00e1ll\u00edt\u00e1si \u00e9s t\u00e1rol\u00e1si utas\u00edt\u00e1s<\/span><\/span><\/span><\/a><\/strong><\/p>\n<p><strong><a href=\"\/szabvanymeretu-ablakok\"><span style=\"color:#ffff00;\"><span style=\"font-size: 14px;\"><span style=\"font-family: verdana,geneva,sans-serif;\">Szabv\u00e1nym\u00e9ret\u0171 ablakok<\/span><\/span><\/span><\/a><\/strong><\/p>\n<p><strong><a href=\"\/penzmegtakaritas-ablakcserevel\"><span style=\"color:#ffff00;\"><span style=\"font-size: 14px;\"><span style=\"font-family: verdana,geneva,sans-serif;\">P\u00e9nzmegtakar\u00edt\u00e1s ablakcser\u00e9vel<\/span><\/span><\/span><\/a><\/strong><\/p>\n<p><strong><a href=\"\/muanyag-ablakok-elonyei\"><span style=\"color:#ffff00;\"><span style=\"font-size: 14px;\"><span style=\"font-family: verdana,geneva,sans-serif;\">A m\u0171anyag ablakok el\u0151nyei<\/span><\/span><\/span><\/a><\/strong><\/p>\n<p><strong><a href=\"\/ablakcsere-gyakorlatban\"><span style=\"color:#ffff00;\"><span style=\"font-size: 14px;\"><span style=\"font-family: verdana,geneva,sans-serif;\">Ablakcsere a gyakorlatban<\/span><\/span><\/span><\/a><\/strong><\/p>\n<p><strong><a href=\"\/ablakpakany-vasarlas\"><span style=\"color:#ffff00;\"><span style=\"font-size: 14px;\"><span style=\"font-family: verdana,geneva,sans-serif;\">Ablakp\u00e1rk\u00e1ny v\u00e1s\u00e1rl\u00e1s<\/span><\/span><\/span><\/a><\/strong><\/p>\n<p><strong><span style=\"font-size:14px;\"><span style=\"font-family: verdana,geneva,sans-serif;\"><a href=\"\/feluletkezelt-fa-ajtok-fa-ablakok-es-paralecsapodas\"><span style=\"color:#ffff00;\">Fel\u00fcletkezelt fa ajt\u00f3, fa ablak \u00e9s a p\u00e1ralecsap\u00f3d\u00e1s<\/span><\/a><\/span><\/span><\/strong><\/p>\n<p><strong><a href=\"\/karter-ablak-kft-altalanos-szerzodesi-feltetelek\"><span style=\"color:#ffff00;\"><span style=\"font-size: 14px;\"><span style=\"font-family: verdana,geneva,sans-serif;\">Karter Ablak Kft &#8211; \u00c1ltal\u00e1nos Szerz\u0151d\u00e9si Felt\u00e9telek<\/span><\/span><\/span><\/a><\/strong><\/p>\n<p><strong><a href=\"\/pvc-takaroprofil\"><span style=\"color:#ffff00;\"><span style=\"font-size: 14px;\"><span style=\"font-family: verdana,geneva,sans-serif;\">PVC takar\u00f3profil<\/span><\/span><\/span><\/a><\/strong><\/p>\n","protected":false},"author":1,"featured_media":0,"parent":0,"menu_order":0,"comment_status":"closed","ping_status":"closed","template":"","meta":{"footnotes":""},"class_list":["post-610","page","type-page","status-publish","hentry"],"_links":{"self":[{"href":"https:\/\/www.ablakkarter.hu\/index.php?rest_route=\/wp\/v2\/pages\/610","targetHints":{"allow":["GET"]}}],"collection":[{"href":"https:\/\/www.ablakkarter.hu\/index.php?rest_route=\/wp\/v2\/pages"}],"about":[{"href":"https:\/\/www.ablakkarter.hu\/index.php?rest_route=\/wp\/v2\/types\/page"}],"author":[{"embeddable":true,"href":"https:\/\/www.ablakkarter.hu\/index.php?rest_route=\/wp\/v2\/users\/1"}],"replies":[{"embeddable":true,"href":"https:\/\/www.ablakkarter.hu\/index.php?rest_route=%2Fwp%2Fv2%2Fcomments&post=610"}],"version-history":[{"count":3,"href":"https:\/\/www.ablakkarter.hu\/index.php?rest_route=\/wp\/v2\/pages\/610\/revisions"}],"predecessor-version":[{"id":1350,"href":"https:\/\/www.ablakkarter.hu\/index.php?rest_route=\/wp\/v2\/pages\/610\/revisions\/1350"}],"wp:attachment":[{"href":"https:\/\/www.ablakkarter.hu\/index.php?rest_route=%2Fwp%2Fv2%2Fmedia&parent=610"}],"curies":[{"name":"wp","href":"https:\/\/api.w.org\/{rel}","templated":true}]}}