{"id":582,"date":"2013-03-18T13:50:03","date_gmt":"2013-03-18T13:50:03","guid":{"rendered":"https:\/\/www.ablakkarter.hu\/harmonika-ajto-0\/"},"modified":"2026-03-09T10:00:29","modified_gmt":"2026-03-09T10:00:29","slug":"harmonika-ajto-0","status":"publish","type":"page","link":"https:\/\/www.ablakkarter.hu\/?page_id=582","title":{"rendered":"Harmonika ajt\u00f3"},"content":{"rendered":"\n<p><span style=\"font-size:16px;\"><span style=\"font-family: verdana,geneva,sans-serif;\">A h\u0151szigetelt harmonika rendszer\u0171 tol\u00f3ajt\u00f3k teljesen nyithat\u00f3ak an\u00e9lk\u00fcl, hogy a kil\u00e1t\u00e1st \u00e9s a kil\u00e9p\u00e9st b\u00e1rmi is g\u00e1toln\u00e1. Az ajt\u00f3sz\u00e1rnyak harmonikaszer\u0171en oldalra tolhat\u00f3k. <\/span><\/span><\/p>\n\n\n\n<p><span style=\"font-size:16px;\"><span style=\"font-family: verdana,geneva,sans-serif;\">K\u00fcl\u00f6nleges szerkezeti fel\u00e9p\u00edt\u00e9s\u00e9nek k\u00f6sz\u00f6nhet\u0151en ak\u00e1r 6 m\u00e9teres sz\u00e9less\u00e9gben is gy\u00e1rthat\u00f3.<\/span><\/span><\/p>\n\n\n\n<p class=\"has-text-align-center\"><img loading=\"lazy\" decoding=\"async\" class=\" size-full wp-image-581\" alt=\"Harmonika ajt\u00f3\" src=\"https:\/\/www.ablakkarter.hu\/wp-content\/uploads\/2013\/03\/harmonika.jpg\" style=\"width: 554px; height: 260px;\" width=\"554\" height=\"260\" srcset=\"https:\/\/www.ablakkarter.hu\/wp-content\/uploads\/2013\/03\/harmonika.jpg 554w, https:\/\/www.ablakkarter.hu\/wp-content\/uploads\/2013\/03\/harmonika-300x141.jpg 300w\" sizes=\"auto, (max-width: 554px) 100vw, 554px\" \/><br><strong><span style=\"font-size:16px;\"><span style=\"font-family: verdana,geneva,sans-serif;\">A m\u0171anyag harmonika rendszer\u0171 teraszajt\u00f3 \u00e1rakr\u00f3l \u00e9rdekl\u0151dj\u00f6n el\u00e9rhet\u0151s\u00e9geinken!<\/span><\/span><\/strong><\/p>\n\n\n\n<p><\/p>\n","protected":false},"excerpt":{"rendered":"<p><span style=\"font-size:16px;\"><span style=\"font-family: verdana,geneva,sans-serif;\">A h\u0151szigetelt harmonika rendszer\u0171 tol\u00f3ajt\u00f3k teljesen nyithat\u00f3ak an\u00e9lk\u00fcl, hogy a kil\u00e1t\u00e1st \u00e9s a kil\u00e9p\u00e9st b\u00e1rmi is g\u00e1toln\u00e1. Az ajt\u00f3sz\u00e1rnyak harmonikaszer\u0171en oldalra tolhat\u00f3k. <\/span><\/span><\/p>\n<p><span style=\"font-size:16px;\"><span style=\"font-family: verdana,geneva,sans-serif;\">K\u00fcl\u00f6nleges szerkezeti fel\u00e9p\u00edt\u00e9s\u00e9nek k\u00f6sz\u00f6nhet\u0151en ak\u00e1r 6 m\u00e9teres sz\u00e9less\u00e9gben is gy\u00e1rthat\u00f3.<\/span><\/span><\/p>\n<p style=\"text-align: center;\"><img loading=\"lazy\" decoding=\"async\" class=\" size-full wp-image-581\" alt=\"Harmonika ajt\u00f3\" src=\"https:\/\/www.ablakkarter.hu\/wp-content\/uploads\/2013\/03\/harmonika.jpg\" style=\"width: 554px; height: 260px;\" width=\"554\" height=\"260\" srcset=\"https:\/\/www.ablakkarter.hu\/wp-content\/uploads\/2013\/03\/harmonika.jpg 554w, https:\/\/www.ablakkarter.hu\/wp-content\/uploads\/2013\/03\/harmonika-300x141.jpg 300w\" sizes=\"auto, (max-width: 554px) 100vw, 554px\" \/><br \/><strong><span style=\"font-size:16px;\"><span style=\"font-family: verdana,geneva,sans-serif;\">A m\u0171anyag harmonika rendszer\u0171 teraszajt\u00f3 \u00e1rakr\u00f3l \u00e9rdekl\u0151dj\u00f6n el\u00e9rhet\u0151s\u00e9geinken!<\/span><\/span><\/strong><\/p>\n","protected":false},"author":1,"featured_media":581,"parent":0,"menu_order":0,"comment_status":"closed","ping_status":"closed","template":"","meta":{"footnotes":""},"class_list":["post-582","page","type-page","status-publish","has-post-thumbnail","hentry"],"_links":{"self":[{"href":"https:\/\/www.ablakkarter.hu\/index.php?rest_route=\/wp\/v2\/pages\/582","targetHints":{"allow":["GET"]}}],"collection":[{"href":"https:\/\/www.ablakkarter.hu\/index.php?rest_route=\/wp\/v2\/pages"}],"about":[{"href":"https:\/\/www.ablakkarter.hu\/index.php?rest_route=\/wp\/v2\/types\/page"}],"author":[{"embeddable":true,"href":"https:\/\/www.ablakkarter.hu\/index.php?rest_route=\/wp\/v2\/users\/1"}],"replies":[{"embeddable":true,"href":"https:\/\/www.ablakkarter.hu\/index.php?rest_route=%2Fwp%2Fv2%2Fcomments&post=582"}],"version-history":[{"count":1,"href":"https:\/\/www.ablakkarter.hu\/index.php?rest_route=\/wp\/v2\/pages\/582\/revisions"}],"predecessor-version":[{"id":16584,"href":"https:\/\/www.ablakkarter.hu\/index.php?rest_route=\/wp\/v2\/pages\/582\/revisions\/16584"}],"wp:featuredmedia":[{"embeddable":true,"href":"https:\/\/www.ablakkarter.hu\/index.php?rest_route=\/wp\/v2\/media\/581"}],"wp:attachment":[{"href":"https:\/\/www.ablakkarter.hu\/index.php?rest_route=%2Fwp%2Fv2%2Fmedia&parent=582"}],"curies":[{"name":"wp","href":"https:\/\/api.w.org\/{rel}","templated":true}]}}

Harmonika ajtó

<p><span style="font-size:16px;"><span style="font-family: verdana,geneva,sans-serif;">A hőszigetelt harmonika rendszerű tolóajtók teljesen nyithatóak anélkül, hogy a kilátást és a kilépést bármi is gátolná. Az ajtószárnyak harmonikaszerűen oldalra tolhatók. </span></span></p>



<p><span style="font-size:16px;"><span style="font-family: verdana,geneva,sans-serif;">Különleges szerkezeti felépítésének köszönhetően akár 6 méteres szélességben is gyártható.</span></span></p>



<p class="has-text-align-center"><img loading="lazy" decoding="async" class=" size-full wp-image-581" alt="Harmonika ajtó" src="https://www.ablakkarter.hu/wp-content/uploads/2013/03/harmonika.jpg" style="width: 554px; height: 260px;" width="554" height="260" srcset="https://www.ablakkarter.hu/wp-content/uploads/2013/03/harmonika.jpg 554w, https://www.ablakkarter.hu/wp-content/uploads/2013/03/harmonika-300x141.jpg 300w" sizes="auto, (max-width: 554px) 100vw, 554px" /><br><strong><span style="font-size:16px;"><span style="font-family: verdana,geneva,sans-serif;">A műanyag harmonika rendszerű teraszajtó árakról érdeklődjön elérhetőségeinken!</span></span></strong></p>



<p></p>

<p><span style="font-size:16px;"><span style="font-family: verdana,geneva,sans-serif;">A hőszigetelt harmonika rendszerű tolóajtók teljesen nyithatóak anélkül, hogy a kilátást és a kilépést bármi is gátolná. Az ajtószárnyak harmonikaszerűen oldalra tolhatók. </span></span></p>
<p><span style="font-size:16px;"><span style="font-family: verdana,geneva,sans-serif;">Különleges szerkezeti felépítésének köszönhetően akár 6 méteres szélességben is gyártható.</span></span></p>
<p style="text-align: center;"><img loading="lazy" decoding="async" class=" size-full wp-image-581" alt="Harmonika ajtó" src="https://www.ablakkarter.hu/wp-content/uploads/2013/03/harmonika.jpg" style="width: 554px; height: 260px;" width="554" height="260" srcset="https://www.ablakkarter.hu/wp-content/uploads/2013/03/harmonika.jpg 554w, https://www.ablakkarter.hu/wp-content/uploads/2013/03/harmonika-300x141.jpg 300w" sizes="auto, (max-width: 554px) 100vw, 554px" /><br /><strong><span style="font-size:16px;"><span style="font-family: verdana,geneva,sans-serif;">A műanyag harmonika rendszerű teraszajtó árakról érdeklődjön elérhetőségeinken!</span></span></strong></p>
