{"id":535,"date":"2013-02-28T11:32:14","date_gmt":"2013-02-28T11:32:14","guid":{"rendered":"https:\/\/www.ablakkarter.hu\/roletta\/"},"modified":"2021-12-13T15:13:01","modified_gmt":"2021-12-13T15:13:01","slug":"roletta","status":"publish","type":"page","link":"https:\/\/www.ablakkarter.hu\/?page_id=535","title":{"rendered":"Roletta"},"content":{"rendered":"<p style=\"text-align: center;\"><strong><span style=\"font-size: 16px;\"><span style=\"font-family: verdana,geneva,sans-serif;\">Napjaink egyik legmodernebb bels\u0151 \u00e1rny\u00e9kol\u00f3ja!<\/span><\/span><\/strong><\/p>\n<table style=\"width: 760px;\" border=\"1\" cellspacing=\"1\" cellpadding=\"1\">\n<tbody>\n<tr>\n<td><strong><span style=\"font-size: 14px;\"><span style=\"font-family: verdana,geneva,sans-serif;\">A rolett\u00e1k eszt\u00e9tikus megjelen\u00e9st biztos\u00edtanak, emellett v\u00e9denek a betekint\u00e9s \u00e9s a nap k\u00e1ros sug\u00e1rz\u00e1sa ellen is. <\/span><\/span><\/strong><\/p>\n<p><strong><span style=\"font-size: 14px;\"><span style=\"font-family: verdana,geneva,sans-serif;\">Felszerel\u00e9se rendk\u00edv\u00fcl egyszer\u0171. <\/span><\/span><\/strong><\/p>\n<p><strong><span style=\"font-size: 14px;\"><span style=\"font-family: verdana,geneva,sans-serif;\">A roletta rendelhet\u0151 rug\u00f3s tengellyel, illetve gy\u00f6ngyl\u00e1ncos m\u0171k\u00f6dtet\u00e9ssel is.<\/span><\/span><\/strong><\/p>\n<p><strong><span style=\"font-size: 14px;\"><span style=\"font-family: verdana,geneva,sans-serif;\">Anyag\u00e1t tekintve v\u00e1laszthatunk alupigment\u00e1lt\u00a0 f\u00e9nyz\u00e1r\u00f3 rolett\u00e1t \u00e9s f\u00e9ny\u00e1tereszt\u0151 textil rolett\u00e1t.<\/span><\/span><\/strong><\/p>\n<p><strong><span style=\"font-size: 14px;\"><span style=\"font-family: verdana,geneva,sans-serif;\">Az alupigment bevonatos text\u00edlia a h\u0151sugarak jelent\u0151s r\u00e9sz\u00e9t visszaveri.<\/span><\/span><\/strong><\/p>\n<p><strong><span style=\"font-size: 14px;\"><span style=\"font-family: verdana,geneva,sans-serif;\">A roletta tokozott \u00e9s tokozat n\u00e9lk\u00fcli vari\u00e1ci\u00f3ban is megv\u00e1s\u00e1rolhat\u00f3. <\/span><\/span><\/strong><\/p>\n<p><strong><span style=\"font-size: 14px;\"><span style=\"font-family: verdana,geneva,sans-serif;\">Felszerelhet\u0151 f\u00fcgg\u0151leges s\u00edk\u00fa ablakra \u00e9s tet\u0151ablakra egyar\u00e1nt.<\/span><\/span><\/strong><\/td>\n<td>\n<p style=\"text-align: center;\"><img loading=\"lazy\" decoding=\"async\" class=\" size-full wp-image-176\" style=\"width: 306px; height: 284px;\" src=\"https:\/\/www.ablakkarter.hu\/wp-content\/uploads\/2012\/07\/Roletta.png\" alt=\"Roletta\" width=\"306\" height=\"284\" srcset=\"https:\/\/www.ablakkarter.hu\/wp-content\/uploads\/2012\/07\/Roletta.png 306w, https:\/\/www.ablakkarter.hu\/wp-content\/uploads\/2012\/07\/Roletta-300x278.png 300w\" sizes=\"auto, (max-width: 306px) 100vw, 306px\" \/><\/p>\n<\/td>\n<\/tr>\n<\/tbody>\n<\/table>\n<p style=\"text-align: center;\"><span style=\"font-size: 14px;\"><strong><span style=\"font-family: verdana,geneva,sans-serif;\">A rolett\u00e1k \u00f3ri\u00e1si sz\u00ednv\u00e1laszt\u00e9k\u00e1r\u00f3l gy\u0151z\u0151dj\u00f6n meg a Karter Ablak Kft bemutat\u00f3termeiben!<\/span><\/strong><\/span><\/p>\n<p style=\"text-align: center;\"><span style=\"font-size: 14px;\"><strong><span style=\"font-family: verdana,geneva,sans-serif;\">A tokozott roletta \u00e9s a tok n\u00e9lk\u00fcli roletta \u00e1rakr\u00f3l \u00e9rdekl\u0151dj\u00f6n el\u00e9rhet\u0151s\u00e9geinket!<\/span><\/strong><\/span><\/p>\n<table style=\"width: 500px;\" border=\"1\" cellspacing=\"1\" cellpadding=\"1\">\n<tbody>\n<tr>\n<td><img loading=\"lazy\" decoding=\"async\" class=\" size-full wp-image-532\" src=\"https:\/\/www.ablakkarter.hu\/wp-content\/uploads\/2013\/02\/roletta_tok_nelkul.jpg\" alt=\"\" width=\"253\" height=\"168\" srcset=\"https:\/\/www.ablakkarter.hu\/wp-content\/uploads\/2013\/02\/roletta_tok_nelkul.jpg 800w, https:\/\/www.ablakkarter.hu\/wp-content\/uploads\/2013\/02\/roletta_tok_nelkul-600x400.jpg 600w, https:\/\/www.ablakkarter.hu\/wp-content\/uploads\/2013\/02\/roletta_tok_nelkul-300x200.jpg 300w, https:\/\/www.ablakkarter.hu\/wp-content\/uploads\/2013\/02\/roletta_tok_nelkul-768x512.jpg 768w\" sizes=\"auto, (max-width: 253px) 100vw, 253px\" \/><\/td>\n<td><img loading=\"lazy\" decoding=\"async\" class=\" size-full wp-image-110\" src=\"https:\/\/www.ablakkarter.hu\/wp-content\/uploads\/2012\/07\/tokozott_roletta.jpg\" alt=\"\" width=\"256\" height=\"170\" srcset=\"https:\/\/www.ablakkarter.hu\/wp-content\/uploads\/2012\/07\/tokozott_roletta.jpg 605w, https:\/\/www.ablakkarter.hu\/wp-content\/uploads\/2012\/07\/tokozott_roletta-300x200.jpg 300w\" sizes=\"auto, (max-width: 256px) 100vw, 256px\" \/><\/td>\n<td rowspan=\"2\"><img loading=\"lazy\" decoding=\"async\" class=\" size-full wp-image-533\" src=\"https:\/\/www.ablakkarter.hu\/wp-content\/uploads\/2013\/02\/roletta_tetoablakra.jpg\" alt=\"\" width=\"218\" height=\"386\" \/><\/td>\n<\/tr>\n<tr>\n<td style=\"text-align: center;\" colspan=\"2\" rowspan=\"1\"><img loading=\"lazy\" decoding=\"async\" class=\" size-full wp-image-534\" src=\"https:\/\/www.ablakkarter.hu\/wp-content\/uploads\/2013\/02\/roletta_tok_nelkuli.jpg\" alt=\"\" width=\"284\" height=\"175\" \/><\/td>\n<\/tr>\n<\/tbody>\n<\/table>\n<p style=\"text-align: center;\">\n<p style=\"text-align: center;\">\n","protected":false},"excerpt":{"rendered":"<p style=\"text-align: center;\"><strong><span style=\"font-size:16px;\"><span style=\"font-family: verdana,geneva,sans-serif;\">Napjaink egyik legmodernebb bels\u0151 \u00e1rny\u00e9kol\u00f3ja!<\/span><\/span><\/strong><\/p>\n<table border=\"1\" cellpadding=\"1\" cellspacing=\"1\" style=\"width: 760px;\">\n<tbody>\n<tr>\n<td>\n<p><strong><span style=\"font-size:14px;\"><span style=\"font-family: verdana,geneva,sans-serif;\">A rolett\u00e1k eszt\u00e9tikus megjelen\u00e9st biztos\u00edtanak, emellett v\u00e9denek a betekint\u00e9s \u00e9s a nap k\u00e1ros sug\u00e1rz\u00e1sa ellen is. <\/span><\/span><\/strong><\/p>\n<p><strong><span style=\"font-size:14px;\"><span style=\"font-family: verdana,geneva,sans-serif;\">Felszerel\u00e9se rendk\u00edv\u00fcl egyszer\u0171. <\/span><\/span><\/strong><\/p>\n<p><strong><span style=\"font-size:14px;\"><span style=\"font-family: verdana,geneva,sans-serif;\">A roletta rendelhet\u0151 rug\u00f3s tengellyel, illetve gy\u00f6ngyl\u00e1ncos m\u0171k\u00f6dtet\u00e9ssel is.<\/span><\/span><\/strong><\/p>\n<p><strong><span style=\"font-size:14px;\"><span style=\"font-family: verdana,geneva,sans-serif;\">Anyag\u00e1t tekintve v\u00e1laszthatunk alupigment\u00e1lt&nbsp; f\u00e9nyz\u00e1r\u00f3 rolett\u00e1t \u00e9s f\u00e9ny\u00e1tereszt\u0151 textil rolett\u00e1t.<\/span><\/span><\/strong><\/p>\n<p><strong><span style=\"font-size:14px;\"><span style=\"font-family: verdana,geneva,sans-serif;\">Az alupigment bevonatos text\u00edlia a h\u0151sugarak jelent\u0151s r\u00e9sz\u00e9t visszaveri.<\/span><\/span><\/strong><\/p>\n<p><strong><span style=\"font-size:14px;\"><span style=\"font-family: verdana,geneva,sans-serif;\">A roletta tokozott \u00e9s tokozat n\u00e9lk\u00fcli vari\u00e1ci\u00f3ban is megv\u00e1s\u00e1rolhat\u00f3. <\/span><\/span><\/strong><\/p>\n<p><strong><span style=\"font-size:14px;\"><span style=\"font-family: verdana,geneva,sans-serif;\">Felszerelhet\u0151 f\u00fcgg\u0151leges s\u00edk\u00fa ablakra \u00e9s tet\u0151ablakra egyar\u00e1nt.<\/span><\/span><\/strong><\/p>\n<\/td>\n<td>\n<p style=\"text-align: center;\"><img loading=\"lazy\" decoding=\"async\" class=\" size-full wp-image-176\" alt=\"Roletta\" src=\"https:\/\/www.ablakkarter.hu\/wp-content\/uploads\/2012\/07\/Roletta.png\" style=\"width: 306px; height: 284px;\" width=\"306\" height=\"284\" srcset=\"https:\/\/www.ablakkarter.hu\/wp-content\/uploads\/2012\/07\/Roletta.png 306w, https:\/\/www.ablakkarter.hu\/wp-content\/uploads\/2012\/07\/Roletta-300x278.png 300w\" sizes=\"auto, (max-width: 306px) 100vw, 306px\" \/><\/p>\n<\/td>\n<\/tr>\n<\/tbody>\n<\/table>\n<p style=\"text-align: center;\"><span style=\"font-size:14px;\"><strong><span style=\"font-family: verdana,geneva,sans-serif;\">A rolett\u00e1k \u00f3ri\u00e1si sz\u00ednv\u00e1laszt\u00e9k\u00e1r\u00f3l gy\u0151z\u0151dj\u00f6n meg a Karter Ablak Kft bemutat\u00f3termeiben!<\/span><\/strong><\/span><\/p>\n<p style=\"text-align: center;\"><span style=\"font-size:14px;\"><strong><span style=\"font-family: verdana,geneva,sans-serif;\">A tokozott roletta \u00e9s a tok n\u00e9lk\u00fcli roletta \u00e1rakr\u00f3l \u00e9rdekl\u0151dj\u00f6n el\u00e9rhet\u0151s\u00e9geinket!<\/span><\/strong><\/span><\/p>\n<table border=\"1\" cellpadding=\"1\" cellspacing=\"1\" style=\"width: 500px;\">\n<tbody>\n<tr>\n<td><img loading=\"lazy\" decoding=\"async\" class=\" size-full wp-image-532\" alt=\"\" height=\"168\" src=\"https:\/\/www.ablakkarter.hu\/wp-content\/uploads\/2013\/02\/roletta_tok_nelkul.jpg\" width=\"253\" srcset=\"https:\/\/www.ablakkarter.hu\/wp-content\/uploads\/2013\/02\/roletta_tok_nelkul.jpg 800w, https:\/\/www.ablakkarter.hu\/wp-content\/uploads\/2013\/02\/roletta_tok_nelkul-600x400.jpg 600w, https:\/\/www.ablakkarter.hu\/wp-content\/uploads\/2013\/02\/roletta_tok_nelkul-300x200.jpg 300w, https:\/\/www.ablakkarter.hu\/wp-content\/uploads\/2013\/02\/roletta_tok_nelkul-768x512.jpg 768w\" sizes=\"auto, (max-width: 253px) 100vw, 253px\" \/><\/td>\n<td><img loading=\"lazy\" decoding=\"async\" class=\" size-full wp-image-110\" alt=\"\" height=\"170\" src=\"https:\/\/www.ablakkarter.hu\/wp-content\/uploads\/2012\/07\/tokozott_roletta.jpg\" width=\"256\" srcset=\"https:\/\/www.ablakkarter.hu\/wp-content\/uploads\/2012\/07\/tokozott_roletta.jpg 605w, https:\/\/www.ablakkarter.hu\/wp-content\/uploads\/2012\/07\/tokozott_roletta-300x200.jpg 300w\" sizes=\"auto, (max-width: 256px) 100vw, 256px\" \/><\/td>\n<td rowspan=\"2\"><img loading=\"lazy\" decoding=\"async\" class=\" size-full wp-image-533\" alt=\"\" height=\"386\" src=\"https:\/\/www.ablakkarter.hu\/wp-content\/uploads\/2013\/02\/roletta_tetoablakra.jpg\" width=\"218\" \/><\/td>\n<\/tr>\n<tr>\n<td colspan=\"2\" rowspan=\"1\" style=\"text-align: center;\"><img loading=\"lazy\" decoding=\"async\" class=\" size-full wp-image-534\" alt=\"\" height=\"175\" src=\"https:\/\/www.ablakkarter.hu\/wp-content\/uploads\/2013\/02\/roletta_tok_nelkuli.jpg\" width=\"284\" \/><\/td>\n<\/tr>\n<\/tbody>\n<\/table>\n<p style=\"text-align: center;\">&nbsp;&nbsp;<\/p>\n","protected":false},"author":1,"featured_media":1118,"parent":0,"menu_order":0,"comment_status":"closed","ping_status":"closed","template":"","meta":{"footnotes":""},"class_list":["post-535","page","type-page","status-publish","has-post-thumbnail","hentry"],"_links":{"self":[{"href":"https:\/\/www.ablakkarter.hu\/index.php?rest_route=\/wp\/v2\/pages\/535","targetHints":{"allow":["GET"]}}],"collection":[{"href":"https:\/\/www.ablakkarter.hu\/index.php?rest_route=\/wp\/v2\/pages"}],"about":[{"href":"https:\/\/www.ablakkarter.hu\/index.php?rest_route=\/wp\/v2\/types\/page"}],"author":[{"embeddable":true,"href":"https:\/\/www.ablakkarter.hu\/index.php?rest_route=\/wp\/v2\/users\/1"}],"replies":[{"embeddable":true,"href":"https:\/\/www.ablakkarter.hu\/index.php?rest_route=%2Fwp%2Fv2%2Fcomments&post=535"}],"version-history":[{"count":1,"href":"https:\/\/www.ablakkarter.hu\/index.php?rest_route=\/wp\/v2\/pages\/535\/revisions"}],"predecessor-version":[{"id":1173,"href":"https:\/\/www.ablakkarter.hu\/index.php?rest_route=\/wp\/v2\/pages\/535\/revisions\/1173"}],"wp:featuredmedia":[{"embeddable":true,"href":"https:\/\/www.ablakkarter.hu\/index.php?rest_route=\/wp\/v2\/media\/1118"}],"wp:attachment":[{"href":"https:\/\/www.ablakkarter.hu\/index.php?rest_route=%2Fwp%2Fv2%2Fmedia&parent=535"}],"curies":[{"name":"wp","href":"https:\/\/api.w.org\/{rel}","templated":true}]}}