{"id":5,"date":"2012-05-24T20:18:23","date_gmt":"2012-05-24T20:18:23","guid":{"rendered":"https:\/\/www.ablakkarter.hu\/kapcsolat-0\/"},"modified":"2026-03-09T10:05:24","modified_gmt":"2026-03-09T10:05:24","slug":"kapcsolat-0","status":"publish","type":"page","link":"https:\/\/www.ablakkarter.hu\/?page_id=5","title":{"rendered":"Kapcsolat"},"content":{"rendered":"<p style=\"text-align: center;\">\u00a0<\/p>\n<p style=\"text-align: center;\"><img loading=\"lazy\" decoding=\"async\" class=\"alignnone size-medium wp-image-703\" src=\"https:\/\/www.ablakkarter.hu\/wp-content\/uploads\/2021\/12\/cropped-Karter_Ablak_logo_620x620-300x300.png\" alt=\"\" width=\"300\" height=\"300\" srcset=\"https:\/\/www.ablakkarter.hu\/wp-content\/uploads\/2021\/12\/cropped-Karter_Ablak_logo_620x620-300x300.png 300w, https:\/\/www.ablakkarter.hu\/wp-content\/uploads\/2021\/12\/cropped-Karter_Ablak_logo_620x620-150x150.png 150w, https:\/\/www.ablakkarter.hu\/wp-content\/uploads\/2021\/12\/cropped-Karter_Ablak_logo_620x620-270x270.png 270w, https:\/\/www.ablakkarter.hu\/wp-content\/uploads\/2021\/12\/cropped-Karter_Ablak_logo_620x620-192x192.png 192w, https:\/\/www.ablakkarter.hu\/wp-content\/uploads\/2021\/12\/cropped-Karter_Ablak_logo_620x620-180x180.png 180w, https:\/\/www.ablakkarter.hu\/wp-content\/uploads\/2021\/12\/cropped-Karter_Ablak_logo_620x620-32x32.png 32w, https:\/\/www.ablakkarter.hu\/wp-content\/uploads\/2021\/12\/cropped-Karter_Ablak_logo_620x620.png 512w\" sizes=\"auto, (max-width: 300px) 100vw, 300px\" \/><\/p>\n\n\n<p class=\"has-text-align-center\" style=\"font-size:28px\"><strong>Karter Ablak Kft.<\/strong><br><br><br><em><strong>C\u00edm:<\/strong><\/em><br>6500 Baja, D\u00e9ri Frigyes s\u00e9t\u00e1ny 11\/A.<br><br><em><strong>Telefon:<\/strong><\/em><br>06-79\/320-165<br><br><em><strong>Mobiltelefon:<\/strong><\/em><br>06-70\/616-50-93<br>06-70\/616-50-96<br><br><em><strong>E-mail:<\/strong><\/em><br>karterablak@gmail.com<br>karterablak@t-online.hu<br><strong><br><em>Skype:<\/em><\/strong><br>karterablak<br><strong><br><em>Ad\u00f3sz\u00e1m:<\/em><\/strong><br>11711890-2-03<\/p>\n","protected":false},"excerpt":{"rendered":"<p style=\"text-align: center;\"><span style=\"font-size:18px;\"><span style=\"font-family: verdana,geneva,sans-serif;\"><strong>Karter Ablak Kft<\/strong><\/span><\/span><\/p>\n<p style=\"text-align: center;\"><strong><span style=\"font-size:16px;\"><span style=\"font-family: verdana,geneva,sans-serif;\">6500 Baja, D\u00e9ri Frigyes s\u00e9t\u00e1ny 11.<\/span><\/span><\/strong><\/p>\n<p style=\"text-align: center;\"><strong><span style=\"font-size:16px;\"><span style=\"font-family: verdana,geneva,sans-serif;\">Telefon\/Fax: 06-79\/320-165<\/span><\/span><\/strong><\/p>\n<p style=\"text-align: center;\"><strong><span style=\"font-size:16px;\"><span style=\"font-family: verdana,geneva,sans-serif;\">Mobiltelefon:<\/span><\/span><\/strong><\/p>\n<p style=\"text-align: center;\"><strong><span style=\"font-size:16px;\"><span style=\"font-family: verdana,geneva,sans-serif;\">06-70\/616-50-93<\/span><\/span><\/strong><\/p>\n<p style=\"text-align: center;\"><strong><span style=\"font-size:16px;\"><span style=\"font-family: verdana,geneva,sans-serif;\">&nbsp;06-70\/616-50-96<\/span><\/span><\/strong><\/p>\n<p style=\"text-align: center;\"><strong><span style=\"font-size:16px;\"><span style=\"font-family: verdana,geneva,sans-serif;\">06-70\/413-12-96<\/span><\/span><\/strong><\/p>\n<p style=\"text-align: center;\"><strong><span style=\"font-size:16px;\"><span style=\"font-family: verdana,geneva,sans-serif;\">E-mail: <a href=\"mailto:karterablak@gmail.com\">karterablak@gmail.com<\/a><\/span><\/span><\/strong><\/p>\n<p style=\"text-align: center;\"><strong><span style=\"font-size:16px;\"><span style=\"font-family: verdana,geneva,sans-serif;\">SKYPE: KARTERABLAK<\/span><\/span><\/strong><\/p>\n","protected":false},"author":1,"featured_media":1120,"parent":0,"menu_order":0,"comment_status":"closed","ping_status":"open","template":"","meta":{"footnotes":""},"class_list":["post-5","page","type-page","status-publish","has-post-thumbnail","hentry"],"_links":{"self":[{"href":"https:\/\/www.ablakkarter.hu\/index.php?rest_route=\/wp\/v2\/pages\/5","targetHints":{"allow":["GET"]}}],"collection":[{"href":"https:\/\/www.ablakkarter.hu\/index.php?rest_route=\/wp\/v2\/pages"}],"about":[{"href":"https:\/\/www.ablakkarter.hu\/index.php?rest_route=\/wp\/v2\/types\/page"}],"author":[{"embeddable":true,"href":"https:\/\/www.ablakkarter.hu\/index.php?rest_route=\/wp\/v2\/users\/1"}],"replies":[{"embeddable":true,"href":"https:\/\/www.ablakkarter.hu\/index.php?rest_route=%2Fwp%2Fv2%2Fcomments&post=5"}],"version-history":[{"count":6,"href":"https:\/\/www.ablakkarter.hu\/index.php?rest_route=\/wp\/v2\/pages\/5\/revisions"}],"predecessor-version":[{"id":1200,"href":"https:\/\/www.ablakkarter.hu\/index.php?rest_route=\/wp\/v2\/pages\/5\/revisions\/1200"}],"wp:featuredmedia":[{"embeddable":true,"href":"https:\/\/www.ablakkarter.hu\/index.php?rest_route=\/wp\/v2\/media\/1120"}],"wp:attachment":[{"href":"https:\/\/www.ablakkarter.hu\/index.php?rest_route=%2Fwp%2Fv2%2Fmedia&parent=5"}],"curies":[{"name":"wp","href":"https:\/\/api.w.org\/{rel}","templated":true}]}}