{"id":446,"date":"2012-09-25T06:45:29","date_gmt":"2012-09-25T06:45:29","guid":{"rendered":"https:\/\/www.ablakkarter.hu\/biztonsagi-uveg\/"},"modified":"2021-12-13T15:22:47","modified_gmt":"2021-12-13T15:22:47","slug":"biztonsagi-uveg","status":"publish","type":"page","link":"https:\/\/www.ablakkarter.hu\/?page_id=446","title":{"rendered":"Biztons\u00e1gi \u00fcveg"},"content":{"rendered":"<p style=\"text-align: center;\"><span style=\"font-size: 14px;\"><span style=\"font-family: verdana,geneva,sans-serif;\"><strong>Ragasztott biztons\u00e1gi \u00fcveg, edzett \u00fcveg<\/strong><\/span><\/span><\/p>\n<p><span style=\"font-size: 14px;\"><span style=\"font-family: verdana,geneva,sans-serif;\">A ny\u00edl\u00e1sz\u00e1r\u00f3 t\u00f6bb ponton val\u00f3 z\u00e1r\u00f3d\u00e1sa mellett k\u00edn\u00e1lunk \u00fcvegt\u00f6r\u00e9st akad\u00e1lyoz\u00f3 biztons\u00e1gi \u00fcvegeket. Ragasztott biztons\u00e1gi \u00fcveg t\u00f6r\u00e9se eset\u00e9n az \u00fcvegt\u00e1bla nem esik sz\u00e9t, mert a k\u00e9t \u00f6sszeragasztott \u00fcveglap k\u00f6z\u00f6tt l\u00e9v\u0151 lamin\u00e1l\u00f3 f\u00f3lia ezt megakad\u00e1lyozza.<\/span><b><span style=\"color: #ffcc33; font-family: Arial;\">VSG-Verbund Sicherheit Glas<\/span><\/b><\/span><\/p>\n<p style=\"text-align: center;\"><span style=\"font-size: 14px;\"><img loading=\"lazy\" decoding=\"async\" class=\" size-full wp-image-444\" title=\"goly\u00f3\u00e1ll\u00f3 \u00fcveg\" src=\"https:\/\/www.ablakkarter.hu\/wp-content\/uploads\/2012\/09\/golyoallo_uveg.jpg\" alt=\"\" width=\"609\" height=\"295\"><\/span><\/p>\n<p style=\"text-align: center;\"><span style=\"font-size: 14px;\"><span style=\"font-family: verdana,geneva,sans-serif;\">A biztons\u00e1gi \u00fcvegez\u00e9s alkalmaz\u00e1sa k\u00fcl\u00f6n\u00f6sen aj\u00e1nlott <strong>k\u00f6zint\u00e9zm\u00e9nyekben, sportl\u00e9tes\u00edtm\u00e9nyekben, \u00f3vod\u00e1kban \u00e9s iskol\u00e1kban!<\/strong><\/span><\/span><\/p>\n<p><span style=\"font-size: 14px;\"><span style=\"font-family: verdana,geneva,sans-serif;\">A biztons\u00e1gi \u00fcvegek k\u00fcls\u0151 mechanikai behat\u00e1s eset\u00e9n is v\u00e9delmet ny\u00fajtanak, ezzel cs\u00f6kkentve az ilyenkor el\u0151fordul\u00f3 s\u00e9r\u00fcl\u00e9sek kock\u00e1zat\u00e1t.<\/span><\/span><\/p>\n<p><span style=\"font-size: 14px;\"><span style=\"font-family: verdana,geneva,sans-serif;\">A biztons\u00e1gi \u00fcveg teljesen \u00e1tl\u00e1tsz\u00f3, szinte l\u00e1thatatlan.<\/span><\/span><\/p>\n<p><span style=\"font-size: 14px;\"><span style=\"font-family: verdana,geneva,sans-serif;\"><strong>Bet\u00f6r\u00e9s v\u00e9delem<\/strong><\/span><\/span><\/p>\n<p><span style=\"font-size: 14px;\"><span style=\"font-family: verdana,geneva,sans-serif;\">A ragasztott biztons\u00e1gi \u00fcveg alkalmaz\u00e1s\u00e1val bet\u00f6r\u00e9s eset\u00e9n megakad\u00e1lyozhat\u00f3, hogy a rabl\u00f3 az \u00fcveget bet\u00f6rve juthasson be otthon\u00e1ba, irod\u00e1j\u00e1ba. A P-B oszt\u00e1lyokba sorolt \u00fcvegek eset\u00e9ben legal\u00e1bb 31 (egyes oszt\u00e1lyokn\u00e1l t\u00f6bb mint 70) \u00fct\u00e9st kell m\u00e9rni a fel\u00fcletre egy neh\u00e9z balt\u00e1val, hogy 40 cm-es ny\u00edl\u00e1s keletkezzen az \u00fcvegen.<\/span><\/span><\/p>\n<p><span style=\"font-size: 14px;\"><span style=\"font-family: verdana,geneva,sans-serif;\"><strong>Ragasztott biztons\u00e1gi \u00fcvegek t\u00edpusai:<\/strong><\/span><\/span><\/p>\n<ul>\n<li><span style=\"font-size: 14px;\"><span style=\"font-family: verdana,geneva,sans-serif;\">&#8222;A&#8221; \u00e1tdob\u00e1st g\u00e1tl\u00f3 \u00fcveg<\/span><\/span><\/li>\n<li><span style=\"font-size: 14px;\"><span style=\"font-family: verdana,geneva,sans-serif;\">&#8222;B&#8221; bet\u00f6r\u00e9st akad\u00e1lyoz\u00f3 \u00fcveg<\/span><\/span><\/li>\n<li><span style=\"font-size: 14px;\"><span style=\"font-family: verdana,geneva,sans-serif;\">&#8222;C&#8221; goly\u00f3\u00e1ll\u00f3 \u00fcveg<\/span><\/span><\/li>\n<li><span style=\"font-size: 14px;\"><span style=\"font-family: verdana,geneva,sans-serif;\">&#8222;D&#8221; robban\u00e1s biztos \u00fcveg<\/span><\/span><\/li>\n<\/ul>\n<p style=\"text-align: center;\"><img loading=\"lazy\" decoding=\"async\" class=\" size-full wp-image-445\" src=\"https:\/\/www.ablakkarter.hu\/wp-content\/uploads\/2012\/09\/bizt_uveg.png\" alt=\"Biztons\u00e1gi \u00fcveg\" width=\"304\" height=\"197\" srcset=\"https:\/\/www.ablakkarter.hu\/wp-content\/uploads\/2012\/09\/bizt_uveg.png 486w, https:\/\/www.ablakkarter.hu\/wp-content\/uploads\/2012\/09\/bizt_uveg-300x194.png 300w\" sizes=\"auto, (max-width: 304px) 100vw, 304px\" \/><\/p>\n<h2 class=\"art-postheader\"><a href=\"\/napvedo-uveg\"><span style=\"color: #ffd700;\"><span style=\"font-size: 14px;\"><strong>Tov\u00e1bb a napv\u00e9d\u0151 \u00fcvegre<\/strong><\/span><\/span><\/a><\/h2>\n<h2 class=\"art-postheader\"><\/h2>\n","protected":false},"excerpt":{"rendered":"<p style=\"text-align: center;\"><span style=\"font-size:14px;\"><span style=\"font-family: verdana,geneva,sans-serif;\"><strong>Ragasztott biztons\u00e1gi \u00fcveg, edzett \u00fcveg<\/strong><\/span><\/span><\/p>\n<p><span style=\"font-size:14px;\"><span style=\"font-family: verdana,geneva,sans-serif;\">A ny\u00edl\u00e1sz\u00e1r\u00f3 t\u00f6bb ponton val\u00f3 z\u00e1r\u00f3d\u00e1sa mellett k\u00edn\u00e1lunk \u00fcvegt\u00f6r\u00e9st akad\u00e1lyoz\u00f3 biztons\u00e1gi \u00fcvegeket. Ragasztott biztons\u00e1gi \u00fcveg t\u00f6r\u00e9se eset\u00e9n az \u00fcvegt\u00e1bla nem esik sz\u00e9t, mert a k\u00e9t \u00f6sszeragasztott \u00fcveglap k\u00f6z\u00f6tt l\u00e9v\u0151 lamin\u00e1l\u00f3 f\u00f3lia ezt megakad\u00e1lyozza.<\/span><b><font color=\"#FFCC33\" face=\"Arial\">VSG-Verbund Sicherheit Glas<\/font><\/b><\/span><\/p>\n<p style=\"text-align: center;\"><span style=\"font-size:14px;\"><img loading=\"lazy\" decoding=\"async\" class=\" size-full wp-image-444\" alt=\"\" height=\"295\" src=\"https:\/\/www.ablakkarter.hu\/wp-content\/uploads\/2012\/09\/golyoallo_uveg.jpg\" title=\"goly\u00f3\u00e1ll\u00f3 \u00fcveg\" width=\"609\" \/><\/span><\/p>\n<p style=\"text-align: center;\"><span style=\"font-size:14px;\"><span style=\"font-family: verdana,geneva,sans-serif;\">A biztons\u00e1gi \u00fcvegez\u00e9s alkalmaz\u00e1sa k\u00fcl\u00f6n\u00f6sen aj\u00e1nlott <strong>k\u00f6zint\u00e9zm\u00e9nyekben, sportl\u00e9tes\u00edtm\u00e9nyekben, \u00f3vod\u00e1kban \u00e9s iskol\u00e1kban!<\/strong><\/span><\/span><\/p>\n<p><span style=\"font-size:14px;\"><span style=\"font-family: verdana,geneva,sans-serif;\">A biztons\u00e1gi \u00fcvegek k\u00fcls\u0151 mechanikai behat\u00e1s eset\u00e9n is v\u00e9delmet ny\u00fajtanak, ezzel cs\u00f6kkentve az ilyenkor el\u0151fordul\u00f3 s\u00e9r\u00fcl\u00e9sek kock\u00e1zat\u00e1t.<\/span><\/span><\/p>\n<p><span style=\"font-size:14px;\"><span style=\"font-family: verdana,geneva,sans-serif;\">A biztons\u00e1gi \u00fcveg teljesen \u00e1tl\u00e1tsz\u00f3, szinte l\u00e1thatatlan.<\/span><\/span><\/p>\n<p><span style=\"font-size:14px;\"><span style=\"font-family: verdana,geneva,sans-serif;\"><strong>Bet\u00f6r\u00e9s v\u00e9delem<\/strong><\/span><\/span><\/p>\n<p><span style=\"font-size:14px;\"><span style=\"font-family: verdana,geneva,sans-serif;\">A ragasztott biztons\u00e1gi \u00fcveg alkalmaz\u00e1s\u00e1val bet\u00f6r\u00e9s eset\u00e9n megakad\u00e1lyozhat\u00f3, hogy a rabl\u00f3 az \u00fcveget bet\u00f6rve juthasson be otthon\u00e1ba, irod\u00e1j\u00e1ba. A P-B oszt\u00e1lyokba sorolt \u00fcvegek eset\u00e9ben legal\u00e1bb 31 (egyes oszt\u00e1lyokn\u00e1l t\u00f6bb mint 70) \u00fct\u00e9st kell m\u00e9rni a fel\u00fcletre egy neh\u00e9z balt\u00e1val, hogy 40 cm-es ny\u00edl\u00e1s keletkezzen az \u00fcvegen.<\/span><\/span><\/p>\n<p><span style=\"font-size:14px;\"><span style=\"font-family: verdana,geneva,sans-serif;\"><strong>Ragasztott biztons\u00e1gi \u00fcvegek t\u00edpusai:<\/strong><\/span><\/span><\/p>\n<ul>\n<li><span style=\"font-size:14px;\"><span style=\"font-family: verdana,geneva,sans-serif;\">&quot;A&quot; \u00e1tdob\u00e1st g\u00e1tl\u00f3 \u00fcveg<\/span><\/span><\/li>\n<li><span style=\"font-size:14px;\"><span style=\"font-family: verdana,geneva,sans-serif;\">&quot;B&quot; bet\u00f6r\u00e9st akad\u00e1lyoz\u00f3 \u00fcveg<\/span><\/span><\/li>\n<li><span style=\"font-size:14px;\"><span style=\"font-family: verdana,geneva,sans-serif;\">&quot;C&quot; goly\u00f3\u00e1ll\u00f3 \u00fcveg<\/span><\/span><\/li>\n<li><span style=\"font-size:14px;\"><span style=\"font-family: verdana,geneva,sans-serif;\">&quot;D&quot; robban\u00e1s biztos \u00fcveg<\/span><\/span><\/li>\n<\/ul>\n<p style=\"text-align: center;\"><img loading=\"lazy\" decoding=\"async\" class=\" size-full wp-image-445\" alt=\"Biztons\u00e1gi \u00fcveg\" class=\"kat_lec\" height=\"197\" src=\"https:\/\/www.ablakkarter.hu\/wp-content\/uploads\/2012\/09\/bizt_uveg.png\" width=\"304\" srcset=\"https:\/\/www.ablakkarter.hu\/wp-content\/uploads\/2012\/09\/bizt_uveg.png 486w, https:\/\/www.ablakkarter.hu\/wp-content\/uploads\/2012\/09\/bizt_uveg-300x194.png 300w\" sizes=\"auto, (max-width: 304px) 100vw, 304px\" \/><\/p>\n<h2 class=\"art-postheader\"><a href=\"\/napvedo-uveg\"><span style=\"color:#ffd700;\"><span style=\"font-size: 14px;\"><strong>Tov\u00e1bb a napv\u00e9d\u0151 \u00fcvegre<\/strong><\/span><\/span><\/a><\/h2>\n","protected":false},"author":1,"featured_media":1118,"parent":0,"menu_order":0,"comment_status":"closed","ping_status":"closed","template":"","meta":{"footnotes":""},"class_list":["post-446","page","type-page","status-publish","has-post-thumbnail","hentry"],"_links":{"self":[{"href":"https:\/\/www.ablakkarter.hu\/index.php?rest_route=\/wp\/v2\/pages\/446","targetHints":{"allow":["GET"]}}],"collection":[{"href":"https:\/\/www.ablakkarter.hu\/index.php?rest_route=\/wp\/v2\/pages"}],"about":[{"href":"https:\/\/www.ablakkarter.hu\/index.php?rest_route=\/wp\/v2\/types\/page"}],"author":[{"embeddable":true,"href":"https:\/\/www.ablakkarter.hu\/index.php?rest_route=\/wp\/v2\/users\/1"}],"replies":[{"embeddable":true,"href":"https:\/\/www.ablakkarter.hu\/index.php?rest_route=%2Fwp%2Fv2%2Fcomments&post=446"}],"version-history":[{"count":2,"href":"https:\/\/www.ablakkarter.hu\/index.php?rest_route=\/wp\/v2\/pages\/446\/revisions"}],"predecessor-version":[{"id":1181,"href":"https:\/\/www.ablakkarter.hu\/index.php?rest_route=\/wp\/v2\/pages\/446\/revisions\/1181"}],"wp:featuredmedia":[{"embeddable":true,"href":"https:\/\/www.ablakkarter.hu\/index.php?rest_route=\/wp\/v2\/media\/1118"}],"wp:attachment":[{"href":"https:\/\/www.ablakkarter.hu\/index.php?rest_route=%2Fwp%2Fv2%2Fmedia&parent=446"}],"curies":[{"name":"wp","href":"https:\/\/api.w.org\/{rel}","templated":true}]}}