{"id":356,"date":"2012-09-13T12:44:58","date_gmt":"2012-09-13T12:44:58","guid":{"rendered":"https:\/\/www.ablakkarter.hu\/inoutic-prestige-muanyag-bejarati-ajto\/"},"modified":"2012-09-13T12:44:58","modified_gmt":"2012-09-13T12:44:58","slug":"inoutic-prestige-muanyag-bejarati-ajto","status":"publish","type":"page","link":"https:\/\/www.ablakkarter.hu\/?page_id=356","title":{"rendered":"Inoutic Prestige m\u0171anyag bej\u00e1rati ajt\u00f3"},"content":{"rendered":"<table border=\"1\" cellpadding=\"1\" cellspacing=\"1\" style=\"width: 740px;\">\n<tbody>\n<tr>\n<td>\n<p><span style=\"font-size:16px;\"><strong><span style=\"font-family: verdana,geneva,sans-serif;\">Inoutic Prestige m\u0171anyag bej\u00e1rati ajt\u00f3 <\/span><\/strong><\/span><\/p>\n<ul>\n<li><span style=\"font-size:14px;\"><span style=\"font-family: verdana,geneva,sans-serif;\">N\u00e9met min\u0151s\u00e9gi bej\u00e1rati ajt\u00f3<\/span><\/span><\/li>\n<li><span style=\"font-size:14px;\">K\u00f6z\u00e9pt\u00f6m\u00edt\u00e9ses profilrendszer<\/span><\/li>\n<li><span style=\"font-size:14px;\"><span style=\"font-family: verdana,geneva,sans-serif;\">6 l\u00e9gkamr\u00e1s bej\u00e1rati ajt\u00f3 <\/span><\/span><\/li>\n<li><span style=\"font-size:14px;\"><span style=\"font-family: verdana,geneva,sans-serif;\">Horganyzott ac\u00e9lmerev\u00edt\u00e9s<\/span><\/span><\/li>\n<li><span style=\"font-size:14px;\"><span style=\"font-family: verdana,geneva,sans-serif;\">76 mm-es bej\u00e1rati ajt\u00f3 tok-\u00e9s sz\u00e1rnyprofil<\/span><\/span><\/li>\n<li><span style=\"font-size:14px;\"><span style=\"font-family: verdana,geneva,sans-serif;\">Egyed\u00fcl\u00e1ll\u00f3 f\u00e9m&nbsp;sarokmerev\u00edt\u00e9s<\/span><\/span><\/li>\n<li><span style=\"font-size:14px;\"><span style=\"font-family: verdana,geneva,sans-serif;\">Alacsony alum\u00ednium &nbsp;k\u00fcsz\u00f6b<\/span><\/span><\/li>\n<li><span style=\"font-size:14px;\"><span style=\"font-family: verdana,geneva,sans-serif;\">5 pontos g\u00f6rg\u0151fejes biztons\u00e1gi z\u00e1r<\/span><\/span><\/li>\n<li><span style=\"font-size:14px;\"><span style=\"font-family: verdana,geneva,sans-serif;\">Kett\u0151s r\u00f6gz\u00edt\u00e9s\u0171 \u00fcvegl\u00e9c<\/span><\/span><\/li>\n<li><span style=\"font-size:14px;\"><span style=\"font-family: verdana,geneva,sans-serif;\"><strong>HOPPE<\/strong> vagy ezzel egyen\u00e9rt\u00e9k\u0171 bej\u00e1rati&nbsp;ajt\u00f3 kilincs<\/span><\/span><\/li>\n<li><span style=\"font-size:14px;\"><span style=\"font-family: verdana,geneva,sans-serif;\"><strong>ROTO NT 3D<\/strong> \u00e1ll\u00edthat\u00f3 ajt\u00f3 p\u00e1ntok.<\/span><\/span><\/li>\n<\/ul>\n<\/td>\n<td>\n<p style=\"text-align: center;\"><span style=\"font-size:16px;\"><img loading=\"lazy\" decoding=\"async\" class=\" size-full wp-image-355\" alt=\"Inoutic\" class=\"kat_lec\" height=\"218\" src=\"https:\/\/www.ablakkarter.hu\/wp-content\/uploads\/2012\/09\/inoutic_prestige_0.jpg\" width=\"266\" \/><\/span><\/p>\n<\/td>\n<\/tr>\n<\/tbody>\n<\/table>\n<p><span style=\"font-size:16px;\"><span style=\"font-family: verdana,geneva,sans-serif;\"><strong>Bej\u00e1rati ajt\u00f3k kieg\u00e9sz\u00edt\u0151i<\/strong><\/span><\/span><\/p>\n<p><span style=\"font-size:14px;\"><span style=\"font-family: verdana,geneva,sans-serif;\"><strong>Bej\u00e1rati ajt\u00f3p\u00e1nt <\/strong><\/span><\/span><\/p>\n<p><span style=\"font-size:14px;\"><span style=\"font-family: verdana,geneva,sans-serif;\">A bej\u00e1rati ajt\u00f3kat sz\u00e1rny nagys\u00e1g\u00e1nak \u00e9s s\u00faly\u00e1nak f\u00fcggv\u00e9ny\u00e9ben \u00e1ltal\u00e1ban h\u00e1rom darab nagy teherb\u00edr\u00e1s\u00fa <strong>n\u00e9met ROTO NT<\/strong> t\u00edpus\u00fa kiemel\u00e9s g\u00e1tl\u00f3val ell\u00e1tott <strong>3D<\/strong> \u00e1ll\u00edthat\u00f3 ajt\u00f3p\u00e1nttal szerelj\u00fck.<\/span><\/span><\/p>\n<p><span style=\"font-size:14px;\"><span style=\"font-family: verdana,geneva,sans-serif;\"><strong>R\u00fadz\u00e1rak<\/strong><\/span><\/span><\/p>\n<p><span style=\"font-size:14px;\"><span style=\"font-family: verdana,geneva,sans-serif;\">A bej\u00e1rati ajt\u00f3k alapkivitelben \u00f6tpontos g\u00f6rg\u0151s kilincsm\u0171k\u00f6dtet\u00e9s\u0171 biztons\u00e1gi r\u00fadz\u00e1rral k\u00e9sz\u00fclnek. A k\u00f6vetkez\u0151, m\u00e9g magasabb biztons\u00e1gi fokozat el\u00e9r\u00e9se \u00e9rdek\u00e9ben k\u00e9t ac\u00e9lcsapos, kulcsm\u0171k\u00f6dtet\u00e9s\u0171 biztons\u00e1gi r\u00fadz\u00e1r alkalmaz\u00e1s\u00e1t javasoljuk. A bej\u00e1rati ajt\u00f3k rendelhet\u0151k <strong>k\u00e9t<\/strong> <strong>ac\u00e9lcsapos biztons\u00e1gi p\u00f3tz\u00e1rral<\/strong> szerelt kivitelben is. Mindegyik bej\u00e1rati ajt\u00f3 z\u00e1rszerkezet a <strong>MABISZ<\/strong> \u00e1ltal bevizsg\u00e1lt, min\u0151s\u00edtett term\u00e9k.<\/span><\/span><\/p>\n<p>&nbsp;<\/p>\n<p><strong><span style=\"font-size:14px;\"><span style=\"font-family: verdana,geneva,sans-serif;\"><u>V\u00e1laszthat\u00f3 Inoutic m\u0171anyag bej\u00e1rati ajt\u00f3 tipusok: <\/u><\/span><\/span><\/strong><\/p>\n<ul>\n<li><strong><span style=\"font-size:14px;\"><span style=\"font-family: verdana,geneva,sans-serif;\">Egysz\u00e1rny\u00fa bej\u00e1rati ajt\u00f3<\/span><\/span><\/strong><\/li>\n<li><strong><span style=\"font-size:14px;\"><span style=\"font-family: verdana,geneva,sans-serif;\">K\u00e9tsz\u00e1rny\u00fa bej\u00e1rati ajt\u00f3<\/span><\/span><\/strong><\/li>\n<li><strong><span style=\"font-size:14px;\"><span style=\"font-family: verdana,geneva,sans-serif;\">Oszt\u00f3bord\u00e1s bej\u00e1rati ajt\u00f3<\/span><\/span><\/strong><\/li>\n<li><strong><span style=\"font-size:14px;\"><span style=\"font-family: verdana,geneva,sans-serif;\">D\u00edszpaneles bej\u00e1rati ajt\u00f3<\/span><\/span><\/strong><\/li>\n<li><strong><span style=\"font-size:14px;\"><span style=\"font-family: verdana,geneva,sans-serif;\">\u00dcvegezett bej\u00e1rati ajt\u00f3<\/span><\/span><\/strong><\/li>\n<li><strong><span style=\"font-size:14px;\"><span style=\"font-family: verdana,geneva,sans-serif;\">Befel\u00e9 ny\u00edl\u00f3 bej\u00e1rati ajt\u00f3<\/span><\/span><\/strong><\/li>\n<li><strong><span style=\"font-size:14px;\"><span style=\"font-family: verdana,geneva,sans-serif;\">Kifel\u00e9 ny\u00edl\u00f3 bej\u00e1rati ajt\u00f3<\/span><\/span><\/strong><\/li>\n<\/ul>\n<p style=\"text-align: center;\">&nbsp;<\/p>\n<p style=\"text-align: center;\"><strong><span style=\"font-size:14px;\"><span style=\"font-family: verdana,geneva,sans-serif;\">M\u0171anyag bej\u00e1rati ajt\u00f3 Baja<\/span><\/span><\/strong> &#8211; <strong><span style=\"font-size:14px;\"><span style=\"font-family: verdana,geneva,sans-serif;\">M\u0171anyag bej\u00e1rati ajt\u00f3 Kalocsa &#8211; <strong><span style=\"font-size:14px;\"><span style=\"font-family: verdana,geneva,sans-serif;\">M\u0171anyag bej\u00e1rati ajt\u00f3 Szeksz\u00e1rd<\/span><\/span><\/strong><\/span><\/span><\/strong><\/p>\n<p style=\"text-align: center;\"><span style=\"font-size:16px;\"><strong><span style=\"font-family: verdana,geneva,sans-serif;\">A m\u0171anyag ajt\u00f3 \u00e1rakr\u00f3l \u00e9rdekl\u0151dj\u00f6n el\u00e9rhet\u0151s\u00e9geinken!<\/span><\/strong><\/span><\/p>\n<p style=\"text-align: center;\"><span style=\"font-size:16px;\"><strong><span style=\"font-family: verdana,geneva,sans-serif;\">Az akci\u00f3s m\u0171anyag bej\u00e1rati ajt\u00f3kat keresse az AKCI\u00d3K men\u00fcpont alatt!<\/span><\/strong><\/span><\/p>\n<h2 class=\"art-postheader\"><a href=\"\/diszpanelek\"><span style=\"color:#ffd700;\">Tov\u00e1bb a m\u0171anyag bej\u00e1rati ajt\u00f3panelekhez a d\u00edszpanelekhez<\/span><\/a><\/h2>\n<table border=\"1\" cellpadding=\"1\" cellspacing=\"1\" style=\"width: 740px;\">\n<tbody>\n<tr>\n<td>\n<p><span style=\"font-size:16px;\"><strong><span style=\"font-family: verdana,geneva,sans-serif;\">Inoutic Prestige m\u0171anyag bej\u00e1rati ajt\u00f3 <\/span><\/strong><\/span><\/p>\n<ul>\n<li><span style=\"font-size:14px;\"><span style=\"font-family: verdana,geneva,sans-serif;\">N\u00e9met min\u0151s\u00e9gi bej\u00e1rati ajt\u00f3<\/span><\/span><\/li>\n<li><span style=\"font-size:14px;\">K\u00f6z\u00e9pt\u00f6m\u00edt\u00e9ses profilrendszer<\/span><\/li>\n<li><span style=\"font-size:14px;\"><span style=\"font-family: verdana,geneva,sans-serif;\">6 l\u00e9gkamr\u00e1s bej\u00e1rati ajt\u00f3 <\/span><\/span><\/li>\n<li><span style=\"font-size:14px;\"><span style=\"font-family: verdana,geneva,sans-serif;\">Horganyzott ac\u00e9lmerev\u00edt\u00e9s<\/span><\/span><\/li>\n<li><span style=\"font-size:14px;\"><span style=\"font-family: verdana,geneva,sans-serif;\">76 mm-es bej\u00e1rati ajt\u00f3 tok-\u00e9s sz\u00e1rnyprofil<\/span><\/span><\/li>\n<li><span style=\"font-size:14px;\"><span style=\"font-family: verdana,geneva,sans-serif;\">Egyed\u00fcl\u00e1ll\u00f3 f\u00e9m&nbsp;sarokmerev\u00edt\u00e9s<\/span><\/span><\/li>\n<li><span style=\"font-size:14px;\"><span style=\"font-family: verdana,geneva,sans-serif;\">Alacsony alum\u00ednium &nbsp;k\u00fcsz\u00f6b<\/span><\/span><\/li>\n<li><span style=\"font-size:14px;\"><span style=\"font-family: verdana,geneva,sans-serif;\">5 pontos g\u00f6rg\u0151fejes biztons\u00e1gi z\u00e1r<\/span><\/span><\/li>\n<li><span style=\"font-size:14px;\"><span style=\"font-family: verdana,geneva,sans-serif;\">Kett\u0151s r\u00f6gz\u00edt\u00e9s\u0171 \u00fcvegl\u00e9c<\/span><\/span><\/li>\n<li><span style=\"font-size:14px;\"><span style=\"font-family: verdana,geneva,sans-serif;\"><strong>HOPPE<\/strong> vagy ezzel egyen\u00e9rt\u00e9k\u0171 bej\u00e1rati&nbsp;ajt\u00f3 kilincs<\/span><\/span><\/li>\n<li><span style=\"font-size:14px;\"><span style=\"font-family: verdana,geneva,sans-serif;\"><strong>ROTO NT 3D<\/strong> \u00e1ll\u00edthat\u00f3 ajt\u00f3 p\u00e1ntok.<\/span><\/span><\/li>\n<\/ul>\n<\/td>\n<td>\n<p style=\"text-align: center;\"><span style=\"font-size:16px;\"><img loading=\"lazy\" decoding=\"async\" class=\" size-full wp-image-355\" alt=\"Inoutic\" class=\"kat_lec\" height=\"218\" src=\"https:\/\/www.ablakkarter.hu\/wp-content\/uploads\/2012\/09\/inoutic_prestige_0.jpg\" width=\"266\" \/><\/span><\/p>\n<\/td>\n<\/tr>\n<\/tbody>\n<\/table>\n<p><span style=\"font-size:16px;\"><span style=\"font-family: verdana,geneva,sans-serif;\"><strong>Bej\u00e1rati ajt\u00f3k kieg\u00e9sz\u00edt\u0151i<\/strong><\/span><\/span><\/p>\n<p><span style=\"font-size:14px;\"><span style=\"font-family: verdana,geneva,sans-serif;\"><strong>Bej\u00e1rati ajt\u00f3p\u00e1nt <\/strong><\/span><\/span><\/p>\n<p><span style=\"font-size:14px;\"><span style=\"font-family: verdana,geneva,sans-serif;\">A bej\u00e1rati ajt\u00f3kat sz\u00e1rny nagys\u00e1g\u00e1nak \u00e9s s\u00faly\u00e1nak f\u00fcggv\u00e9ny\u00e9ben \u00e1ltal\u00e1ban h\u00e1rom darab nagy teherb\u00edr\u00e1s\u00fa <strong>n\u00e9met ROTO NT<\/strong> t\u00edpus\u00fa kiemel\u00e9s g\u00e1tl\u00f3val ell\u00e1tott <strong>3D<\/strong> \u00e1ll\u00edthat\u00f3 ajt\u00f3p\u00e1nttal szerelj\u00fck.<\/span><\/span><\/p>\n<p><span style=\"font-size:14px;\"><span style=\"font-family: verdana,geneva,sans-serif;\"><strong>R\u00fadz\u00e1rak<\/strong><\/span><\/span><\/p>\n<p><span style=\"font-size:14px;\"><span style=\"font-family: verdana,geneva,sans-serif;\">A bej\u00e1rati ajt\u00f3k alapkivitelben \u00f6tpontos g\u00f6rg\u0151s kilincsm\u0171k\u00f6dtet\u00e9s\u0171 biztons\u00e1gi r\u00fadz\u00e1rral k\u00e9sz\u00fclnek. A k\u00f6vetkez\u0151, m\u00e9g magasabb biztons\u00e1gi fokozat el\u00e9r\u00e9se \u00e9rdek\u00e9ben k\u00e9t ac\u00e9lcsapos, kulcsm\u0171k\u00f6dtet\u00e9s\u0171 biztons\u00e1gi r\u00fadz\u00e1r alkalmaz\u00e1s\u00e1t javasoljuk. A bej\u00e1rati ajt\u00f3k rendelhet\u0151k <strong>k\u00e9t<\/strong> <strong>ac\u00e9lcsapos biztons\u00e1gi p\u00f3tz\u00e1rral<\/strong> szerelt kivitelben is. Mindegyik bej\u00e1rati ajt\u00f3 z\u00e1rszerkezet a <strong>MABISZ<\/strong> \u00e1ltal bevizsg\u00e1lt, min\u0151s\u00edtett term\u00e9k.<\/span><\/span><\/p>\n<p>&nbsp;<\/p>\n<p><strong><span style=\"font-size:14px;\"><span style=\"font-family: verdana,geneva,sans-serif;\"><u>V\u00e1laszthat\u00f3 Inoutic m\u0171anyag bej\u00e1rati ajt\u00f3 tipusok: <\/u><\/span><\/span><\/strong><\/p>\n<ul>\n<li><strong><span style=\"font-size:14px;\"><span style=\"font-family: verdana,geneva,sans-serif;\">Egysz\u00e1rny\u00fa bej\u00e1rati ajt\u00f3<\/span><\/span><\/strong><\/li>\n<li><strong><span style=\"font-size:14px;\"><span style=\"font-family: verdana,geneva,sans-serif;\">K\u00e9tsz\u00e1rny\u00fa bej\u00e1rati ajt\u00f3<\/span><\/span><\/strong><\/li>\n<li><strong><span style=\"font-size:14px;\"><span style=\"font-family: verdana,geneva,sans-serif;\">Oszt\u00f3bord\u00e1s bej\u00e1rati ajt\u00f3<\/span><\/span><\/strong><\/li>\n<li><strong><span style=\"font-size:14px;\"><span style=\"font-family: verdana,geneva,sans-serif;\">D\u00edszpaneles bej\u00e1rati ajt\u00f3<\/span><\/span><\/strong><\/li>\n<li><strong><span style=\"font-size:14px;\"><span style=\"font-family: verdana,geneva,sans-serif;\">\u00dcvegezett bej\u00e1rati ajt\u00f3<\/span><\/span><\/strong><\/li>\n<li><strong><span style=\"font-size:14px;\"><span style=\"font-family: verdana,geneva,sans-serif;\">Befel\u00e9 ny\u00edl\u00f3 bej\u00e1rati ajt\u00f3<\/span><\/span><\/strong><\/li>\n<li><strong><span style=\"font-size:14px;\"><span style=\"font-family: verdana,geneva,sans-serif;\">Kifel\u00e9 ny\u00edl\u00f3 bej\u00e1rati ajt\u00f3<\/span><\/span><\/strong><\/li>\n<\/ul>\n<p style=\"text-align: center;\">&nbsp;<\/p>\n<p style=\"text-align: center;\"><strong><span style=\"font-size:14px;\"><span style=\"font-family: verdana,geneva,sans-serif;\">M\u0171anyag bej\u00e1rati ajt\u00f3 Baja<\/span><\/span><\/strong> &#8211; <strong><span style=\"font-size:14px;\"><span style=\"font-family: verdana,geneva,sans-serif;\">M\u0171anyag bej\u00e1rati ajt\u00f3 Kalocsa &#8211; <strong><span style=\"font-size:14px;\"><span style=\"font-family: verdana,geneva,sans-serif;\">M\u0171anyag bej\u00e1rati ajt\u00f3 Szeksz\u00e1rd<\/span><\/span><\/strong><\/span><\/span><\/strong><\/p>\n<p style=\"text-align: center;\"><span style=\"font-size:16px;\"><strong><span style=\"font-family: verdana,geneva,sans-serif;\">A m\u0171anyag ajt\u00f3 \u00e1rakr\u00f3l \u00e9rdekl\u0151dj\u00f6n el\u00e9rhet\u0151s\u00e9geinken!<\/span><\/strong><\/span><\/p>\n<p style=\"text-align: center;\"><span style=\"font-size:16px;\"><strong><span style=\"font-family: verdana,geneva,sans-serif;\">Az akci\u00f3s m\u0171anyag bej\u00e1rati ajt\u00f3kat keresse az AKCI\u00d3K men\u00fcpont alatt!<\/span><\/strong><\/span><\/p>\n<h2 class=\"art-postheader\"><a href=\"\/diszpanelek\"><span style=\"color:#ffd700;\">Tov\u00e1bb a m\u0171anyag bej\u00e1rati ajt\u00f3panelekhez a d\u00edszpanelekhez<\/span><\/a><\/h2>\n","protected":false},"excerpt":{"rendered":"<table border=\"1\" cellpadding=\"1\" cellspacing=\"1\" style=\"width: 740px;\">\n<tbody>\n<tr>\n<td>\n<p><span style=\"font-size:16px;\"><strong><span style=\"font-family: verdana,geneva,sans-serif;\">Inoutic Prestige m\u0171anyag bej\u00e1rati ajt\u00f3 <\/span><\/strong><\/span><\/p>\n<ul>\n<li><span style=\"font-size:14px;\"><span style=\"font-family: verdana,geneva,sans-serif;\">N\u00e9met min\u0151s\u00e9gi bej\u00e1rati ajt\u00f3<\/span><\/span><\/li>\n<li><span style=\"font-size:14px;\">K\u00f6z\u00e9pt\u00f6m\u00edt\u00e9ses profilrendszer<\/span><\/li>\n<li><span style=\"font-size:14px;\"><span style=\"font-family: verdana,geneva,sans-serif;\">6 l\u00e9gkamr\u00e1s bej\u00e1rati ajt\u00f3 <\/span><\/span><\/li>\n<li><span style=\"font-size:14px;\"><span style=\"font-family: verdana,geneva,sans-serif;\">Horganyzott ac\u00e9lmerev\u00edt\u00e9s<\/span><\/span><\/li>\n<li><span style=\"font-size:14px;\"><span style=\"font-family: verdana,geneva,sans-serif;\">76 mm-es bej\u00e1rati ajt\u00f3 tok-\u00e9s sz\u00e1rnyprofil<\/span><\/span><\/li>\n<li><span style=\"font-size:14px;\"><span style=\"font-family: verdana,geneva,sans-serif;\">Egyed\u00fcl\u00e1ll\u00f3 f\u00e9m&nbsp;sarokmerev\u00edt\u00e9s<\/span><\/span><\/li>\n<li><span style=\"font-size:14px;\"><span style=\"font-family: verdana,geneva,sans-serif;\">Alacsony alum\u00ednium &nbsp;k\u00fcsz\u00f6b<\/span><\/span><\/li>\n<li><span style=\"font-size:14px;\"><span style=\"font-family: verdana,geneva,sans-serif;\">5 pontos g\u00f6rg\u0151fejes biztons\u00e1gi z\u00e1r<\/span><\/span><\/li>\n<li><span style=\"font-size:14px;\"><span style=\"font-family: verdana,geneva,sans-serif;\">Kett\u0151s r\u00f6gz\u00edt\u00e9s\u0171 \u00fcvegl\u00e9c<\/span><\/span><\/li>\n<li><span style=\"font-size:14px;\"><span style=\"font-family: verdana,geneva,sans-serif;\"><strong>HOPPE<\/strong> vagy ezzel egyen\u00e9rt\u00e9k\u0171 bej\u00e1rati&nbsp;ajt\u00f3 kilincs<\/span><\/span><\/li>\n<li><span style=\"font-size:14px;\"><span style=\"font-family: verdana,geneva,sans-serif;\"><strong>ROTO NT 3D<\/strong> \u00e1ll\u00edthat\u00f3 ajt\u00f3 p\u00e1ntok.<\/span><\/span><\/li>\n<\/ul>\n<\/td>\n<td>\n<p style=\"text-align: center;\"><span style=\"font-size:16px;\"><img loading=\"lazy\" decoding=\"async\" class=\" size-full wp-image-355\" alt=\"Inoutic\" class=\"kat_lec\" height=\"218\" src=\"https:\/\/www.ablakkarter.hu\/wp-content\/uploads\/2012\/09\/inoutic_prestige_0.jpg\" width=\"266\" \/><\/span><\/p>\n<\/td>\n<\/tr>\n<\/tbody>\n<\/table>\n<p><span style=\"font-size:16px;\"><span style=\"font-family: verdana,geneva,sans-serif;\"><strong>Bej\u00e1rati ajt\u00f3k kieg\u00e9sz\u00edt\u0151i<\/strong><\/span><\/span><\/p>\n<p><span style=\"font-size:14px;\"><span style=\"font-family: verdana,geneva,sans-serif;\"><strong>Bej\u00e1rati ajt\u00f3p\u00e1nt <\/strong><\/span><\/span><\/p>\n<p><span style=\"font-size:14px;\"><span style=\"font-family: verdana,geneva,sans-serif;\">A bej\u00e1rati ajt\u00f3kat sz\u00e1rny nagys\u00e1g\u00e1nak \u00e9s s\u00faly\u00e1nak f\u00fcggv\u00e9ny\u00e9ben \u00e1ltal\u00e1ban h\u00e1rom darab nagy teherb\u00edr\u00e1s\u00fa <strong>n\u00e9met ROTO NT<\/strong> t\u00edpus\u00fa kiemel\u00e9s g\u00e1tl\u00f3val ell\u00e1tott <strong>3D<\/strong> \u00e1ll\u00edthat\u00f3 ajt\u00f3p\u00e1nttal szerelj\u00fck.<\/span><\/span><\/p>\n<p><span style=\"font-size:14px;\"><span style=\"font-family: verdana,geneva,sans-serif;\"><strong>R\u00fadz\u00e1rak<\/strong><\/span><\/span><\/p>\n<p><span style=\"font-size:14px;\"><span style=\"font-family: verdana,geneva,sans-serif;\">A bej\u00e1rati ajt\u00f3k alapkivitelben \u00f6tpontos g\u00f6rg\u0151s kilincsm\u0171k\u00f6dtet\u00e9s\u0171 biztons\u00e1gi r\u00fadz\u00e1rral k\u00e9sz\u00fclnek. A k\u00f6vetkez\u0151, m\u00e9g magasabb biztons\u00e1gi fokozat el\u00e9r\u00e9se \u00e9rdek\u00e9ben k\u00e9t ac\u00e9lcsapos, kulcsm\u0171k\u00f6dtet\u00e9s\u0171 biztons\u00e1gi r\u00fadz\u00e1r alkalmaz\u00e1s\u00e1t javasoljuk. A bej\u00e1rati ajt\u00f3k rendelhet\u0151k <strong>k\u00e9t<\/strong> <strong>ac\u00e9lcsapos biztons\u00e1gi p\u00f3tz\u00e1rral<\/strong> szerelt kivitelben is. Mindegyik bej\u00e1rati ajt\u00f3 z\u00e1rszerkezet a <strong>MABISZ<\/strong> \u00e1ltal bevizsg\u00e1lt, min\u0151s\u00edtett term\u00e9k.<\/span><\/span><\/p>\n<p>&nbsp;<\/p>\n<p><strong><span style=\"font-size:14px;\"><span style=\"font-family: verdana,geneva,sans-serif;\"><u>V\u00e1laszthat\u00f3 Inoutic m\u0171anyag bej\u00e1rati ajt\u00f3 tipusok: <\/u><\/span><\/span><\/strong><\/p>\n<ul>\n<li><strong><span style=\"font-size:14px;\"><span style=\"font-family: verdana,geneva,sans-serif;\">Egysz\u00e1rny\u00fa bej\u00e1rati ajt\u00f3<\/span><\/span><\/strong><\/li>\n<li><strong><span style=\"font-size:14px;\"><span style=\"font-family: verdana,geneva,sans-serif;\">K\u00e9tsz\u00e1rny\u00fa bej\u00e1rati ajt\u00f3<\/span><\/span><\/strong><\/li>\n<li><strong><span style=\"font-size:14px;\"><span style=\"font-family: verdana,geneva,sans-serif;\">Oszt\u00f3bord\u00e1s bej\u00e1rati ajt\u00f3<\/span><\/span><\/strong><\/li>\n<li><strong><span style=\"font-size:14px;\"><span style=\"font-family: verdana,geneva,sans-serif;\">D\u00edszpaneles bej\u00e1rati ajt\u00f3<\/span><\/span><\/strong><\/li>\n<li><strong><span style=\"font-size:14px;\"><span style=\"font-family: verdana,geneva,sans-serif;\">\u00dcvegezett bej\u00e1rati ajt\u00f3<\/span><\/span><\/strong><\/li>\n<li><strong><span style=\"font-size:14px;\"><span style=\"font-family: verdana,geneva,sans-serif;\">Befel\u00e9 ny\u00edl\u00f3 bej\u00e1rati ajt\u00f3<\/span><\/span><\/strong><\/li>\n<li><strong><span style=\"font-size:14px;\"><span style=\"font-family: verdana,geneva,sans-serif;\">Kifel\u00e9 ny\u00edl\u00f3 bej\u00e1rati ajt\u00f3<\/span><\/span><\/strong><\/li>\n<\/ul>\n<p style=\"text-align: center;\">&nbsp;<\/p>\n<p style=\"text-align: center;\"><strong><span style=\"font-size:14px;\"><span style=\"font-family: verdana,geneva,sans-serif;\">M\u0171anyag bej\u00e1rati ajt\u00f3 Baja<\/span><\/span><\/strong> &#8211; <strong><span style=\"font-size:14px;\"><span style=\"font-family: verdana,geneva,sans-serif;\">M\u0171anyag bej\u00e1rati ajt\u00f3 Kalocsa &#8211; <strong><span style=\"font-size:14px;\"><span style=\"font-family: verdana,geneva,sans-serif;\">M\u0171anyag bej\u00e1rati ajt\u00f3 Szeksz\u00e1rd<\/span><\/span><\/strong><\/span><\/span><\/strong><\/p>\n<p style=\"text-align: center;\"><span style=\"font-size:16px;\"><strong><span style=\"font-family: verdana,geneva,sans-serif;\">A m\u0171anyag ajt\u00f3 \u00e1rakr\u00f3l \u00e9rdekl\u0151dj\u00f6n el\u00e9rhet\u0151s\u00e9geinken!<\/span><\/strong><\/span><\/p>\n<p style=\"text-align: center;\"><span style=\"font-size:16px;\"><strong><span style=\"font-family: verdana,geneva,sans-serif;\">Az akci\u00f3s m\u0171anyag bej\u00e1rati ajt\u00f3kat keresse az AKCI\u00d3K men\u00fcpont alatt!<\/span><\/strong><\/span><\/p>\n<h2 class=\"art-postheader\"><a href=\"\/diszpanelek\"><span style=\"color:#ffd700;\">Tov\u00e1bb a m\u0171anyag bej\u00e1rati ajt\u00f3panelekhez a d\u00edszpanelekhez<\/span><\/a><\/h2>\n","protected":false},"author":1,"featured_media":355,"parent":0,"menu_order":0,"comment_status":"closed","ping_status":"closed","template":"","meta":{"footnotes":""},"class_list":["post-356","page","type-page","status-publish","has-post-thumbnail","hentry"],"_links":{"self":[{"href":"https:\/\/www.ablakkarter.hu\/index.php?rest_route=\/wp\/v2\/pages\/356","targetHints":{"allow":["GET"]}}],"collection":[{"href":"https:\/\/www.ablakkarter.hu\/index.php?rest_route=\/wp\/v2\/pages"}],"about":[{"href":"https:\/\/www.ablakkarter.hu\/index.php?rest_route=\/wp\/v2\/types\/page"}],"author":[{"embeddable":true,"href":"https:\/\/www.ablakkarter.hu\/index.php?rest_route=\/wp\/v2\/users\/1"}],"replies":[{"embeddable":true,"href":"https:\/\/www.ablakkarter.hu\/index.php?rest_route=%2Fwp%2Fv2%2Fcomments&post=356"}],"version-history":[{"count":0,"href":"https:\/\/www.ablakkarter.hu\/index.php?rest_route=\/wp\/v2\/pages\/356\/revisions"}],"wp:featuredmedia":[{"embeddable":true,"href":"https:\/\/www.ablakkarter.hu\/index.php?rest_route=\/wp\/v2\/media\/355"}],"wp:attachment":[{"href":"https:\/\/www.ablakkarter.hu\/index.php?rest_route=%2Fwp%2Fv2%2Fmedia&parent=356"}],"curies":[{"name":"wp","href":"https:\/\/api.w.org\/{rel}","templated":true}]}}