{"id":230,"date":"2012-07-25T12:15:47","date_gmt":"2012-07-25T12:15:47","guid":{"rendered":"https:\/\/www.ablakkarter.hu\/pmmaakrilplexi-lemezek\/"},"modified":"2022-03-24T09:55:35","modified_gmt":"2022-03-24T09:55:35","slug":"pmmaakrilplexi-lemezek","status":"publish","type":"page","link":"https:\/\/www.ablakkarter.hu\/?page_id=230","title":{"rendered":"PMMA\/akril\/plexi lemezek"},"content":{"rendered":"<p><span style=\"font-family: verdana,geneva,sans-serif;\"><span style=\"font-size: 16px;\">A kiv\u00e1l\u00f3 min\u0151s\u00e9g\u0171 extrud\u00e1lt akril lemez az \u00fcveget fel\u00fclm\u00fal\u00f3 \u00e1tl\u00e1tsz\u00f3s\u00e1ggal b\u00edr. Az anyag UV ellen\u00e1ll\u00f3s\u00e1ga ide\u00e1liss\u00e1 teszi k\u00fcls\u0151 felhaszn\u00e1l\u00e1sra. Az akril lemezek k\u00f6nnyen form\u00e1lhat\u00f3ak, alak\u00edthat\u00f3ak, f\u0171r\u00e9szelhet\u0151ek, hornyolhat\u00f3ak, f\u00farhat\u00f3ak.<\/span><\/span><\/p>\n<p><span style=\"font-family: verdana,geneva,sans-serif;\"><span style=\"font-size: 16px;\"><u><strong>Sz\u00ednek:<\/strong><\/u><\/span><\/span><\/p>\n<ul>\n<li><span style=\"font-family: verdana,geneva,sans-serif;\"><span style=\"font-size: 16px;\">V\u00edztiszta<\/span><\/span><\/li>\n<li><span style=\"font-family: verdana,geneva,sans-serif;\"><span style=\"font-size: 16px;\">Op\u00e1l<\/span><\/span><\/li>\n<\/ul>\n<p><span style=\"font-family: verdana,geneva,sans-serif;\"><span style=\"font-size: 16px;\"><u><strong>T\u00e1blam\u00e9retek:<\/strong><\/u><\/span><\/span><\/p>\n<ul>\n<li><span style=\"font-family: verdana,geneva,sans-serif;\"><span style=\"font-size: 16px;\">Vastags\u00e1g: 2 &#8211; 10 mm<\/span><\/span><\/li>\n<li><span style=\"font-family: verdana,geneva,sans-serif;\"><span style=\"font-size: 16px;\">Sz\u00e9less\u00e9g x hossz\u00fas\u00e1g: 2050 mm x 3050 mm<\/span><\/span><\/li>\n<li><span style=\"font-family: verdana,geneva,sans-serif;\"><span style=\"font-size: 16px;\">Egyedi m\u00e9retek m\u00e1r minim\u00e1lis rendel\u00e9si mennyis\u00e9g eset\u00e9ben.<\/span><\/span><\/li>\n<\/ul>\n<p style=\"text-align: center;\">A m\u00e9retre v\u00e1g\u00e1si lehet\u0151s\u00e9gekr\u0151l \u00e9rdekl\u0151dj\u00f6n koll\u00e9g\u00e1inkn\u00e1l!<\/p>\n<p><span style=\"font-family: verdana,geneva,sans-serif;\"><span style=\"font-size: 16px;\"><u><em><strong>Leggyakoribb felhaszn\u00e1l\u00e1si ter\u00fcletek:<\/strong><\/em><\/u><\/span><\/span><\/p>\n<ul>\n<li><span style=\"font-family: verdana,geneva,sans-serif;\"><span style=\"font-size: 16px;\">\u00dcvegez\u00e9s<\/span><\/span><\/li>\n<li><span style=\"font-family: verdana,geneva,sans-serif;\"><span style=\"font-size: 16px;\">Inform\u00e1ci\u00f3s \u00e9s rekl\u00e1mt\u00e1bl\u00e1k<\/span><\/span><\/li>\n<li><span style=\"font-family: verdana,geneva,sans-serif;\"><span style=\"font-size: 16px;\">Vil\u00e1g\u00edt\u00f3testek<\/span><\/span><\/li>\n<li><span style=\"font-family: verdana,geneva,sans-serif;\"><span style=\"font-size: 16px;\">Zuhanyf\u00fclk\u00e9k<\/span><\/span><\/li>\n<li><span style=\"font-family: verdana,geneva,sans-serif;\"><span style=\"font-size: 16px;\">Irodatechnikai k\u00e9perny\u0151k<\/span><\/span><\/li>\n<li><span style=\"font-family: verdana,geneva,sans-serif;\"><span style=\"font-size: 16px;\">H\u0151form\u00e1z\u00e1s<\/span><\/span><\/li>\n<\/ul>\n<p style=\"text-align: center;\"><img loading=\"lazy\" decoding=\"async\" class=\" size-full wp-image-117\" style=\"width: 603px; height: 304px;\" title=\"akril lemez\" src=\"https:\/\/www.ablakkarter.hu\/wp-content\/uploads\/2012\/07\/akril_lemez.jpg\" alt=\"\" width=\"603\" height=\"304\" srcset=\"https:\/\/www.ablakkarter.hu\/wp-content\/uploads\/2012\/07\/akril_lemez.jpg 603w, https:\/\/www.ablakkarter.hu\/wp-content\/uploads\/2012\/07\/akril_lemez-300x151.jpg 300w\" sizes=\"auto, (max-width: 603px) 100vw, 603px\" \/><\/p>\n<p style=\"text-align: center;\">\n","protected":false},"excerpt":{"rendered":"<p><span style=\"font-family:verdana,geneva,sans-serif;\"><span style=\"font-size: 16px;\">A kiv\u00e1l\u00f3 min\u0151s\u00e9g\u0171 extrud\u00e1lt akril lemez az \u00fcveget fel\u00fclm\u00fal\u00f3 \u00e1tl\u00e1tsz\u00f3s\u00e1ggal b\u00edr. Az anyag UV ellen\u00e1ll\u00f3s\u00e1ga ide\u00e1liss\u00e1 teszi k\u00fcls\u0151 felhaszn\u00e1l\u00e1sra. Az akril lemezek k\u00f6nnyen form\u00e1lhat\u00f3ak, alak\u00edthat\u00f3ak, f\u0171r\u00e9szelhet\u0151ek, hornyolhat\u00f3ak, f\u00farhat\u00f3ak.<\/span><\/span><\/p>\n<p><span style=\"font-family:verdana,geneva,sans-serif;\"><span style=\"font-size: 16px;\"><u><strong>Sz\u00ednek:<\/strong><\/u><\/span><\/span><\/p>\n<ul>\n<li><span style=\"font-family:verdana,geneva,sans-serif;\"><span style=\"font-size: 16px;\">V\u00edztiszta<\/span><\/span><\/li>\n<li><span style=\"font-family:verdana,geneva,sans-serif;\"><span style=\"font-size: 16px;\">Op\u00e1l<\/span><\/span><\/li>\n<\/ul>\n<p><span style=\"font-family:verdana,geneva,sans-serif;\"><span style=\"font-size: 16px;\"><u><strong>T\u00e1blam\u00e9retek:<\/strong><\/u><\/span><\/span><\/p>\n<ul>\n<li><span style=\"font-family:verdana,geneva,sans-serif;\"><span style=\"font-size: 16px;\">Vastags\u00e1g: 2 &#8211; 10 mm<\/span><\/span><\/li>\n<li><span style=\"font-family:verdana,geneva,sans-serif;\"><span style=\"font-size: 16px;\">Sz\u00e9less\u00e9g x hossz\u00fas\u00e1g: 2050 mm x 3050 mm<\/span><\/span><\/li>\n<li><span style=\"font-family:verdana,geneva,sans-serif;\"><span style=\"font-size: 16px;\">Egyedi m\u00e9retek m\u00e1r minim\u00e1lis rendel\u00e9si mennyis\u00e9g eset\u00e9ben.<\/span><\/span><\/li>\n<\/ul>\n<p style=\"text-align: center;\"><span style=\"font-family:verdana,geneva,sans-serif;\"><span style=\"font-size: 16px;\"><span style=\"color: rgb(255, 255, 0);\">A m\u00e9retre v\u00e1g\u00e1si lehet\u0151s\u00e9gekr\u0151l \u00e9rdekl\u0151dj\u00f6n koll\u00e9g\u00e1inkn\u00e1l!<\/span><\/span><\/span><br \/>&nbsp;<\/p>\n<p><span style=\"font-family:verdana,geneva,sans-serif;\"><span style=\"font-size: 16px;\"><u><em><strong>Leggyakoribb felhaszn\u00e1l\u00e1si ter\u00fcletek:<\/strong><\/em><\/u><\/span><\/span><\/p>\n<ul>\n<li><span style=\"font-family:verdana,geneva,sans-serif;\"><span style=\"font-size: 16px;\">\u00dcvegez\u00e9s<\/span><\/span><\/li>\n<li><span style=\"font-family:verdana,geneva,sans-serif;\"><span style=\"font-size: 16px;\">Inform\u00e1ci\u00f3s \u00e9s rekl\u00e1mt\u00e1bl\u00e1k<\/span><\/span><\/li>\n<li><span style=\"font-family:verdana,geneva,sans-serif;\"><span style=\"font-size: 16px;\">Vil\u00e1g\u00edt\u00f3testek<\/span><\/span><\/li>\n<li><span style=\"font-family:verdana,geneva,sans-serif;\"><span style=\"font-size: 16px;\">Zuhanyf\u00fclk\u00e9k<\/span><\/span><\/li>\n<li><span style=\"font-family:verdana,geneva,sans-serif;\"><span style=\"font-size: 16px;\">Irodatechnikai k\u00e9perny\u0151k<\/span><\/span><\/li>\n<li><span style=\"font-family:verdana,geneva,sans-serif;\"><span style=\"font-size: 16px;\">H\u0151form\u00e1z\u00e1s<\/span><\/span><\/li>\n<\/ul>\n<p style=\"text-align: center;\"><img loading=\"lazy\" decoding=\"async\" class=\" size-full wp-image-117\" alt=\"\" src=\"https:\/\/www.ablakkarter.hu\/wp-content\/uploads\/2012\/07\/akril_lemez.jpg\" style=\"width: 603px; height: 304px;\" title=\"akril lemez\" width=\"603\" height=\"304\" srcset=\"https:\/\/www.ablakkarter.hu\/wp-content\/uploads\/2012\/07\/akril_lemez.jpg 603w, https:\/\/www.ablakkarter.hu\/wp-content\/uploads\/2012\/07\/akril_lemez-300x151.jpg 300w\" sizes=\"auto, (max-width: 603px) 100vw, 603px\" \/><\/p>\n","protected":false},"author":1,"featured_media":1118,"parent":0,"menu_order":0,"comment_status":"closed","ping_status":"closed","template":"","meta":{"footnotes":""},"class_list":["post-230","page","type-page","status-publish","has-post-thumbnail","hentry"],"_links":{"self":[{"href":"https:\/\/www.ablakkarter.hu\/index.php?rest_route=\/wp\/v2\/pages\/230","targetHints":{"allow":["GET"]}}],"collection":[{"href":"https:\/\/www.ablakkarter.hu\/index.php?rest_route=\/wp\/v2\/pages"}],"about":[{"href":"https:\/\/www.ablakkarter.hu\/index.php?rest_route=\/wp\/v2\/types\/page"}],"author":[{"embeddable":true,"href":"https:\/\/www.ablakkarter.hu\/index.php?rest_route=\/wp\/v2\/users\/1"}],"replies":[{"embeddable":true,"href":"https:\/\/www.ablakkarter.hu\/index.php?rest_route=%2Fwp%2Fv2%2Fcomments&post=230"}],"version-history":[{"count":2,"href":"https:\/\/www.ablakkarter.hu\/index.php?rest_route=\/wp\/v2\/pages\/230\/revisions"}],"predecessor-version":[{"id":1309,"href":"https:\/\/www.ablakkarter.hu\/index.php?rest_route=\/wp\/v2\/pages\/230\/revisions\/1309"}],"wp:featuredmedia":[{"embeddable":true,"href":"https:\/\/www.ablakkarter.hu\/index.php?rest_route=\/wp\/v2\/media\/1118"}],"wp:attachment":[{"href":"https:\/\/www.ablakkarter.hu\/index.php?rest_route=%2Fwp%2Fv2%2Fmedia&parent=230"}],"curies":[{"name":"wp","href":"https:\/\/api.w.org\/{rel}","templated":true}]}}