{"id":16760,"date":"2026-03-16T20:02:17","date_gmt":"2026-03-16T20:02:17","guid":{"rendered":"https:\/\/www.ablakkarter.hu\/?page_id=16760"},"modified":"2026-03-16T20:02:17","modified_gmt":"2026-03-16T20:02:17","slug":"szabvanymeretu-ablakok-2","status":"publish","type":"page","link":"https:\/\/www.ablakkarter.hu\/?page_id=16760","title":{"rendered":"Szabv\u00e1nym\u00e9ret\u0171 ablakok"},"content":{"rendered":"\n<p class=\"has-text-align-center has-large-font-size\"><strong>Szabv\u00e1nym\u00e9ret\u0171 ablakok<\/strong><\/p>\n\n\n\n<p>Szabv\u00e1nym\u00e9ret\u0171 ablakok eset\u00e9ben el\u0151sz\u00f6r az ablak sz\u00e9less\u00e9g, m\u00e1sodszor a magass\u00e1gi m\u00e9retet adjuk meg.<br>Az ablakok m\u00e9retmegad\u00e1s\u00e1n\u00e1l megk\u00fcl\u00f6nb\u00f6ztet\u00fcnk a n\u00e9vleges m\u00e9retet \u00e9s gy\u00e1rt\u00e1si m\u00e9retet.<br>A n\u00e9vleges m\u00e9ret a kialak\u00edtott falny\u00edl\u00e1s m\u00e9rete, ahov\u00e1 az \u00faj ny\u00edl\u00e1sz\u00e1r\u00f3t be\u00e9p\u00edtj\u00fck. A n\u00e9vleges m\u00e9ret sz\u00e9less\u00e9ge \u00e9s magass\u00e1ga 20mm-el nagyobb a ny\u00edl\u00e1sz\u00e1r\u00f3 pontos gy\u00e1rt\u00e1si m\u00e9ret\u00e9t\u0151l.<\/p>\n\n\n\n<p>Gy\u00e1rt\u00e1si m\u00e9retnek nevezz\u00fck az ablak vagy az ajt\u00f3 pontos gy\u00e1rt\u00e1si m\u00e9ret\u00e9t.<\/p>\n\n\n\n<p><strong>A leggyakrabban alkalmazott szabv\u00e1ny ablak m\u00e9retek (n\u00e9vleges ablak m\u00e9retek):<\/strong><\/p>\n\n\n\n<ul class=\"wp-block-list has-medium-font-size\">\n<li>60 x 60 Buk\u00f3-ny\u00edl\u00f3 ablak<\/li>\n\n\n\n<li>60 x 60 Buk\u00f3 ablak<\/li>\n\n\n\n<li>60 x 60 Ny\u00edl\u00f3 ablak<\/li>\n\n\n\n<li>60 x 90 Buk\u00f3-ny\u00edl\u00f3 ablak<\/li>\n\n\n\n<li>60 x 120 Buk\u00f3-ny\u00edl\u00f3 ablak<\/li>\n\n\n\n<li>60 x 150 Buk\u00f3-ny\u00edl\u00f3 ablak<\/li>\n\n\n\n<li>90 x 60 Buk\u00f3-ny\u00edl\u00f3 ablak<\/li>\n\n\n\n<li>90 x 90 Buk\u00f3-ny\u00edl\u00f3 ablak<\/li>\n\n\n\n<li>90 x 120 Buk\u00f3-ny\u00edl\u00f3 ablak<\/li>\n\n\n\n<li>90 x 150 Buk\u00f3-ny\u00edl\u00f3 ablak<\/li>\n\n\n\n<li>90 x 210 Buk\u00f3-ny\u00edl\u00f3 erk\u00e9lyajt\u00f3<\/li>\n\n\n\n<li>120 x 60 Buk\u00f3-ny\u00edl\u00f3 ablak<\/li>\n\n\n\n<li>120 x 60 Buk\u00f3 ablak<\/li>\n\n\n\n<li>120 x 90 Buk\u00f3-ny\u00edl\u00f3 ablak<\/li>\n\n\n\n<li>120 x 90 Buk\u00f3 ablak<\/li>\n\n\n\n<li>120 x 120 Buk\u00f3-ny\u00edl\u00f3 ablak<\/li>\n\n\n\n<li>120 x 150 Buk\u00f3-ny\u00edl\u00f3 ablak<\/li>\n\n\n\n<li>150 x 150 Buk\u00f3-ny\u00edl\u00f3 ablak<\/li>\n\n\n\n<li>150 x 150 K\u00e9tsz\u00e1rny\u00fa k\u00f6z\u00e9pen felny\u00edl\u00f3 ablak<\/li>\n\n\n\n<li>150 x 150 K\u00e9tsz\u00e1rny\u00fa tokosztott ablak<\/li>\n<\/ul>\n\n\n\n<p>Az ett\u0151l elt\u00e9r\u0151 ny\u00edl\u00e1sz\u00e1r\u00f3kat egyedi m\u00e9ret\u0171 ny\u00edl\u00e1sz\u00e1r\u00f3knak nevezz\u00fck. Nagyon sok esetben a szabv\u00e1ny m\u00e9ret\u0171 ablakok \u00e9s ajt\u00f3k kedvezm\u00e9nyes \u00e1ron v\u00e1s\u00e1rolhat\u00f3k meg. Az egyedi m\u00e9retre gy\u00e1rtott ny\u00edl\u00e1sz\u00e1r\u00f3knak nincs fel\u00e1ra.<\/p>\n\n\n\n<p class=\"has-text-align-center\">Akci\u00f3s szabv\u00e1nym\u00e9ret\u0171 ablakok \u00e9s rakt\u00e1rk\u00e9szleten l\u00e9v\u0151 ny\u00edl\u00e1sz\u00e1r\u00f3k.<\/p>\n\n\n\n<p class=\"has-text-align-center\"><strong>Az akci\u00f3s szabv\u00e1nym\u00e9ret\u0171 ablak \u00e1rakr\u00f3l \u00e9rdekl\u0151dj\u00f6n el\u00e9rhet\u0151s\u00e9geinken!<\/strong><\/p>\n","protected":false},"excerpt":{"rendered":"<p>Szabv\u00e1nym\u00e9ret\u0171 ablakok Szabv\u00e1nym\u00e9ret\u0171 ablakok eset\u00e9ben el\u0151sz\u00f6r az ablak sz\u00e9less\u00e9g, m\u00e1sodszor a magass\u00e1gi m\u00e9retet adjuk meg.Az ablakok m\u00e9retmegad\u00e1s\u00e1n\u00e1l megk\u00fcl\u00f6nb\u00f6ztet\u00fcnk a n\u00e9vleges m\u00e9retet \u00e9s gy\u00e1rt\u00e1si m\u00e9retet.A n\u00e9vleges m\u00e9ret a kialak\u00edtott falny\u00edl\u00e1s m\u00e9rete, ahov\u00e1 az \u00faj ny\u00edl\u00e1sz\u00e1r\u00f3t be\u00e9p\u00edtj\u00fck. A n\u00e9vleges m\u00e9ret sz\u00e9less\u00e9ge \u00e9s magass\u00e1ga 20mm-el nagyobb a ny\u00edl\u00e1sz\u00e1r\u00f3 pontos gy\u00e1rt\u00e1si m\u00e9ret\u00e9t\u0151l. Gy\u00e1rt\u00e1si m\u00e9retnek nevezz\u00fck az ablak vagy az &hellip; <\/p>\n<p class=\"link-more\"><a href=\"https:\/\/www.ablakkarter.hu\/?page_id=16760\" class=\"more-link\">Continue reading<span class=\"screen-reader-text\"> &#8222;Szabv\u00e1nym\u00e9ret\u0171 ablakok&#8221;<\/span><\/a><\/p>\n","protected":false},"author":2,"featured_media":0,"parent":0,"menu_order":0,"comment_status":"closed","ping_status":"closed","template":"","meta":{"footnotes":""},"class_list":["post-16760","page","type-page","status-publish","hentry"],"_links":{"self":[{"href":"https:\/\/www.ablakkarter.hu\/index.php?rest_route=\/wp\/v2\/pages\/16760","targetHints":{"allow":["GET"]}}],"collection":[{"href":"https:\/\/www.ablakkarter.hu\/index.php?rest_route=\/wp\/v2\/pages"}],"about":[{"href":"https:\/\/www.ablakkarter.hu\/index.php?rest_route=\/wp\/v2\/types\/page"}],"author":[{"embeddable":true,"href":"https:\/\/www.ablakkarter.hu\/index.php?rest_route=\/wp\/v2\/users\/2"}],"replies":[{"embeddable":true,"href":"https:\/\/www.ablakkarter.hu\/index.php?rest_route=%2Fwp%2Fv2%2Fcomments&post=16760"}],"version-history":[{"count":1,"href":"https:\/\/www.ablakkarter.hu\/index.php?rest_route=\/wp\/v2\/pages\/16760\/revisions"}],"predecessor-version":[{"id":16762,"href":"https:\/\/www.ablakkarter.hu\/index.php?rest_route=\/wp\/v2\/pages\/16760\/revisions\/16762"}],"wp:attachment":[{"href":"https:\/\/www.ablakkarter.hu\/index.php?rest_route=%2Fwp%2Fv2%2Fmedia&parent=16760"}],"curies":[{"name":"wp","href":"https:\/\/api.w.org\/{rel}","templated":true}]}}

Szabványméretű ablakok

<p class="has-text-align-center has-large-font-size"><strong>Szabványméretű ablakok</strong></p>



<p>Szabványméretű ablakok esetében először az ablak szélesség, másodszor a magassági méretet adjuk meg.<br>Az ablakok méretmegadásánál megkülönböztetünk a névleges méretet és gyártási méretet.<br>A névleges méret a kialakított falnyílás mérete, ahová az új nyílászárót beépítjük. A névleges méret szélessége és magassága 20mm-el nagyobb a nyílászáró pontos gyártási méretétől.</p>



<p>Gyártási méretnek nevezzük az ablak vagy az ajtó pontos gyártási méretét.</p>



<p><strong>A leggyakrabban alkalmazott szabvány ablak méretek (névleges ablak méretek):</strong></p>



<ul class="wp-block-list has-medium-font-size">
<li>60 x 60 Bukó-nyíló ablak</li>



<li>60 x 60 Bukó ablak</li>



<li>60 x 60 Nyíló ablak</li>



<li>60 x 90 Bukó-nyíló ablak</li>



<li>60 x 120 Bukó-nyíló ablak</li>



<li>60 x 150 Bukó-nyíló ablak</li>



<li>90 x 60 Bukó-nyíló ablak</li>



<li>90 x 90 Bukó-nyíló ablak</li>



<li>90 x 120 Bukó-nyíló ablak</li>



<li>90 x 150 Bukó-nyíló ablak</li>



<li>90 x 210 Bukó-nyíló erkélyajtó</li>



<li>120 x 60 Bukó-nyíló ablak</li>



<li>120 x 60 Bukó ablak</li>



<li>120 x 90 Bukó-nyíló ablak</li>



<li>120 x 90 Bukó ablak</li>



<li>120 x 120 Bukó-nyíló ablak</li>



<li>120 x 150 Bukó-nyíló ablak</li>



<li>150 x 150 Bukó-nyíló ablak</li>



<li>150 x 150 Kétszárnyú középen felnyíló ablak</li>



<li>150 x 150 Kétszárnyú tokosztott ablak</li>
</ul>



<p>Az ettől eltérő nyílászárókat egyedi méretű nyílászáróknak nevezzük. Nagyon sok esetben a szabvány méretű ablakok és ajtók kedvezményes áron vásárolhatók meg. Az egyedi méretre gyártott nyílászáróknak nincs felára.</p>



<p class="has-text-align-center">Akciós szabványméretű ablakok és raktárkészleten lévő nyílászárók.</p>



<p class="has-text-align-center"><strong>Az akciós szabványméretű ablak árakról érdeklődjön elérhetőségeinken!</strong></p>

<p>Szabványméretű ablakok Szabványméretű ablakok esetében először az ablak szélesség, másodszor a magassági méretet adjuk meg.Az ablakok méretmegadásánál megkülönböztetünk a névleges méretet és gyártási méretet.A névleges méret a kialakított falnyílás mérete, ahová az új nyílászárót beépítjük. A névleges méret szélessége és magassága 20mm-el nagyobb a nyílászáró pontos gyártási méretétől. Gyártási méretnek nevezzük az ablak vagy az &hellip; </p>
<p class="link-more"><a href="https://www.ablakkarter.hu/?page_id=16760" class="more-link">Continue reading<span class="screen-reader-text"> &#8222;Szabványméretű ablakok&#8221;</span></a></p>
