{"id":16752,"date":"2026-03-16T19:49:13","date_gmt":"2026-03-16T19:49:13","guid":{"rendered":"https:\/\/www.ablakkarter.hu\/?page_id=16752"},"modified":"2026-03-16T19:58:36","modified_gmt":"2026-03-16T19:58:36","slug":"mi-kell-egy-jo-ablakbeepiteshez","status":"publish","type":"page","link":"https:\/\/www.ablakkarter.hu\/?page_id=16752","title":{"rendered":"Mi kell egy j\u00f3 ablakbe\u00e9p\u00edt\u00e9shez?"},"content":{"rendered":"\n<p class=\"has-text-align-center has-black-color has-text-color has-link-color has-large-font-size wp-elements-a983a1b5fa65e59fcac36d99ba435bf3\"><strong>Mi kell egy j\u00f3 ablakbe\u00e9p\u00edt\u00e9shez?<\/strong><\/p>\n\n\n\n<p class=\"has-text-align-center has-black-color has-text-color has-link-color has-medium-font-size wp-elements-4d7c993e890254a5d5d553b76f70544f\"><br>Els\u0151sorban egy j\u00f3 szakember!<br>Kiv\u00e1l\u00f3 min\u0151s\u00e9g\u0171 ablakbe\u00e9p\u00edt\u0151 szersz\u00e1mok.<br>\u00c9s tal\u00e1n a legfontosabb: a pontos felm\u00e9r\u00e9s.<\/p>\n\n\n\n<p class=\"has-black-color has-text-color has-link-color has-medium-font-size wp-elements-82f35ae4d667ee83cca3b6b279818706\"><strong>M\u0171anyag ny\u00edl\u00e1sz\u00e1r\u00f3k be\u00e9p\u00edt\u00e9se \u00e9s fa ny\u00edl\u00e1sz\u00e1r\u00f3k be\u00e9p\u00edt\u00e9se<\/strong><\/p>\n\n\n\n<p class=\"has-black-color has-text-color has-link-color wp-elements-431135ca1587d93e594f220d1d39e14e\">A szakszer\u0171 ny\u00edl\u00e1sz\u00e1r\u00f3 be\u00e9p\u00edt\u00e9s l\u00e9p\u00e9sei:<\/p>\n\n\n\n<p class=\"has-black-color has-text-color has-link-color wp-elements-04d7f1066f5f5d2ed128dbb22a1239a9\">Ablak be\u00e9p\u00edt\u00e9s 1. : &nbsp;&nbsp;&nbsp;A ny\u00edl\u00e1sz\u00e1r\u00f3k, ajt\u00f3k ablakok helysz\u00ednre sz\u00e1ll\u00edt\u00e1sa<\/p>\n\n\n\n<p class=\"has-black-color has-text-color has-link-color wp-elements-cecc5ec858449863bb43e7d5f7fb41fb\">Ablak be\u00e9p\u00edt\u00e9s 2. :&nbsp; &nbsp;&nbsp;Az \u00f6sszes be\u00e9p\u00edtend\u0151 ny\u00edl\u00e1sz\u00e1r\u00f3 mennyis\u00e9g\u00e9nek ellen\u0151rz\u00e9se<\/p>\n\n\n\n<p class=\"has-black-color has-text-color has-link-color wp-elements-d917afd72a16b00ec943fa886e4b71c3\">Ablak be\u00e9p\u00edt\u00e9s 3. : &nbsp;&nbsp;&nbsp;Az ablakny\u00edl\u00e1sok \u00e9s a legy\u00e1rtott ablakok m\u00e9ret\u00e9nek egyeztet\u00e9se<\/p>\n\n\n\n<p class=\"has-black-color has-text-color has-link-color wp-elements-e53d816b93bcc4e1fcd9c14e0a29cbc9\">Ablak be\u00e9p\u00edt\u00e9s 4. :&nbsp; &nbsp;&nbsp;A ny\u00edl\u00e1sz\u00e1r\u00f3k nyit\u00e1sir\u00e1ny\u00e1nak ellen\u0151rz\u00e9se<\/p>\n\n\n\n<p class=\"has-black-color has-text-color has-link-color wp-elements-c722abf8677e8aaa2cefef6a2815a04e\">Ablak be\u00e9p\u00edt\u00e9s 5. :&nbsp; &nbsp;&nbsp;A ny\u00edl\u00e1sz\u00e1r\u00f3k be\u00e9p\u00edt\u00e9si helysz\u00edn\u00e9nek el\u0151k\u00e9sz\u00edt\u00e9se<\/p>\n\n\n\n<p class=\"has-black-color has-text-color has-link-color wp-elements-8a0772f15f5ce414daf55c26f01282ef\">Ablak be\u00e9p\u00edt\u00e9s 6. :&nbsp; &nbsp;&nbsp;Takar\u00f3f\u00f3li\u00e1z\u00e1s<\/p>\n\n\n\n<p class=\"has-black-color has-text-color has-link-color wp-elements-fa9ce06cff83e9c709029b471291e78e\">Ablak be\u00e9p\u00edt\u00e9s 7. :&nbsp; &nbsp;&nbsp;R\u00e9gi ny\u00edl\u00e1sz\u00e1r\u00f3k kibont\u00e1sa<\/p>\n\n\n\n<p class=\"has-black-color has-text-color has-link-color wp-elements-07f3d06bb2fa82857229785766059f4b\">Ablak be\u00e9p\u00edt\u00e9s 8. :&nbsp; &nbsp;&nbsp;R\u00e9gi t\u00f6m\u00edt\u0151anyag elt\u00e1vol\u00edt\u00e1sa<\/p>\n\n\n\n<p class=\"has-black-color has-text-color has-link-color wp-elements-fb71b014e6996c0a6de1e34125b6ac8d\">Ablak be\u00e9p\u00edt\u00e9s 9. :&nbsp; &nbsp;&nbsp;Az ablakk\u00e1va megtiszt\u00edt\u00e1sa<\/p>\n\n\n\n<p class=\"has-black-color has-text-color has-link-color wp-elements-62397764633a3d2bca0859324aaf2746\">Ablak be\u00e9p\u00edt\u00e9s 10. :&nbsp; Az \u00faj ny\u00edl\u00e1sz\u00e1r\u00f3r\u00f3l a sz\u00e1rny leemel\u00e9se<\/p>\n\n\n\n<p class=\"has-black-color has-text-color has-link-color wp-elements-810aba218c6ac00465ecef563da68b7d\">Ablak be\u00e9p\u00edt\u00e9s 11. :&nbsp; \u00daj tokszerkezet beemel\u00e9se a falny\u00edl\u00e1sba<\/p>\n\n\n\n<p class=\"has-black-color has-text-color has-link-color wp-elements-fcf4348ee2dd144339ccd2002ceb47ee\">Ablak be\u00e9p\u00edt\u00e9s 12. :&nbsp; Ny\u00edl\u00e1sz\u00e1r\u00f3k ki\u00e9kel\u00e9se, ideiglenes \u00e9kekkel t\u00f6rt\u00e9n\u0151 r\u00f6gz\u00edt\u00e9s<\/p>\n\n\n\n<p class=\"has-black-color has-text-color has-link-color wp-elements-aebb9375aa5e144cd660326f3a14f4e1\">Ablak be\u00e9p\u00edt\u00e9s 12. :&nbsp; T\u00e1maszt\u00f3 \u00e9kek elhelyez\u00e9se<\/p>\n\n\n\n<p class=\"has-black-color has-text-color has-link-color wp-elements-9bc327b30c43eb3f55b8f0c565c9ad8a\">Ablak be\u00e9p\u00edt\u00e9s 13. :&nbsp; A tokszerkezet pontos f\u00fcgg\u0151leges \u00e9s v\u00edzszintes be\u00e1ll\u00edt\u00e1sa<\/p>\n\n\n\n<p class=\"has-black-color has-text-color has-link-color wp-elements-fdfbd3111e638bf17ecb7301b1a39283\">Ablak be\u00e9p\u00edt\u00e9s 14. :&nbsp; A tok falszerkezethez val\u00f3 r\u00f6gz\u00edt\u00e9se ablak tokr\u00f6gz\u00edt\u0151 csavarral<\/p>\n\n\n\n<p class=\"has-black-color has-text-color has-link-color wp-elements-f8e60cc641e80f84a3d9d515cf7f6808\">Ablak be\u00e9p\u00edt\u00e9s 15. :&nbsp; Az ablakk\u00e1va benedves\u00edt\u00e9se a PUR haboz\u00e1s el\u0151tt<\/p>\n\n\n\n<p class=\"has-black-color has-text-color has-link-color wp-elements-fe5b084178ddfd99a0f60b1624e2deea\">Ablak be\u00e9p\u00edt\u00e9s 16. :&nbsp; Az ablaktok \u00e9s az ablakk\u00e1va k\u00f6z\u00f6tti r\u00e9s kit\u00f6lt\u00e9se alacsony t\u00e1gul\u00e1s\u00fa PUR habbal<\/p>\n\n\n\n<p class=\"has-black-color has-text-color has-link-color wp-elements-234984dcabd108a897f5a3429083d336\">Ablak be\u00e9p\u00edt\u00e9s 17. :&nbsp; Az ablaksz\u00e1rny visszaakaszt\u00e1sa<\/p>\n\n\n\n<p class=\"has-black-color has-text-color has-link-color wp-elements-27e04e3bdd2b1ce1a588583d43146ac0\">Ablak be\u00e9p\u00edt\u00e9s 18. :&nbsp; Ablak kilincs felszerel\u00e9se<\/p>\n\n\n\n<p class=\"has-black-color has-text-color has-link-color wp-elements-93485425b436d18eadc73dcad82bfbee\">Ablak be\u00e9p\u00edt\u00e9s 19. :&nbsp; Nyit\u00e1spr\u00f3ba. Buk\u00f3, ny\u00edl\u00f3 \u00e9s a r\u00e9sszell\u0151ztet\u0151 funkci\u00f3k leellen\u0151rz\u00e9se<\/p>\n\n\n\n<p class=\"has-black-color has-text-color has-link-color wp-elements-39c6fbbde3b09afc636d0fb4bf4cdcd4\">Ablak be\u00e9p\u00edt\u00e9s 20. :&nbsp; Sz\u00fcks\u00e9g eset\u00e9n az ablakok finombe\u00e1ll\u00edt\u00e1sa.<\/p>\n\n\n\n<p class=\"has-black-color has-text-color has-link-color wp-elements-d88ed2a7ec4009ccadef9b330585b98f\">Ablak be\u00e9p\u00edt\u00e9s 21. :&nbsp; Vasalat takar\u00f3k \u00e9s a v\u00edzr\u00e9s takar\u00f3k felszerel\u00e9se<\/p>\n\n\n\n<p class=\"has-black-color has-text-color has-link-color wp-elements-c887874effc05fedbc05a7b3f1c99310\">Ablak be\u00e9p\u00edt\u00e9s 22. : &nbsp;Ablakp\u00e1rk\u00e1nyok \u00e9s ablakk\u00f6ny\u00f6kl\u0151k felszerel\u00e9se<\/p>\n\n\n\n<p class=\"has-black-color has-text-color has-link-color wp-elements-07a37e05af00598fc55ed672bf827656\">Ablak be\u00e9p\u00edt\u00e9s 23. :&nbsp; Ig\u00e9ny eset\u00e9n a red\u0151ny\u00f6k \u00e9s sz\u00fanyogh\u00e1l\u00f3k felszerel\u00e9se<\/p>\n\n\n\n<p class=\"has-black-color has-text-color has-link-color wp-elements-c88f662c1a50bb7bed4bc9a33604ecf4\">Ablak be\u00e9p\u00edt\u00e9s 24. :&nbsp; Ig\u00e9ny eset\u00e9n takar\u00f3l\u00e9cez\u00e9s illetve falk\u00e1va jav\u00edt\u00e1s<\/p>\n\n\n\n<p class=\"has-black-color has-text-color has-link-color wp-elements-5bb5c0ba56739e29c623bc5d5e1e6b77\">Ablak be\u00e9p\u00edt\u00e9s 25. :&nbsp; A ny\u00edl\u00e1sz\u00e1r\u00f3 be\u00e9p\u00edt\u00e9s helysz\u00edn\u00e9nek takar\u00edt\u00e1sa<\/p>\n\n\n\n<p class=\"has-black-color has-text-color has-link-color wp-elements-63f2c5fafaac1759631997c0317f331f\">Ablak be\u00e9p\u00edt\u00e9s 26. :&nbsp; A ny\u00edl\u00e1sz\u00e1r\u00f3k m\u0171k\u00f6dtet\u00e9s\u00e9nek bemutat\u00e1sa<\/p>\n\n\n\n<p class=\"has-black-color has-text-color has-link-color wp-elements-1fadd1ee5d8b58580f9f6135153edd1d\">Ablak be\u00e9p\u00edt\u00e9s 27. :&nbsp; Ig\u00e9ny eset\u00e9n a kibontott hullad\u00e9k elsz\u00e1ll\u00edt\u00e1sa<\/p>\n\n\n\n<p class=\"has-black-color has-text-color has-link-color wp-elements-012d3274a0e5cc09db8504dc71f61768\">A be\u00e9p\u00edt\u00e9s ut\u00e1n m\u00e9g az ablakbe\u00e9p\u00edt\u0151k jelenl\u00e9tekor n\u00e9zz\u00e9k \u00e1t a be\u00e9p\u00edtett ny\u00edl\u00e1sz\u00e1r\u00f3kat! A Karter Ablak Kft ablakbe\u00e9p\u00edt\u0151 csapata k\u00e9szs\u00e9ggel \u00e1ll a megrendel\u0151k rendelkez\u00e9s\u00e9re! Az ablakbe\u00e9p\u00edt\u00e9st k\u00f6vet\u0151en a ny\u00edl\u00e1sz\u00e1r\u00f3k garanci\u00e1lis idej\u00e9nek lej\u00e1rat\u00e1ig az \u00f6sszes, a m\u0171anyag vagy fa ny\u00edl\u00e1sz\u00e1r\u00f3 v\u00e1s\u00e1rl\u00e1sakor kapott dokumentumot \u0151rizz\u00e9k meg!<\/p>\n\n\n\n<p class=\"has-text-align-center has-black-color has-text-color has-link-color has-large-font-size wp-elements-473c90ea07726164e42b792a6e5628d7\"><span style=\"font-size: 14px;\"><span style=\"font-family: verdana,geneva,sans-serif;\"><strong>Szakszer\u0171 ablakbeszerel\u00e9s &#8211; T\u00f6k\u00e9letes m\u0171k\u00f6d\u00e9s \u2013 Ablakgarancia!<\/strong><\/span><\/span><\/p>\n","protected":false},"excerpt":{"rendered":"<p>Mi kell egy j\u00f3 ablakbe\u00e9p\u00edt\u00e9shez? Els\u0151sorban egy j\u00f3 szakember!Kiv\u00e1l\u00f3 min\u0151s\u00e9g\u0171 ablakbe\u00e9p\u00edt\u0151 szersz\u00e1mok.\u00c9s tal\u00e1n a legfontosabb: a pontos felm\u00e9r\u00e9s. M\u0171anyag ny\u00edl\u00e1sz\u00e1r\u00f3k be\u00e9p\u00edt\u00e9se \u00e9s fa ny\u00edl\u00e1sz\u00e1r\u00f3k be\u00e9p\u00edt\u00e9se A szakszer\u0171 ny\u00edl\u00e1sz\u00e1r\u00f3 be\u00e9p\u00edt\u00e9s l\u00e9p\u00e9sei: Ablak be\u00e9p\u00edt\u00e9s 1. : &nbsp;&nbsp;&nbsp;A ny\u00edl\u00e1sz\u00e1r\u00f3k, ajt\u00f3k ablakok helysz\u00ednre sz\u00e1ll\u00edt\u00e1sa Ablak be\u00e9p\u00edt\u00e9s 2. :&nbsp; &nbsp;&nbsp;Az \u00f6sszes be\u00e9p\u00edtend\u0151 ny\u00edl\u00e1sz\u00e1r\u00f3 mennyis\u00e9g\u00e9nek ellen\u0151rz\u00e9se Ablak be\u00e9p\u00edt\u00e9s 3. : &nbsp;&nbsp;&nbsp;Az &hellip; <\/p>\n<p class=\"link-more\"><a href=\"https:\/\/www.ablakkarter.hu\/?page_id=16752\" class=\"more-link\">Continue reading<span class=\"screen-reader-text\"> &#8222;Mi kell egy j\u00f3 ablakbe\u00e9p\u00edt\u00e9shez?&#8221;<\/span><\/a><\/p>\n","protected":false},"author":2,"featured_media":0,"parent":0,"menu_order":0,"comment_status":"closed","ping_status":"closed","template":"","meta":{"footnotes":""},"class_list":["post-16752","page","type-page","status-publish","hentry"],"_links":{"self":[{"href":"https:\/\/www.ablakkarter.hu\/index.php?rest_route=\/wp\/v2\/pages\/16752","targetHints":{"allow":["GET"]}}],"collection":[{"href":"https:\/\/www.ablakkarter.hu\/index.php?rest_route=\/wp\/v2\/pages"}],"about":[{"href":"https:\/\/www.ablakkarter.hu\/index.php?rest_route=\/wp\/v2\/types\/page"}],"author":[{"embeddable":true,"href":"https:\/\/www.ablakkarter.hu\/index.php?rest_route=\/wp\/v2\/users\/2"}],"replies":[{"embeddable":true,"href":"https:\/\/www.ablakkarter.hu\/index.php?rest_route=%2Fwp%2Fv2%2Fcomments&post=16752"}],"version-history":[{"count":4,"href":"https:\/\/www.ablakkarter.hu\/index.php?rest_route=\/wp\/v2\/pages\/16752\/revisions"}],"predecessor-version":[{"id":16759,"href":"https:\/\/www.ablakkarter.hu\/index.php?rest_route=\/wp\/v2\/pages\/16752\/revisions\/16759"}],"wp:attachment":[{"href":"https:\/\/www.ablakkarter.hu\/index.php?rest_route=%2Fwp%2Fv2%2Fmedia&parent=16752"}],"curies":[{"name":"wp","href":"https:\/\/api.w.org\/{rel}","templated":true}]}}

Mi kell egy jó ablakbeépítéshez?

<p class="has-text-align-center has-black-color has-text-color has-link-color has-large-font-size wp-elements-a983a1b5fa65e59fcac36d99ba435bf3"><strong>Mi kell egy jó ablakbeépítéshez?</strong></p>



<p class="has-text-align-center has-black-color has-text-color has-link-color has-medium-font-size wp-elements-4d7c993e890254a5d5d553b76f70544f"><br>Elsősorban egy jó szakember!<br>Kiváló minőségű ablakbeépítő szerszámok.<br>És talán a legfontosabb: a pontos felmérés.</p>



<p class="has-black-color has-text-color has-link-color has-medium-font-size wp-elements-82f35ae4d667ee83cca3b6b279818706"><strong>Műanyag nyílászárók beépítése és fa nyílászárók beépítése</strong></p>



<p class="has-black-color has-text-color has-link-color wp-elements-431135ca1587d93e594f220d1d39e14e">A szakszerű nyílászáró beépítés lépései:</p>



<p class="has-black-color has-text-color has-link-color wp-elements-04d7f1066f5f5d2ed128dbb22a1239a9">Ablak beépítés 1. : &nbsp;&nbsp;&nbsp;A nyílászárók, ajtók ablakok helyszínre szállítása</p>



<p class="has-black-color has-text-color has-link-color wp-elements-cecc5ec858449863bb43e7d5f7fb41fb">Ablak beépítés 2. :&nbsp; &nbsp;&nbsp;Az összes beépítendő nyílászáró mennyiségének ellenőrzése</p>



<p class="has-black-color has-text-color has-link-color wp-elements-d917afd72a16b00ec943fa886e4b71c3">Ablak beépítés 3. : &nbsp;&nbsp;&nbsp;Az ablaknyílások és a legyártott ablakok méretének egyeztetése</p>



<p class="has-black-color has-text-color has-link-color wp-elements-e53d816b93bcc4e1fcd9c14e0a29cbc9">Ablak beépítés 4. :&nbsp; &nbsp;&nbsp;A nyílászárók nyitásirányának ellenőrzése</p>



<p class="has-black-color has-text-color has-link-color wp-elements-c722abf8677e8aaa2cefef6a2815a04e">Ablak beépítés 5. :&nbsp; &nbsp;&nbsp;A nyílászárók beépítési helyszínének előkészítése</p>



<p class="has-black-color has-text-color has-link-color wp-elements-8a0772f15f5ce414daf55c26f01282ef">Ablak beépítés 6. :&nbsp; &nbsp;&nbsp;Takarófóliázás</p>



<p class="has-black-color has-text-color has-link-color wp-elements-fa9ce06cff83e9c709029b471291e78e">Ablak beépítés 7. :&nbsp; &nbsp;&nbsp;Régi nyílászárók kibontása</p>



<p class="has-black-color has-text-color has-link-color wp-elements-07f3d06bb2fa82857229785766059f4b">Ablak beépítés 8. :&nbsp; &nbsp;&nbsp;Régi tömítőanyag eltávolítása</p>



<p class="has-black-color has-text-color has-link-color wp-elements-fb71b014e6996c0a6de1e34125b6ac8d">Ablak beépítés 9. :&nbsp; &nbsp;&nbsp;Az ablakkáva megtisztítása</p>



<p class="has-black-color has-text-color has-link-color wp-elements-62397764633a3d2bca0859324aaf2746">Ablak beépítés 10. :&nbsp; Az új nyílászáróról a szárny leemelése</p>



<p class="has-black-color has-text-color has-link-color wp-elements-810aba218c6ac00465ecef563da68b7d">Ablak beépítés 11. :&nbsp; Új tokszerkezet beemelése a falnyílásba</p>



<p class="has-black-color has-text-color has-link-color wp-elements-fcf4348ee2dd144339ccd2002ceb47ee">Ablak beépítés 12. :&nbsp; Nyílászárók kiékelése, ideiglenes ékekkel történő rögzítés</p>



<p class="has-black-color has-text-color has-link-color wp-elements-aebb9375aa5e144cd660326f3a14f4e1">Ablak beépítés 12. :&nbsp; Támasztó ékek elhelyezése</p>



<p class="has-black-color has-text-color has-link-color wp-elements-9bc327b30c43eb3f55b8f0c565c9ad8a">Ablak beépítés 13. :&nbsp; A tokszerkezet pontos függőleges és vízszintes beállítása</p>



<p class="has-black-color has-text-color has-link-color wp-elements-fdfbd3111e638bf17ecb7301b1a39283">Ablak beépítés 14. :&nbsp; A tok falszerkezethez való rögzítése ablak tokrögzítő csavarral</p>



<p class="has-black-color has-text-color has-link-color wp-elements-f8e60cc641e80f84a3d9d515cf7f6808">Ablak beépítés 15. :&nbsp; Az ablakkáva benedvesítése a PUR habozás előtt</p>



<p class="has-black-color has-text-color has-link-color wp-elements-fe5b084178ddfd99a0f60b1624e2deea">Ablak beépítés 16. :&nbsp; Az ablaktok és az ablakkáva közötti rés kitöltése alacsony tágulású PUR habbal</p>



<p class="has-black-color has-text-color has-link-color wp-elements-234984dcabd108a897f5a3429083d336">Ablak beépítés 17. :&nbsp; Az ablakszárny visszaakasztása</p>



<p class="has-black-color has-text-color has-link-color wp-elements-27e04e3bdd2b1ce1a588583d43146ac0">Ablak beépítés 18. :&nbsp; Ablak kilincs felszerelése</p>



<p class="has-black-color has-text-color has-link-color wp-elements-93485425b436d18eadc73dcad82bfbee">Ablak beépítés 19. :&nbsp; Nyitáspróba. Bukó, nyíló és a résszellőztető funkciók leellenőrzése</p>



<p class="has-black-color has-text-color has-link-color wp-elements-39c6fbbde3b09afc636d0fb4bf4cdcd4">Ablak beépítés 20. :&nbsp; Szükség esetén az ablakok finombeállítása.</p>



<p class="has-black-color has-text-color has-link-color wp-elements-d88ed2a7ec4009ccadef9b330585b98f">Ablak beépítés 21. :&nbsp; Vasalat takarók és a vízrés takarók felszerelése</p>



<p class="has-black-color has-text-color has-link-color wp-elements-c887874effc05fedbc05a7b3f1c99310">Ablak beépítés 22. : &nbsp;Ablakpárkányok és ablakkönyöklők felszerelése</p>



<p class="has-black-color has-text-color has-link-color wp-elements-07a37e05af00598fc55ed672bf827656">Ablak beépítés 23. :&nbsp; Igény esetén a redőnyök és szúnyoghálók felszerelése</p>



<p class="has-black-color has-text-color has-link-color wp-elements-c88f662c1a50bb7bed4bc9a33604ecf4">Ablak beépítés 24. :&nbsp; Igény esetén takarólécezés illetve falkáva javítás</p>



<p class="has-black-color has-text-color has-link-color wp-elements-5bb5c0ba56739e29c623bc5d5e1e6b77">Ablak beépítés 25. :&nbsp; A nyílászáró beépítés helyszínének takarítása</p>



<p class="has-black-color has-text-color has-link-color wp-elements-63f2c5fafaac1759631997c0317f331f">Ablak beépítés 26. :&nbsp; A nyílászárók működtetésének bemutatása</p>



<p class="has-black-color has-text-color has-link-color wp-elements-1fadd1ee5d8b58580f9f6135153edd1d">Ablak beépítés 27. :&nbsp; Igény esetén a kibontott hulladék elszállítása</p>



<p class="has-black-color has-text-color has-link-color wp-elements-012d3274a0e5cc09db8504dc71f61768">A beépítés után még az ablakbeépítők jelenlétekor nézzék át a beépített nyílászárókat! A Karter Ablak Kft ablakbeépítő csapata készséggel áll a megrendelők rendelkezésére! Az ablakbeépítést követően a nyílászárók garanciális idejének lejáratáig az összes, a műanyag vagy fa nyílászáró vásárlásakor kapott dokumentumot őrizzék meg!</p>



<p class="has-text-align-center has-black-color has-text-color has-link-color has-large-font-size wp-elements-473c90ea07726164e42b792a6e5628d7"><span style="font-size: 14px;"><span style="font-family: verdana,geneva,sans-serif;"><strong>Szakszerű ablakbeszerelés &#8211; Tökéletes működés – Ablakgarancia!</strong></span></span></p>

<p>Mi kell egy jó ablakbeépítéshez? Elsősorban egy jó szakember!Kiváló minőségű ablakbeépítő szerszámok.És talán a legfontosabb: a pontos felmérés. Műanyag nyílászárók beépítése és fa nyílászárók beépítése A szakszerű nyílászáró beépítés lépései: Ablak beépítés 1. : &nbsp;&nbsp;&nbsp;A nyílászárók, ajtók ablakok helyszínre szállítása Ablak beépítés 2. :&nbsp; &nbsp;&nbsp;Az összes beépítendő nyílászáró mennyiségének ellenőrzése Ablak beépítés 3. : &nbsp;&nbsp;&nbsp;Az &hellip; </p>
<p class="link-more"><a href="https://www.ablakkarter.hu/?page_id=16752" class="more-link">Continue reading<span class="screen-reader-text"> &#8222;Mi kell egy jó ablakbeépítéshez?&#8221;</span></a></p>
