{"id":1532,"date":"2022-05-03T08:46:27","date_gmt":"2022-05-03T08:46:27","guid":{"rendered":"https:\/\/www.ablakkarter.hu\/?page_id=1532"},"modified":"2022-05-03T14:31:44","modified_gmt":"2022-05-03T14:31:44","slug":"hpl-diszpanelek-es-ajtobetetek","status":"publish","type":"page","link":"https:\/\/www.ablakkarter.hu\/?page_id=1532","title":{"rendered":"HPL bej\u00e1rati ajt\u00f3 d\u00edszpanelek \u00e9s ajt\u00f3bet\u00e9tek"},"content":{"rendered":"\n<h2 class=\"wp-block-heading\">HPL bej\u00e1rati ajt\u00f3 d\u00edszpanelek \u00e9s ajt\u00f3bet\u00e9tek<\/h2>\n\n\n\n<figure class=\"wp-block-image size-large\"><img loading=\"lazy\" decoding=\"async\" width=\"1024\" height=\"724\" src=\"https:\/\/www.ablakkarter.hu\/wp-content\/uploads\/2022\/05\/h1-1-1024x724.jpg\" alt=\"\" class=\"wp-image-1553\" srcset=\"https:\/\/www.ablakkarter.hu\/wp-content\/uploads\/2022\/05\/h1-1-1024x724.jpg 1024w, https:\/\/www.ablakkarter.hu\/wp-content\/uploads\/2022\/05\/h1-1-600x424.jpg 600w, https:\/\/www.ablakkarter.hu\/wp-content\/uploads\/2022\/05\/h1-1-300x212.jpg 300w, https:\/\/www.ablakkarter.hu\/wp-content\/uploads\/2022\/05\/h1-1-768x543.jpg 768w, https:\/\/www.ablakkarter.hu\/wp-content\/uploads\/2022\/05\/h1-1.jpg 1191w\" sizes=\"auto, (max-width: 1024px) 100vw, 1024px\" \/><figcaption>Waren ajt\u00f3panel<\/figcaption><\/figure>\n\n\n\n<figure class=\"wp-block-image size-large\"><img loading=\"lazy\" decoding=\"async\" width=\"1024\" height=\"724\" src=\"https:\/\/www.ablakkarter.hu\/wp-content\/uploads\/2022\/05\/h2-1024x724.jpg\" alt=\"\" class=\"wp-image-1539\" srcset=\"https:\/\/www.ablakkarter.hu\/wp-content\/uploads\/2022\/05\/h2-1024x724.jpg 1024w, https:\/\/www.ablakkarter.hu\/wp-content\/uploads\/2022\/05\/h2-600x424.jpg 600w, https:\/\/www.ablakkarter.hu\/wp-content\/uploads\/2022\/05\/h2-300x212.jpg 300w, https:\/\/www.ablakkarter.hu\/wp-content\/uploads\/2022\/05\/h2-768x543.jpg 768w, https:\/\/www.ablakkarter.hu\/wp-content\/uploads\/2022\/05\/h2.jpg 1191w\" sizes=\"auto, (max-width: 1024px) 100vw, 1024px\" \/><figcaption>L\u00f6venberg ajt\u00f3panel ; Mainz ajt\u00f3panel<\/figcaption><\/figure>\n\n\n\n<p class=\"has-text-align-center\"><strong>Pr\u00e9mium min\u0151s\u00e9g\u0171 INOX r\u00e1t\u00e9tes HPL bej\u00e1rati ajt\u00f3k \u00e9s ajt\u00f3panelek<\/strong><\/p>\n\n\n\n<figure class=\"wp-block-image size-large\"><img loading=\"lazy\" decoding=\"async\" width=\"1024\" height=\"724\" src=\"https:\/\/www.ablakkarter.hu\/wp-content\/uploads\/2022\/05\/h3-1024x724.jpg\" alt=\"\" class=\"wp-image-1540\" srcset=\"https:\/\/www.ablakkarter.hu\/wp-content\/uploads\/2022\/05\/h3-1024x724.jpg 1024w, https:\/\/www.ablakkarter.hu\/wp-content\/uploads\/2022\/05\/h3-600x424.jpg 600w, https:\/\/www.ablakkarter.hu\/wp-content\/uploads\/2022\/05\/h3-300x212.jpg 300w, https:\/\/www.ablakkarter.hu\/wp-content\/uploads\/2022\/05\/h3-768x543.jpg 768w, https:\/\/www.ablakkarter.hu\/wp-content\/uploads\/2022\/05\/h3.jpg 1191w\" sizes=\"auto, (max-width: 1024px) 100vw, 1024px\" \/><figcaption>Friedberg ajt\u00f3panel ; Mannheim ajt\u00f3panel<\/figcaption><\/figure>\n\n\n\n<figure class=\"wp-block-image size-large\"><img loading=\"lazy\" decoding=\"async\" width=\"1024\" height=\"724\" src=\"https:\/\/www.ablakkarter.hu\/wp-content\/uploads\/2022\/05\/h4-1024x724.jpg\" alt=\"\" class=\"wp-image-1541\" srcset=\"https:\/\/www.ablakkarter.hu\/wp-content\/uploads\/2022\/05\/h4-1024x724.jpg 1024w, https:\/\/www.ablakkarter.hu\/wp-content\/uploads\/2022\/05\/h4-600x424.jpg 600w, https:\/\/www.ablakkarter.hu\/wp-content\/uploads\/2022\/05\/h4-300x212.jpg 300w, https:\/\/www.ablakkarter.hu\/wp-content\/uploads\/2022\/05\/h4-768x543.jpg 768w, https:\/\/www.ablakkarter.hu\/wp-content\/uploads\/2022\/05\/h4.jpg 1191w\" sizes=\"auto, (max-width: 1024px) 100vw, 1024px\" \/><figcaption>Essen ajt\u00f3panel ;  Kassel ajt\u00f3panel<\/figcaption><\/figure>\n\n\n\n<p class=\"has-text-align-center\">HPL AJT\u00d3PANEL \u2013 High Pressure Laminated<\/p>\n\n\n\n<p class=\"has-text-align-center\"><strong>Nagy er\u0151 \u00e9s term\u00e9szeti hat\u00e1soknak<\/strong> <strong>ellen\u00e1ll\u00f3 bej\u00e1rati ajt\u00f3panel.<\/strong><\/p>\n\n\n\n<figure class=\"wp-block-image size-large\"><img loading=\"lazy\" decoding=\"async\" width=\"1024\" height=\"724\" src=\"https:\/\/www.ablakkarter.hu\/wp-content\/uploads\/2022\/05\/h5-1024x724.jpg\" alt=\"\" class=\"wp-image-1542\" srcset=\"https:\/\/www.ablakkarter.hu\/wp-content\/uploads\/2022\/05\/h5-1024x724.jpg 1024w, https:\/\/www.ablakkarter.hu\/wp-content\/uploads\/2022\/05\/h5-600x424.jpg 600w, https:\/\/www.ablakkarter.hu\/wp-content\/uploads\/2022\/05\/h5-300x212.jpg 300w, https:\/\/www.ablakkarter.hu\/wp-content\/uploads\/2022\/05\/h5-768x543.jpg 768w, https:\/\/www.ablakkarter.hu\/wp-content\/uploads\/2022\/05\/h5.jpg 1191w\" sizes=\"auto, (max-width: 1024px) 100vw, 1024px\" \/><figcaption>Landau ajt\u00f3panel ; Amberg ajt\u00f3panel<\/figcaption><\/figure>\n\n\n\n<figure class=\"wp-block-image size-large\"><img loading=\"lazy\" decoding=\"async\" width=\"1024\" height=\"724\" src=\"https:\/\/www.ablakkarter.hu\/wp-content\/uploads\/2022\/05\/h6-1024x724.jpg\" alt=\"\" class=\"wp-image-1543\" srcset=\"https:\/\/www.ablakkarter.hu\/wp-content\/uploads\/2022\/05\/h6-1024x724.jpg 1024w, https:\/\/www.ablakkarter.hu\/wp-content\/uploads\/2022\/05\/h6-600x424.jpg 600w, https:\/\/www.ablakkarter.hu\/wp-content\/uploads\/2022\/05\/h6-300x212.jpg 300w, https:\/\/www.ablakkarter.hu\/wp-content\/uploads\/2022\/05\/h6-768x543.jpg 768w, https:\/\/www.ablakkarter.hu\/wp-content\/uploads\/2022\/05\/h6.jpg 1191w\" sizes=\"auto, (max-width: 1024px) 100vw, 1024px\" \/><figcaption>Triberg ajt\u00f3panel<\/figcaption><\/figure>\n\n\n\n<p class=\"has-text-align-center\"><strong>A HPL ajt\u00f3lap sokkal er\u0151sebb merevebb \u00e9s tart\u00f3sabb, mint a PVC ajt\u00f3panel!<\/strong><\/p>\n\n\n\n<figure class=\"wp-block-image size-large\"><img loading=\"lazy\" decoding=\"async\" width=\"1024\" height=\"724\" src=\"https:\/\/www.ablakkarter.hu\/wp-content\/uploads\/2022\/05\/h7-1024x724.jpg\" alt=\"\" class=\"wp-image-1544\" srcset=\"https:\/\/www.ablakkarter.hu\/wp-content\/uploads\/2022\/05\/h7-1024x724.jpg 1024w, https:\/\/www.ablakkarter.hu\/wp-content\/uploads\/2022\/05\/h7-600x424.jpg 600w, https:\/\/www.ablakkarter.hu\/wp-content\/uploads\/2022\/05\/h7-300x212.jpg 300w, https:\/\/www.ablakkarter.hu\/wp-content\/uploads\/2022\/05\/h7-768x543.jpg 768w, https:\/\/www.ablakkarter.hu\/wp-content\/uploads\/2022\/05\/h7.jpg 1191w\" sizes=\"auto, (max-width: 1024px) 100vw, 1024px\" \/><figcaption>Halle ajt\u00f3panel<\/figcaption><\/figure>\n\n\n\n<figure class=\"wp-block-image size-large is-resized\"><img loading=\"lazy\" decoding=\"async\" src=\"https:\/\/www.ablakkarter.hu\/wp-content\/uploads\/2022\/05\/h8-1024x724.jpg\" alt=\"\" class=\"wp-image-1545\" width=\"840\" height=\"593\" srcset=\"https:\/\/www.ablakkarter.hu\/wp-content\/uploads\/2022\/05\/h8-1024x724.jpg 1024w, https:\/\/www.ablakkarter.hu\/wp-content\/uploads\/2022\/05\/h8-600x424.jpg 600w, https:\/\/www.ablakkarter.hu\/wp-content\/uploads\/2022\/05\/h8-300x212.jpg 300w, https:\/\/www.ablakkarter.hu\/wp-content\/uploads\/2022\/05\/h8-768x543.jpg 768w, https:\/\/www.ablakkarter.hu\/wp-content\/uploads\/2022\/05\/h8.jpg 1191w\" sizes=\"auto, (max-width: 840px) 100vw, 840px\" \/><figcaption>Jena ajt\u00f3panel<\/figcaption><\/figure>\n\n\n\n<p class=\"has-text-align-center\"><strong>Sz\u00ednes m\u0171anyag bej\u00e1rati ajt\u00f3 v\u00e1s\u00e1rl\u00e1s eset\u00e9n a HPL ajt\u00f3panel a legjobb \u00e9s legbiztons\u00e1gosabb v\u00e1laszt\u00e1s!<\/strong><\/p>\n\n\n\n<figure class=\"wp-block-image size-large\"><img loading=\"lazy\" decoding=\"async\" width=\"1024\" height=\"724\" src=\"https:\/\/www.ablakkarter.hu\/wp-content\/uploads\/2022\/05\/h9-1024x724.jpg\" alt=\"\" class=\"wp-image-1546\" srcset=\"https:\/\/www.ablakkarter.hu\/wp-content\/uploads\/2022\/05\/h9-1024x724.jpg 1024w, https:\/\/www.ablakkarter.hu\/wp-content\/uploads\/2022\/05\/h9-600x424.jpg 600w, https:\/\/www.ablakkarter.hu\/wp-content\/uploads\/2022\/05\/h9-300x212.jpg 300w, https:\/\/www.ablakkarter.hu\/wp-content\/uploads\/2022\/05\/h9-768x543.jpg 768w, https:\/\/www.ablakkarter.hu\/wp-content\/uploads\/2022\/05\/h9.jpg 1191w\" sizes=\"auto, (max-width: 1024px) 100vw, 1024px\" \/><figcaption>Wesel ajt\u00f3panel<\/figcaption><\/figure>\n\n\n\n<figure class=\"wp-block-image size-large\"><img loading=\"lazy\" decoding=\"async\" width=\"1024\" height=\"724\" src=\"https:\/\/www.ablakkarter.hu\/wp-content\/uploads\/2022\/05\/h10-1024x724.jpg\" alt=\"\" class=\"wp-image-1547\" srcset=\"https:\/\/www.ablakkarter.hu\/wp-content\/uploads\/2022\/05\/h10-1024x724.jpg 1024w, https:\/\/www.ablakkarter.hu\/wp-content\/uploads\/2022\/05\/h10-600x424.jpg 600w, https:\/\/www.ablakkarter.hu\/wp-content\/uploads\/2022\/05\/h10-300x212.jpg 300w, https:\/\/www.ablakkarter.hu\/wp-content\/uploads\/2022\/05\/h10-768x543.jpg 768w, https:\/\/www.ablakkarter.hu\/wp-content\/uploads\/2022\/05\/h10.jpg 1191w\" sizes=\"auto, (max-width: 1024px) 100vw, 1024px\" \/><figcaption>Bendorf ajt\u00f3panel ; Bayern ajt\u00f3panel<\/figcaption><\/figure>\n\n\n\n<p class=\"has-text-align-center\">A HPL bej\u00e1rati ajt\u00f3panelek \u00f3ri\u00e1si sz\u00ednv\u00e1laszt\u00e9kban rendelhet\u0151k!<br>A HPL ajt\u00f3panelek alkalmaz\u00e1sa er\u0151sen aj\u00e1nlott sz\u00ednes m\u0171anyag bej\u00e1rati ajt\u00f3khoz \u00e9s er\u0151s napf\u00e9nynek kitett helyeken val\u00f3 ajt\u00f3k be\u00e9p\u00edt\u00e9se eset\u00e9n!<br><br>HPL bej\u00e1rati ajt\u00f3panel anyagvastags\u00e1ga:<br>\u2022 Standard vastags\u00e1g: 24mm, 36mm, 44mm<br>A bej\u00e1rati ajt\u00f3 panelvastags\u00e1ga f\u00fcgg a kiv\u00e1lasztott bej\u00e1rati ajt\u00f3profil t\u00edpus\u00e1t\u00f3l.<br><br>Min\u00e9l sz\u00e9lesebb az ajt\u00f3profil be\u00e9p\u00edt\u00e9si m\u00e9lys\u00e9ge, ann\u00e1l vastagabb \u00e9s jobb szigetel\u00e9si \u00e9rt\u00e9kkel rendelkez\u0151 ajt\u00f3panel alkalmazhat\u00f3!<br><br>HPL ajt\u00f3panel h\u0151\u00e1tbocs\u00e1t\u00e1si t\u00e9nyez\u0151k:<br>\u2022 24 mm vastag: XPS 24 u= 1,04 W\/m2K<br>\u2022 36 mm vastag: XPS 36 u= 0,85 W\/m2K<br>\u2022 44 mm vastag: XPS 44 u= 0,71 W\/m2K<br><br>A HPL bej\u00e1rati ajt\u00f3panel \u00e1ra f\u00fcgg az ajt\u00f3 t\u00edpus\u00e1t\u00f3l, a kiv\u00e1lasztott \u00fcvegez\u00e9st\u0151l az ajt\u00f3bet\u00e9t sz\u00edn\u00e9t\u0151l \u00e9s a panel vastags\u00e1g\u00e1t\u00f3l!<\/p>\n\n\n\n<p><strong>Egyedi \u00e1raj\u00e1nlatra van sz\u00fcks\u00e9ge?<\/strong><br>Vegye fel a kapcsolatot a Karter Ablak Kft. \u00dcgyf\u00e9lszolg\u00e1lat\u00e1val!<br><a href=\"https:\/\/www.ablakkarter.hu\/ajanlatkeres\/\" data-type=\"URL\" data-id=\"https:\/\/www.ablakkarter.hu\/ajanlatkeres\/\" target=\"_blank\" rel=\"noreferrer noopener\">\u00c1raj\u00e1nlatk\u00e9r\u00e9s<\/a> \u00e9s megrendel\u00e9s: karterablak@gmail.com<br>Viszontelad\u00f3 regisztr\u00e1ci\u00f3: karterablak@t-online.hu<br><strong><br>Karter Ablak Kft. &#8211; Bemutat\u00f3termek:<\/strong><br>6500 Baja, D\u00e9ri Frigyes s\u00e9t\u00e1ny 11.<br>6500 Baja, Szegedi \u00fat 61.<br>6200 Kisk\u0151r\u00f6s, Pet\u0151fi S\u00e1ndor \u00fat 24.<br>6300 Kalocsa, Szent Istv\u00e1n kir\u00e1ly \u00fat 80.<br><br><strong>Mobil:<\/strong><br>+36 70\/616-50-96<br>+36 70\/616-50-93<br>+36 70\/413-12-96<br>+36 70\/385-33-06<br>Telefon:+36 79\/320-165<\/p>\n\n\n\n<figure class=\"wp-block-image size-full\"><img loading=\"lazy\" decoding=\"async\" width=\"1000\" height=\"713\" src=\"https:\/\/www.ablakkarter.hu\/wp-content\/uploads\/2022\/05\/h12.jpg\" alt=\"\" class=\"wp-image-1548\" srcset=\"https:\/\/www.ablakkarter.hu\/wp-content\/uploads\/2022\/05\/h12.jpg 1000w, https:\/\/www.ablakkarter.hu\/wp-content\/uploads\/2022\/05\/h12-600x428.jpg 600w, https:\/\/www.ablakkarter.hu\/wp-content\/uploads\/2022\/05\/h12-300x214.jpg 300w, https:\/\/www.ablakkarter.hu\/wp-content\/uploads\/2022\/05\/h12-768x548.jpg 768w\" sizes=\"auto, (max-width: 1000px) 100vw, 1000px\" \/><\/figure>\n","protected":false},"excerpt":{"rendered":"<p>HPL bej\u00e1rati ajt\u00f3 d\u00edszpanelek \u00e9s ajt\u00f3bet\u00e9tek Pr\u00e9mium min\u0151s\u00e9g\u0171 INOX r\u00e1t\u00e9tes HPL bej\u00e1rati ajt\u00f3k \u00e9s ajt\u00f3panelek HPL AJT\u00d3PANEL \u2013 High Pressure Laminated Nagy er\u0151 \u00e9s term\u00e9szeti hat\u00e1soknak ellen\u00e1ll\u00f3 bej\u00e1rati ajt\u00f3panel. A HPL ajt\u00f3lap sokkal er\u0151sebb merevebb \u00e9s tart\u00f3sabb, mint a PVC ajt\u00f3panel! Sz\u00ednes m\u0171anyag bej\u00e1rati ajt\u00f3 v\u00e1s\u00e1rl\u00e1s eset\u00e9n a HPL ajt\u00f3panel a legjobb \u00e9s legbiztons\u00e1gosabb v\u00e1laszt\u00e1s! &hellip; <\/p>\n<p class=\"link-more\"><a href=\"https:\/\/www.ablakkarter.hu\/?page_id=1532\" class=\"more-link\">Continue reading<span class=\"screen-reader-text\"> &#8222;HPL bej\u00e1rati ajt\u00f3 d\u00edszpanelek \u00e9s ajt\u00f3bet\u00e9tek&#8221;<\/span><\/a><\/p>\n","protected":false},"author":2,"featured_media":0,"parent":0,"menu_order":0,"comment_status":"closed","ping_status":"closed","template":"","meta":{"footnotes":""},"class_list":["post-1532","page","type-page","status-publish","hentry"],"_links":{"self":[{"href":"https:\/\/www.ablakkarter.hu\/index.php?rest_route=\/wp\/v2\/pages\/1532","targetHints":{"allow":["GET"]}}],"collection":[{"href":"https:\/\/www.ablakkarter.hu\/index.php?rest_route=\/wp\/v2\/pages"}],"about":[{"href":"https:\/\/www.ablakkarter.hu\/index.php?rest_route=\/wp\/v2\/types\/page"}],"author":[{"embeddable":true,"href":"https:\/\/www.ablakkarter.hu\/index.php?rest_route=\/wp\/v2\/users\/2"}],"replies":[{"embeddable":true,"href":"https:\/\/www.ablakkarter.hu\/index.php?rest_route=%2Fwp%2Fv2%2Fcomments&post=1532"}],"version-history":[{"count":11,"href":"https:\/\/www.ablakkarter.hu\/index.php?rest_route=\/wp\/v2\/pages\/1532\/revisions"}],"predecessor-version":[{"id":1586,"href":"https:\/\/www.ablakkarter.hu\/index.php?rest_route=\/wp\/v2\/pages\/1532\/revisions\/1586"}],"wp:attachment":[{"href":"https:\/\/www.ablakkarter.hu\/index.php?rest_route=%2Fwp%2Fv2%2Fmedia&parent=1532"}],"curies":[{"name":"wp","href":"https:\/\/api.w.org\/{rel}","templated":true}]}}