{"id":1153,"date":"2021-12-08T15:46:37","date_gmt":"2021-12-08T15:46:37","guid":{"rendered":"https:\/\/www.ablakkarter.hu\/?page_id=1153"},"modified":"2026-03-19T15:40:54","modified_gmt":"2026-03-19T15:40:54","slug":"mdf-belteri-ajto","status":"publish","type":"page","link":"https:\/\/www.ablakkarter.hu\/?page_id=1153","title":{"rendered":"Festett MDF Belt\u00e9ri ajt\u00f3"},"content":{"rendered":"\n<h1 class=\"wp-block-heading has-large-font-size\"><strong>Festett MDF Belt\u00e9ri ajt\u00f3k<\/strong><\/h1>\n\n\n\n<hr class=\"wp-block-separator has-css-opacity\"\/>\n\n\n\n<h2 class=\"wp-block-heading has-large-font-size\">A festett MDF fel\u00fcletr\u0151l<\/h2>\n\n\n\n<p class=\"has-medium-font-size\">A hagyom\u00e1nyos, festett ny\u00edl\u00e1sz\u00e1r\u00f3k kedvel\u0151inek gyakran okoz bossz\u00fas\u00e1got a val\u00f3di f\u00e1b\u00f3l k\u00e9sz\u00edtett, \u00e9s fed\u0151fest\u00e9kkel fel\u00fcletkezet ajt\u00f3. A fa term\u00e9szetes form\u00e1j\u00e1ban nagyon \u00e9rz\u00e9keny a p\u00e1ratartalom v\u00e1ltoz\u00e1s\u00e1ra, \u00edgy m\u00e9g a megfelel\u0151en kisz\u00e1r\u00edtott f\u00e1b\u00f3l k\u00e9sz\u00edtett term\u00e9kek is gyakran vetemednek a beszerel\u00e9st k\u00f6vet\u0151en.<\/p>\n\n\n\n<p class=\"has-medium-font-size\">A festett MDF ajt\u00f3k hat\u00e9kony, \u00e9s kedvez\u0151 \u00e1r\u00fa megold\u00e1st jelentenek. Az MDF kiv\u00e1l\u00f3an megmunk\u00e1lhat\u00f3, alaktart\u00f3 anyag. Az ajt\u00f3 plasztikus mint\u00e1zat\u00e1t CNC mar\u00e1ssal alak\u00edtjuk ki, a v\u00e9gleges fel\u00fcletet min\u0151s\u00e9gi fed\u0151fest\u00e9k alkalmaz\u00e1s\u00e1val alak\u00edtjuk ki.<\/p>\n\n\n\n<p class=\"has-medium-font-size\"><strong>A festett MDF ajt\u00f3k el\u0151nyei:<\/strong><\/p>\n\n\n\n<p class=\"has-medium-font-size\"><img decoding=\"async\" src=\"http:\/\/borovi.eu\/media\/wysiwyg\/yes_small.jpg\" alt=\"\">A RAL sk\u00e1la b\u00e1rmely sz\u00edn\u00e9ben rendelhet\u0151 (fel\u00e1r ellen\u00e9ben ak\u00e1r magasf\u00e9ny\u0171 kivitelben is)<br><img decoding=\"async\" src=\"http:\/\/borovi.eu\/media\/wysiwyg\/yes_small.jpg\" alt=\"\">K\u00f6lts\u00e9ghat\u00e9kony megold\u00e1s a festett fa ny\u00edl\u00e1sz\u00e1r\u00f3khoz k\u00e9pest<br><img decoding=\"async\" src=\"http:\/\/borovi.eu\/media\/wysiwyg\/yes_small.jpg\" alt=\"\">Mint\u00e1zata ak\u00e1r egyedi elk\u00e9pzel\u00e9s alapj\u00e1n is kivitelezhet\u0151<br><img decoding=\"async\" src=\"http:\/\/borovi.eu\/media\/wysiwyg\/yes_small.jpg\" alt=\"\">MDF belt\u00e9ri ajt\u00f3 nem vetemedik \u00e9s nem sz\u00e1rad \u00f6ssze<br><\/p>\n\n\n\n<p class=\"has-medium-font-size\"><strong>A festett MDF ajt\u00f3k a RAL sk\u00e1la sz\u00edneiben rendelhet\u0151k<\/strong><\/p>\n\n\n\n<div class=\"wp-block-buttons is-content-justification-center is-layout-flex wp-container-core-buttons-is-layout-16018d1d wp-block-buttons-is-layout-flex\">\n<div class=\"wp-block-button has-custom-width wp-block-button__width-100 has-custom-font-size has-large-font-size\"><a class=\"wp-block-button__link has-vivid-cyan-blue-background-color has-background wp-element-button\" href=\"http:\/\/ajtotervezo.borovi.eu\" target=\"_blank\" rel=\"noreferrer noopener\">Egyedi m\u00e9ret\u0171 <mark style=\"background-color:rgba(0, 0, 0, 0)\" class=\"has-inline-color has-black-color\">MDF festett ajt\u00f3tervez\u0151<\/mark><\/a><\/div>\n<\/div>\n\n\n\n<p class=\"has-medium-font-size\"><strong>\u00d3ri\u00e1si belt\u00e9ri ajt\u00f3 v\u00e1laszt\u00e9kkal v\u00e1rjuk v\u00e1s\u00e1rl\u00f3inkat!<\/strong><br>A<strong><strong> sz\u00ednek, form\u00e1k, \u00fcvegez\u00e9sek, kilincsek kiv\u00e1laszt\u00e1s\u00e1hoz keresse fel az \u00d6nh\u00f6z legk\u00f6zelebb tal\u00e1lhat\u00f3 ny\u00edl\u00e1sz\u00e1r\u00f3 bemutat\u00f3term\u00fcnket, ahol koll\u00e9g\u00e1ink seg\u00edtenek a belt\u00e9ri ajt\u00f3k kiv\u00e1laszt\u00e1s\u00e1ban!<\/strong><\/strong><\/p>\n\n\n\n<p><\/p>\n\n\n\n<p class=\"has-text-align-center\"><strong>Belt\u00e9ri ajt\u00f3 Baja &#8211; Belt\u00e9ri ajt\u00f3 Kalocsa &#8211; Belt\u00e9ri ajt\u00f3 Kisk\u0151r\u00f6s<\/strong><\/p>\n","protected":false},"excerpt":{"rendered":"<p>Festett MDF Belt\u00e9ri ajt\u00f3k A festett MDF fel\u00fcletr\u0151l A hagyom\u00e1nyos, festett ny\u00edl\u00e1sz\u00e1r\u00f3k kedvel\u0151inek gyakran okoz bossz\u00fas\u00e1got a val\u00f3di f\u00e1b\u00f3l k\u00e9sz\u00edtett, \u00e9s fed\u0151fest\u00e9kkel fel\u00fcletkezet ajt\u00f3. A fa term\u00e9szetes form\u00e1j\u00e1ban nagyon \u00e9rz\u00e9keny a p\u00e1ratartalom v\u00e1ltoz\u00e1s\u00e1ra, \u00edgy m\u00e9g a megfelel\u0151en kisz\u00e1r\u00edtott f\u00e1b\u00f3l k\u00e9sz\u00edtett term\u00e9kek is gyakran vetemednek a beszerel\u00e9st k\u00f6vet\u0151en. A festett MDF ajt\u00f3k hat\u00e9kony, \u00e9s kedvez\u0151 \u00e1r\u00fa &hellip; <\/p>\n<p class=\"link-more\"><a href=\"https:\/\/www.ablakkarter.hu\/?page_id=1153\" class=\"more-link\">Continue reading<span class=\"screen-reader-text\"> &#8222;Festett MDF Belt\u00e9ri ajt\u00f3&#8221;<\/span><\/a><\/p>\n","protected":false},"author":2,"featured_media":0,"parent":0,"menu_order":0,"comment_status":"closed","ping_status":"closed","template":"","meta":{"footnotes":""},"class_list":["post-1153","page","type-page","status-publish","hentry"],"_links":{"self":[{"href":"https:\/\/www.ablakkarter.hu\/index.php?rest_route=\/wp\/v2\/pages\/1153","targetHints":{"allow":["GET"]}}],"collection":[{"href":"https:\/\/www.ablakkarter.hu\/index.php?rest_route=\/wp\/v2\/pages"}],"about":[{"href":"https:\/\/www.ablakkarter.hu\/index.php?rest_route=\/wp\/v2\/types\/page"}],"author":[{"embeddable":true,"href":"https:\/\/www.ablakkarter.hu\/index.php?rest_route=\/wp\/v2\/users\/2"}],"replies":[{"embeddable":true,"href":"https:\/\/www.ablakkarter.hu\/index.php?rest_route=%2Fwp%2Fv2%2Fcomments&post=1153"}],"version-history":[{"count":13,"href":"https:\/\/www.ablakkarter.hu\/index.php?rest_route=\/wp\/v2\/pages\/1153\/revisions"}],"predecessor-version":[{"id":1698,"href":"https:\/\/www.ablakkarter.hu\/index.php?rest_route=\/wp\/v2\/pages\/1153\/revisions\/1698"}],"wp:attachment":[{"href":"https:\/\/www.ablakkarter.hu\/index.php?rest_route=%2Fwp%2Fv2%2Fmedia&parent=1153"}],"curies":[{"name":"wp","href":"https:\/\/api.w.org\/{rel}","templated":true}]}}