{"id":104,"date":"2012-07-25T04:05:04","date_gmt":"2012-07-25T04:05:04","guid":{"rendered":"https:\/\/www.ablakkarter.hu\/ajto\/"},"modified":"2026-03-19T14:06:02","modified_gmt":"2026-03-19T14:06:02","slug":"ajto","status":"publish","type":"page","link":"https:\/\/www.ablakkarter.hu\/?page_id=104","title":{"rendered":"Ajt\u00f3"},"content":{"rendered":"\n<hr class=\"wp-block-separator has-css-opacity\"\/>\n\n\n\n<div class=\"wp-block-media-text alignwide is-stacked-on-mobile\" style=\"grid-template-columns:32% auto\"><figure class=\"wp-block-media-text__media\"><a href=\"https:\/\/www.ablakkarter.hu\/muanyag-bejarati-ajtok\/\"><img loading=\"lazy\" decoding=\"async\" width=\"400\" height=\"400\" src=\"https:\/\/www.ablakkarter.hu\/wp-content\/uploads\/2022\/03\/muanyag_bejarati_ajto.jpg\" alt=\"\" class=\"wp-image-1375 size-full\" srcset=\"https:\/\/www.ablakkarter.hu\/wp-content\/uploads\/2022\/03\/muanyag_bejarati_ajto.jpg 400w, https:\/\/www.ablakkarter.hu\/wp-content\/uploads\/2022\/03\/muanyag_bejarati_ajto-300x300.jpg 300w, https:\/\/www.ablakkarter.hu\/wp-content\/uploads\/2022\/03\/muanyag_bejarati_ajto-100x100.jpg 100w, https:\/\/www.ablakkarter.hu\/wp-content\/uploads\/2022\/03\/muanyag_bejarati_ajto-150x150.jpg 150w\" sizes=\"auto, (max-width: 400px) 100vw, 400px\" \/><\/a><\/figure><div class=\"wp-block-media-text__content\">\n<p class=\"has-large-font-size\"><a href=\"https:\/\/www.ablakkarter.hu\/?page_id=71\" data-type=\"page\" data-id=\"71\">M\u0171anyag bej\u00e1rati ajt\u00f3<\/a><\/p>\n<\/div><\/div>\n\n\n\n<hr class=\"wp-block-separator has-css-opacity\"\/>\n\n\n\n<div class=\"wp-block-media-text alignwide is-stacked-on-mobile\" style=\"grid-template-columns:32% auto\"><figure class=\"wp-block-media-text__media\"><a href=\"https:\/\/www.ablakkarter.hu\/belteri-ajto\/\"><img loading=\"lazy\" decoding=\"async\" width=\"400\" height=\"400\" src=\"https:\/\/www.ablakkarter.hu\/wp-content\/uploads\/2022\/03\/belteri_ajto.jpg\" alt=\"\" class=\"wp-image-1377 size-full\" srcset=\"https:\/\/www.ablakkarter.hu\/wp-content\/uploads\/2022\/03\/belteri_ajto.jpg 400w, https:\/\/www.ablakkarter.hu\/wp-content\/uploads\/2022\/03\/belteri_ajto-300x300.jpg 300w, https:\/\/www.ablakkarter.hu\/wp-content\/uploads\/2022\/03\/belteri_ajto-100x100.jpg 100w, https:\/\/www.ablakkarter.hu\/wp-content\/uploads\/2022\/03\/belteri_ajto-150x150.jpg 150w\" sizes=\"auto, (max-width: 400px) 100vw, 400px\" \/><\/a><\/figure><div class=\"wp-block-media-text__content\">\n<p class=\"has-large-font-size\"><a href=\"https:\/\/www.ablakkarter.hu\/?page_id=240\" data-type=\"page\" data-id=\"240\">Belt\u00e9ri ajt\u00f3<\/a><\/p>\n<\/div><\/div>\n\n\n\n<hr class=\"wp-block-separator has-css-opacity\"\/>\n\n\n\n<div class=\"wp-block-media-text alignwide is-stacked-on-mobile\" style=\"grid-template-columns:32% auto\"><figure class=\"wp-block-media-text__media\"><a href=\"https:\/\/www.ablakkarter.hu\/fa-bejarati-ajto\/\"><img loading=\"lazy\" decoding=\"async\" width=\"400\" height=\"400\" src=\"https:\/\/www.ablakkarter.hu\/wp-content\/uploads\/2022\/03\/fa_bejarati_ajto.jpg\" alt=\"\" class=\"wp-image-1379 size-full\" srcset=\"https:\/\/www.ablakkarter.hu\/wp-content\/uploads\/2022\/03\/fa_bejarati_ajto.jpg 400w, https:\/\/www.ablakkarter.hu\/wp-content\/uploads\/2022\/03\/fa_bejarati_ajto-300x300.jpg 300w, https:\/\/www.ablakkarter.hu\/wp-content\/uploads\/2022\/03\/fa_bejarati_ajto-100x100.jpg 100w, https:\/\/www.ablakkarter.hu\/wp-content\/uploads\/2022\/03\/fa_bejarati_ajto-150x150.jpg 150w\" sizes=\"auto, (max-width: 400px) 100vw, 400px\" \/><\/a><\/figure><div class=\"wp-block-media-text__content\">\n<p class=\"has-large-font-size\"><a href=\"https:\/\/www.ablakkarter.hu\/?page_id=504\" data-type=\"page\" data-id=\"504\">Fa bej\u00e1rati ajt\u00f3<\/a><\/p>\n<\/div><\/div>\n\n\n\n<hr class=\"wp-block-separator has-css-opacity\"\/>\n\n\n\n<div class=\"wp-block-media-text alignwide is-stacked-on-mobile\" style=\"grid-template-columns:32% auto\"><figure class=\"wp-block-media-text__media\"><a href=\"https:\/\/www.ablakkarter.hu\/biztonsagi-ajto\/\"><img loading=\"lazy\" decoding=\"async\" width=\"400\" height=\"400\" src=\"https:\/\/www.ablakkarter.hu\/wp-content\/uploads\/2022\/03\/biztonsagi_ajto.jpg\" alt=\"\" class=\"wp-image-1383 size-full\" srcset=\"https:\/\/www.ablakkarter.hu\/wp-content\/uploads\/2022\/03\/biztonsagi_ajto.jpg 400w, https:\/\/www.ablakkarter.hu\/wp-content\/uploads\/2022\/03\/biztonsagi_ajto-300x300.jpg 300w, https:\/\/www.ablakkarter.hu\/wp-content\/uploads\/2022\/03\/biztonsagi_ajto-100x100.jpg 100w, https:\/\/www.ablakkarter.hu\/wp-content\/uploads\/2022\/03\/biztonsagi_ajto-150x150.jpg 150w\" sizes=\"auto, (max-width: 400px) 100vw, 400px\" \/><\/a><\/figure><div class=\"wp-block-media-text__content\">\n<p class=\"has-large-font-size\"><a href=\"https:\/\/www.ablakkarter.hu\/?page_id=86\" data-type=\"page\" data-id=\"86\">Biztons\u00e1gi ajt\u00f3<\/a><\/p>\n<\/div><\/div>\n\n\n\n<hr class=\"wp-block-separator has-css-opacity\"\/>\n\n\n\n<div class=\"wp-block-media-text alignwide is-stacked-on-mobile\" style=\"grid-template-columns:32% auto\"><figure class=\"wp-block-media-text__media\"><a href=\"https:\/\/www.ablakkarter.hu\/technikai-ajtok\/\"><img loading=\"lazy\" decoding=\"async\" width=\"400\" height=\"400\" src=\"https:\/\/www.ablakkarter.hu\/wp-content\/uploads\/2022\/03\/technikai_ajto.jpg\" alt=\"\" class=\"wp-image-1385 size-full\" srcset=\"https:\/\/www.ablakkarter.hu\/wp-content\/uploads\/2022\/03\/technikai_ajto.jpg 400w, https:\/\/www.ablakkarter.hu\/wp-content\/uploads\/2022\/03\/technikai_ajto-300x300.jpg 300w, https:\/\/www.ablakkarter.hu\/wp-content\/uploads\/2022\/03\/technikai_ajto-100x100.jpg 100w, https:\/\/www.ablakkarter.hu\/wp-content\/uploads\/2022\/03\/technikai_ajto-150x150.jpg 150w\" sizes=\"auto, (max-width: 400px) 100vw, 400px\" \/><\/a><\/figure><div class=\"wp-block-media-text__content\">\n<p class=\"has-large-font-size\"><a href=\"https:\/\/www.ablakkarter.hu\/?page_id=545\" data-type=\"link\" data-id=\"https:\/\/www.ablakkarter.hu\/?page_id=545\">Technikai ajt\u00f3<\/a><\/p>\n<\/div><\/div>\n","protected":false},"excerpt":{"rendered":"<table border=\"1\" cellpadding=\"1\" cellspacing=\"1\" style=\"width: 740px;\">\n<tbody>\n<tr>\n<td style=\"text-align: center; background-color: rgb(204, 0, 0);\"><span style=\"font-size:18px;\"><a href=\"\/muanyag-bejarati-ajtok\"><span style=\"color: rgb(255, 240, 245);\"><span style=\"font-family: verdana,geneva,sans-serif;\">M\u0171anyag bej\u00e1rati ajt\u00f3<\/span><\/span><\/a><\/span><\/td>\n<td style=\"text-align: center; background-color: rgb(204, 0, 0);\"><span style=\"font-size:18px;\"><a href=\"\/fa-belteri-ajto\"><span style=\"color: rgb(255, 240, 245);\"><span style=\"font-family: verdana,geneva,sans-serif;\">Bel<\/span><\/span><\/a><a href=\"\/fa-belteri-ajto\"><span style=\"color: rgb(255, 240, 245);\"><span style=\"font-family: verdana,geneva,sans-serif;\">t\u00e9ri ajt\u00f3<\/span><\/span><\/a><\/span><\/td>\n<td style=\"text-align: center; background-color: rgb(204, 0, 0);\"><span style=\"font-size:18px;\"><a href=\"\/fa-bejarati-ajto\"><span style=\"color: rgb(255, 240, 245);\"><span style=\"font-family: verdana,geneva,sans-serif;\">Fa bej\u00e1rati ajt\u00f3<\/span><\/span><\/a><\/span><\/td>\n<td style=\"text-align: center; background-color: rgb(204, 0, 0);\"><span style=\"font-size:18px;\"><a href=\"\/biztonsagi-ajto\"><span style=\"color: rgb(255, 240, 245);\"><span style=\"font-family: verdana,geneva,sans-serif;\">Biztons\u00e1gi<\/span><\/span><\/a><a href=\"\/biztonsagi-ajto\"><span style=\"color: rgb(255, 240, 245);\"><span style=\"font-family: verdana,geneva,sans-serif;\"> ajt\u00f3<\/span><\/span><\/a><\/span><\/td>\n<td style=\"text-align: center; background-color: rgb(204, 0, 0);\"><span style=\"font-size:18px;\"><a href=\"\/technikai-ajtok\"><span style=\"color: rgb(255, 240, 245);\"><span style=\"font-family: verdana,geneva,sans-serif;\">Technikai ajt\u00f3<\/span><\/span><\/a><a href=\"\/technikai-ajtok\"><span style=\"color: rgb(255, 240, 245);\"><span style=\"font-family: verdana,geneva,sans-serif;\">k<\/span><\/span><\/a><\/span><\/td>\n<\/tr>\n<tr>\n<td style=\"text-align: center;\"><a href=\"\/muanyag-bejarati-ajtok\"><img loading=\"lazy\" decoding=\"async\" class=\" size-full wp-image-101\" alt=\"\" src=\"https:\/\/www.ablakkarter.hu\/wp-content\/uploads\/2012\/07\/gealan_bejarati_ajto.jpg\" style=\"width: 165px; height: 182px;\" width=\"173\" height=\"191\" \/><\/a><\/td>\n<td style=\"text-align: center;\"><a href=\"\/fa-belteri-ajto\"><img loading=\"lazy\" decoding=\"async\" class=\" size-full wp-image-102\" alt=\"\" src=\"https:\/\/www.ablakkarter.hu\/wp-content\/uploads\/2012\/07\/fa_ajto.jpg\" style=\"width: 151px; height: 182px;\" width=\"166\" height=\"200\" \/><\/a><\/td>\n<td style=\"text-align: center;\"><a href=\"\/fa-bejarati-ajto\"><img loading=\"lazy\" decoding=\"async\" class=\" size-full wp-image-103\" alt=\"\" src=\"https:\/\/www.ablakkarter.hu\/wp-content\/uploads\/2012\/07\/fa_bejarati_ajto.jpg\" style=\"width: 150px; height: 182px;\" width=\"165\" height=\"200\" \/><\/a><\/td>\n<td style=\"text-align: center;\"><a href=\"\/biztonsagi-ajto\"><img decoding=\"async\" alt=\"\" src=\"http:\/\/www.ablakkarter.hu\/sites\/default\/files\/biztonsagi_ajto_k.jpg\" style=\"width: 137px; height: 182px;\" \/><\/a><\/td>\n<td style=\"text-align: center;\"><a href=\"\/technikai-ajtok\"><img decoding=\"async\" alt=\"\" src=\"http:\/\/www.ablakkarter.hu\/sites\/default\/files\/tuzgatlo_ajto.jpg\" style=\"width: 106px; height: 182px;\" title=\"technikai ajt\u00f3k\" \/><\/a><\/td>\n<\/tr>\n<\/tbody>\n<\/table>\n<p>&nbsp;<\/p>\n","protected":false},"author":1,"featured_media":16694,"parent":0,"menu_order":0,"comment_status":"closed","ping_status":"closed","template":"","meta":{"footnotes":""},"class_list":["post-104","page","type-page","status-publish","has-post-thumbnail","hentry"],"_links":{"self":[{"href":"https:\/\/www.ablakkarter.hu\/index.php?rest_route=\/wp\/v2\/pages\/104","targetHints":{"allow":["GET"]}}],"collection":[{"href":"https:\/\/www.ablakkarter.hu\/index.php?rest_route=\/wp\/v2\/pages"}],"about":[{"href":"https:\/\/www.ablakkarter.hu\/index.php?rest_route=\/wp\/v2\/types\/page"}],"author":[{"embeddable":true,"href":"https:\/\/www.ablakkarter.hu\/index.php?rest_route=\/wp\/v2\/users\/1"}],"replies":[{"embeddable":true,"href":"https:\/\/www.ablakkarter.hu\/index.php?rest_route=%2Fwp%2Fv2%2Fcomments&post=104"}],"version-history":[{"count":12,"href":"https:\/\/www.ablakkarter.hu\/index.php?rest_route=\/wp\/v2\/pages\/104\/revisions"}],"predecessor-version":[{"id":16862,"href":"https:\/\/www.ablakkarter.hu\/index.php?rest_route=\/wp\/v2\/pages\/104\/revisions\/16862"}],"wp:featuredmedia":[{"embeddable":true,"href":"https:\/\/www.ablakkarter.hu\/index.php?rest_route=\/wp\/v2\/media\/16694"}],"wp:attachment":[{"href":"https:\/\/www.ablakkarter.hu\/index.php?rest_route=%2Fwp%2Fv2%2Fmedia&parent=104"}],"curies":[{"name":"wp","href":"https:\/\/api.w.org\/{rel}","templated":true}]}}