{"id":10,"date":"2012-05-24T20:58:34","date_gmt":"2012-05-24T20:58:34","guid":{"rendered":"https:\/\/www.ablakkarter.hu\/fa-nyillaszarok\/"},"modified":"2026-03-11T14:06:05","modified_gmt":"2026-03-11T14:06:05","slug":"fa-nyillaszarok","status":"publish","type":"page","link":"https:\/\/www.ablakkarter.hu\/?page_id=10","title":{"rendered":"Fa ny\u00edl\u00e1sz\u00e1r\u00f3k"},"content":{"rendered":"\n<p class=\"has-black-color has-text-color has-link-color has-medium-font-size wp-elements-8faee9a95b7ad004827194982cdc8ec6\"><span style=\"font-size:18px;\">A fa ablak renesz\u00e1nsz\u00e1t \u00e9li napjainkban. Haszn\u00e1lhatnak \u00faj anyagokat, a fa, mint nyersanyag mindig meg\u0151rzi \u00e9rt\u00e9keit.<\/span><\/p>\n\n\n\n<p class=\"has-black-color has-text-color has-link-color has-medium-font-size wp-elements-074581d6ade40c1c8da45eec5b460b30\"><span style=\"font-size:18px;\">Az \u00e1ltalunk forgalmazott ablakok a fa hagyom\u00e1nyos \u00e9rt\u00e9keit \u00f6tv\u00f6zik a modern id\u0151k elv\u00e1r\u00e1saival. Energiatakar\u00e9kos ablakok, amelyek nem csak eszt\u00e9tikusak, de az \u00d6n otthon\u00e1nak m\u00e9lt\u00f3 d\u00edszei is.<\/span><\/p>\n\n\n\n<p class=\"has-black-color has-text-color has-link-color has-medium-font-size wp-elements-8faee9a95b7ad004827194982cdc8ec6\"><span style=\"font-size:18px;\">A fa ablak renesz\u00e1nsz\u00e1t \u00e9li napjainkban. Haszn\u00e1lhatnak \u00faj anyagokat, a fa, mint nyersanyag mindig meg\u0151rzi \u00e9rt\u00e9keit.<\/span><\/p>\n\n\n\n<p class=\"has-black-color has-text-color has-link-color has-medium-font-size wp-elements-074581d6ade40c1c8da45eec5b460b30\"><span style=\"font-size:18px;\">Az \u00e1ltalunk forgalmazott ablakok a fa hagyom\u00e1nyos \u00e9rt\u00e9keit \u00f6tv\u00f6zik a modern id\u0151k elv\u00e1r\u00e1saival. Energiatakar\u00e9kos ablakok, amelyek nem csak eszt\u00e9tikusak, de az \u00d6n otthon\u00e1nak m\u00e9lt\u00f3 d\u00edszei is.<\/span><\/p>\n\n\n\n<p class=\"has-black-color has-text-color has-link-color has-medium-font-size wp-elements-0337654322b013be95280604d5661fd6\"><span style=\"font-size:18px;\"><strong>A fa ablakok biztons\u00e1got \u00e9s meleget sug\u00e1roznak \u00e9s hozz\u00e1j\u00e1rulnak otthona j\u00f3 k\u00f6z\u00e9rzet\u00e9hez.<\/strong> A m\u00e1r \u00e9vezredek alatt bizony\u00edtott \u00e9p\u00edt\u0151anyag a term\u00e9szetess\u00e9g \u00e9rzet\u00e9t biztos\u00edtja.<\/span><\/p>\n\n\n\n<div class=\"wp-block-columns is-layout-flex wp-container-core-columns-is-layout-9d6595d7 wp-block-columns-is-layout-flex\">\n<div class=\"wp-block-column is-layout-flow wp-block-column-is-layout-flow\"><\/div>\n\n\n\n<div class=\"wp-block-column is-layout-flow wp-block-column-is-layout-flow\"><\/div>\n\n\n\n<div class=\"wp-block-column is-layout-flow wp-block-column-is-layout-flow\"><\/div>\n<\/div>\n\n\n\n<div class=\"wp-block-columns is-layout-flex wp-container-core-columns-is-layout-9d6595d7 wp-block-columns-is-layout-flex\">\n<div class=\"wp-block-column is-layout-flow wp-block-column-is-layout-flow\">\n<figure class=\"wp-block-image size-large\"><img loading=\"lazy\" decoding=\"async\" width=\"740\" height=\"1024\" src=\"http:\/\/www.ablakkarter.hu\/wp-content\/uploads\/2012\/05\/FA90-740x1024.png\" alt=\"\" class=\"wp-image-9\" srcset=\"https:\/\/www.ablakkarter.hu\/wp-content\/uploads\/2012\/05\/FA90-740x1024.png 740w, https:\/\/www.ablakkarter.hu\/wp-content\/uploads\/2012\/05\/FA90-217x300.png 217w, https:\/\/www.ablakkarter.hu\/wp-content\/uploads\/2012\/05\/FA90-768x1062.png 768w, https:\/\/www.ablakkarter.hu\/wp-content\/uploads\/2012\/05\/FA90.png 827w\" sizes=\"auto, (max-width: 740px) 100vw, 740px\" \/><\/figure>\n<\/div>\n\n\n\n<div class=\"wp-block-column is-layout-flow wp-block-column-is-layout-flow\">\n<figure class=\"wp-block-image size-large\"><img loading=\"lazy\" decoding=\"async\" width=\"762\" height=\"1024\" src=\"http:\/\/www.ablakkarter.hu\/wp-content\/uploads\/2012\/05\/FA78-762x1024.png\" alt=\"\" class=\"wp-image-8\" srcset=\"https:\/\/www.ablakkarter.hu\/wp-content\/uploads\/2012\/05\/FA78-762x1024.png 762w, https:\/\/www.ablakkarter.hu\/wp-content\/uploads\/2012\/05\/FA78-223x300.png 223w, https:\/\/www.ablakkarter.hu\/wp-content\/uploads\/2012\/05\/FA78-768x1032.png 768w, https:\/\/www.ablakkarter.hu\/wp-content\/uploads\/2012\/05\/FA78.png 893w\" sizes=\"auto, (max-width: 762px) 100vw, 762px\" \/><\/figure>\n<\/div>\n\n\n\n<div class=\"wp-block-column is-layout-flow wp-block-column-is-layout-flow\">\n<figure class=\"wp-block-image size-large\"><img loading=\"lazy\" decoding=\"async\" width=\"748\" height=\"1024\" src=\"http:\/\/www.ablakkarter.hu\/wp-content\/uploads\/2012\/05\/FA68-748x1024.png\" alt=\"\" class=\"wp-image-7\" srcset=\"https:\/\/www.ablakkarter.hu\/wp-content\/uploads\/2012\/05\/FA68-748x1024.png 748w, https:\/\/www.ablakkarter.hu\/wp-content\/uploads\/2012\/05\/FA68-219x300.png 219w, https:\/\/www.ablakkarter.hu\/wp-content\/uploads\/2012\/05\/FA68-768x1052.png 768w, https:\/\/www.ablakkarter.hu\/wp-content\/uploads\/2012\/05\/FA68.png 834w\" sizes=\"auto, (max-width: 748px) 100vw, 748px\" \/><\/figure>\n<\/div>\n<\/div>\n","protected":false},"excerpt":{"rendered":"<p><span style=\"font-size:18px;\">A fa ablak renesz\u00e1nsz\u00e1t \u00e9li napjainkban. Haszn\u00e1lhatnak \u00faj anyagokat, a fa, mint nyersanyag mindig meg\u0151rzi \u00e9rt\u00e9keit.<\/span><\/p>\n<p><span style=\"font-size:18px;\">Az \u00e1ltalunk forgalmazott ablakok a fa hagyom\u00e1nyos \u00e9rt\u00e9keit \u00f6tv\u00f6zik a modern id\u0151k elv\u00e1r\u00e1saival. Energiatakar\u00e9kos ablakok, amelyek nem csak eszt\u00e9tikusak, de az \u00d6n otthon\u00e1nak m\u00e9lt\u00f3 d\u00edszei is.<\/span><\/p>\n","protected":false},"author":1,"featured_media":0,"parent":0,"menu_order":0,"comment_status":"closed","ping_status":"open","template":"","meta":{"footnotes":""},"class_list":["post-10","page","type-page","status-publish","hentry"],"_links":{"self":[{"href":"https:\/\/www.ablakkarter.hu\/index.php?rest_route=\/wp\/v2\/pages\/10","targetHints":{"allow":["GET"]}}],"collection":[{"href":"https:\/\/www.ablakkarter.hu\/index.php?rest_route=\/wp\/v2\/pages"}],"about":[{"href":"https:\/\/www.ablakkarter.hu\/index.php?rest_route=\/wp\/v2\/types\/page"}],"author":[{"embeddable":true,"href":"https:\/\/www.ablakkarter.hu\/index.php?rest_route=\/wp\/v2\/users\/1"}],"replies":[{"embeddable":true,"href":"https:\/\/www.ablakkarter.hu\/index.php?rest_route=%2Fwp%2Fv2%2Fcomments&post=10"}],"version-history":[{"count":4,"href":"https:\/\/www.ablakkarter.hu\/index.php?rest_route=\/wp\/v2\/pages\/10\/revisions"}],"predecessor-version":[{"id":16724,"href":"https:\/\/www.ablakkarter.hu\/index.php?rest_route=\/wp\/v2\/pages\/10\/revisions\/16724"}],"wp:attachment":[{"href":"https:\/\/www.ablakkarter.hu\/index.php?rest_route=%2Fwp%2Fv2%2Fmedia&parent=10"}],"curies":[{"name":"wp","href":"https:\/\/api.w.org\/{rel}","templated":true}]}}